000
CXUS56 KSTO 011300
CF6MYV
PRELIMINARY LOCAL CLIMATOLOGICAL DATA (WS FORM: F-6)
STATION: MARYSVILLE
MONTH: MAY
YEAR: 2023
LATITUDE: 39 6 N
LONGITUDE: 121-34 E
TEMPERATURE IN F: :PCPN: SNOW: WIND :SUNSHINE: SKY :PK WND
================================================================================
1 2 3 4 5 6A 6B 7 8 9 10 11 12 13 14 15 16 17 18
12Z AVG MX 2MIN
DY MAX MIN AVG DEP HDD CDD WTR SNW DPTH SPD SPD DIR MIN PSBL S-S WX SPD DR
================================================================================
1 64 51 58 -6 7 0 T M M 13.6 22 170 M M 7 26 150
2 64 44 54 -10 11 0 0.38 M M 8.2 25 140 M M 8 13 35 140
3 68 43 56 -8 9 0 0.00 M M 4.2 14 200 M M 5 1 18 210
4 59 52 56 -8 9 0 0.09 M M 5.5 13 110 M M 10 15 100
5 67 50 59 -6 6 0 0.09 M M 10.8 18 220 M M 8 24 180
6 63 51 57 -8 8 0 0.63 M M 9.2 24 200 M M 9 13 30 200
7 69 45 57 -8 8 0 0.00 M M 9.0 17 180 M M 2 23 170
8 70 49 60 -5 5 0 T M M 10.0 21 170 M M 5 25 190
9 74 47 61 -5 4 0 0.00 M M 3.7 12 160 M M 1 14 170
10 74 50 62 -4 3 0 0.00 M M 9.9 18 150 M M 0 27 140
11 80 47 64 -2 1 0 0.00 M M 3.8 12 160 M M 0 16 150
12 89 52 71 5 0 6 0.00 M M 2.8 8 310 M M 0 12 340
13 96 55 76 9 0 11 0.00 M M 4.1 14 330 M M 0 18 330
14 90 58 74 7 0 9 0.00 M M 8.4 16 180 M M 0 21 180
15 88 58 73 6 0 8 0.00 M M 5.9 14 160 M M 0 17 150
16 93 55 74 7 0 9 0.00 M M 3.5 9 310 M M 0 12 320
17 92 56 74 6 0 9 0.00 M M 4.0 9 160 M M 0 13 150
18 90 54 72 4 0 7 0.00 M M 4.6 10 180 M M 0 12 190
19 90 57 74 6 0 9 0.00 M M 6.0 14 150 M M 0 18 140
20 85 56 71 3 0 6 0.00 M M 8.2 15 150 M M 0 17 160
21 89 53 71 3 0 6 0.00 M M 4.7 9 160 M M 0 12 180
22 92 56 74 6 0 9 0.00 M M 4.6 13 150 M M 0 16 150
23 84 58 71 2 0 6 0.00 M M 11.0 22 140 M M 0 28 140
24 79 53 66 -3 0 1 T M M 9.4 21 140 M M 0 27 140
25 79 52 66 -3 0 1 0.00 M M 10.2 18 180 M M 1 23 130
26 80 54 67 -2 0 2 0.00 M M 10.1 16 170 M M 0 20 130
27 82 54 68 -2 0 3 0.00 M M 9.3 16 180 M M 1 20 160
28 81 56 69 -1 0 4 0.00 M M 7.3 15 190 M M 0 19 170
29 81 54 68 -2 0 3 T M M 11.1 22 170 M M 0 26 170
30 80 54 67 -3 0 2 0.00 M M 11.5 18 180 M M 1 23 170
31 82 54 68 -2 0 3 0.00 M M 8.5 15 150 M M 2 21 150
================================================================================
SM 2474 1628 71 114 1.19 M 233.1 M 60
================================================================================
AV 79.8 52.5 7.5 FASTST M M 2 MAX(MPH)
MISC ----> 25 140 35 140
================================================================================
NOTES:
# LAST OF SEVERAL OCCURRENCES
COLUMN 17 PEAK WIND IN M.P.H.
PRELIMINARY LOCAL CLIMATOLOGICAL DATA (WS FORM: F-6) , PAGE 2
STATION: MARYSVILLE
MONTH: MAY
YEAR: 2023
LATITUDE: 39 6 N
LONGITUDE: 121-34 E
[TEMPERATURE DATA] [PRECIPITATION DATA] SYMBOLS USED IN COLUMN 16
AVERAGE MONTHLY: 66.2 TOTAL FOR MONTH: 1.19 1 = FOG OR MIST
DPTR FM NORMAL: -0.9 DPTR FM NORMAL: 0.26 2 = FOG REDUCING VISIBILITY
HIGHEST: 96 ON 13 GRTST 24HR 0.72 ON 5- 6 TO 1/4 MILE OR LESS
LOWEST: 43 ON 3 3 = THUNDER
SNOW, ICE PELLETS, HAIL 4 = ICE PELLETS
TOTAL MONTH: M 5 = HAIL
GRTST 24HR M ON M 6 = FREEZING RAIN OR DRIZZLE
GRTST DEPTH: M ON M 7 = DUSTSTORM OR SANDSTORM:
VSBY 1/2 MILE OR LESS
8 = SMOKE OR HAZE
[NO. OF DAYS WITH] [WEATHER - DAYS WITH] 9 = BLOWING SNOW
X = TORNADO
MAX 32 OR BELOW: 0 0.01 INCH OR MORE: 4
MAX 90 OR ABOVE: 7 0.10 INCH OR MORE: 2
MIN 32 OR BELOW: 0 0.50 INCH OR MORE: 1
MIN 0 OR BELOW: 0 1.00 INCH OR MORE: 0
[HDD (BASE 65) ]
TOTAL THIS MO. 71 CLEAR (SCALE 0-3) 24
DPTR FM NORMAL 22 PTCLDY (SCALE 4-7) 4
TOTAL FM JUL 1 2481 CLOUDY (SCALE 8-10) 3
DPTR FM NORMAL -65
[CDD (BASE 65) ]
TOTAL THIS MO. 114
DPTR FM NORMAL -2 [PRESSURE DATA]
TOTAL FM JAN 1 155 HIGHEST SLP 30.13 ON 7
DPTR FM NORMAL 19 LOWEST SLP 29.72 ON 2
[REMARKS]
#FINAL-05-23#