000
CXUS53 KBIS 010830
CF6N60
PRELIMINARY LOCAL CLIMATOLOGICAL DATA (WS FORM: F-6)
STATION: GARRISON (AMOS) ND
MONTH: AUGUST
YEAR: 2022
LATITUDE: 47 39 N
LONGITUDE: 101 23 W
TEMPERATURE IN F: :PCPN: SNOW: WIND :SUNSHINE: SKY :PK WND
================================================================================
1 2 3 4 5 6A 6B 7 8 9 10 11 12 13 14 15 16 17 18
12Z AVG MX 2MIN
DY MAX MIN AVG DEP HDD CDD WTR SNW DPTH SPD SPD DIR MIN PSBL S-S WX SPD DR
================================================================================
1 89 54 72 3 0 7 0.00 M M 9.2 17 140 M M 0 26 140
2 90 61 76 7 0 11 0.00 M M 7.6 23 330 M M 0 31 340
3 79 52 66 -3 0 1 0.00 M M 7.7 16 340 M M 0 23 310
4 100 59 80 11 0 15 0.00 M M 10.1 20 170 M M 0 31 160
5 86 66 76 7 0 11 0.00 M M 8.9 18 340 M M 0 29 180
6 65 51 58 -11 7 0 0.03 M M 5.9 17 340 M M 0 23 330
7 71 55 63 -6 2 0 0.17 M M 3.2 8 190 M M 0 12 210
8 93 54 74 5 0 9 0.00 M M 8.5 15 190 M M 0 23 190
9 83 56 70 1 0 5 0.00 M M 7.7 17 20 M M 0 30 10
10 83 51 67 -2 0 2 0.00 M M 8.5 15 80 M M 0 23 130
11 76 58 67 -2 0 2 0.12 M M 13.2 22 110 M M 0 32 100
12 88 63 76 7 0 11 0.00 M M 6.4 14 110 M M 0 21 30
13 84 59 72 4 0 7 0.05 M M 5.3 13 110 M M 0 19 100
14 89 64 77 9 0 12 0.00 M M 6.8 10 160 M M 0 16 120
15 93 62 78 10 0 13 0.00 M M 5.6 14 290 M M 0 20 280
16 91 58 75 7 0 10 0.00 M M 4.0 12 210 M M 0 16 340
17 87 57 72 4 0 7 0.24 M M 5.2 20 280 M M 0 31 260
18 84 57 71 3 0 6 0.16 M M 10.0 21 330 M M 0 33 310
19 79 55 67 0 0 2 0.00 M M 7.5 15 20 M M 0 24 20
20 84 54 69 2 0 4 0.00 M M 4.5 10 160 M M 0 20 90
21 91 60 76 9 0 11 0.00 M M 7.7 15 180 M M 0 22 180
22 94 61 78 11 0 13 0.00 M M 7.6 16 110 M M 0 24 110
23 94 62 78 12 0 13 0.40 M M 7.0 31 340 M M 0 44 340
24 73 59 66 0 0 1 0.00 M M 6.0 13 70 M M 0 18 20
25 78 51 65 -1 0 0 0.00 M M 2.6 10 180 M M 0 15 210
26 78 55 67 1 0 2 0.00 M M 8.6 17 140 M M 0 25 140
27 92 60 76 11 0 11 0.00 M M 9.2 21 250 M M 0 29 280
28 75 62 69 4 0 4 0.14 M M 14.8 30 270 M M 0 45 280
29 79 51 65 0 0 0 0.00 M M 14.1 30 310 M M 0 42 310
30 92 50 71 7 0 6 0.00 M M 5.1 16 250 M M 0 26 330
31 91 54 73 9 0 8 0.00 M M 4.0 10 220 M M 0 16 200
================================================================================
SM 2631 1771 9 204 1.31 M 232.5 M 0
================================================================================
AV 84.9 57.1 7.5 FASTST M M 0 MAX(MPH)
MISC ----> 31 340 45 280
================================================================================
NOTES:
# LAST OF SEVERAL OCCURRENCES
COLUMN 17 PEAK WIND IN M.P.H.
PRELIMINARY LOCAL CLIMATOLOGICAL DATA (WS FORM: F-6) , PAGE 2
STATION: GARRISON (AMOS) ND
MONTH: AUGUST
YEAR: 2022
LATITUDE: 47 39 N
LONGITUDE: 101 23 W
[TEMPERATURE DATA] [PRECIPITATION DATA] SYMBOLS USED IN COLUMN 16
AVERAGE MONTHLY: 71.0 TOTAL FOR MONTH: 1.31 1 = FOG OR MIST
DPTR FM NORMAL: 3.5 DPTR FM NORMAL: -0.46 2 = FOG REDUCING VISIBILITY
HIGHEST: 100 ON 4 GRTST 24HR 0.40 ON 17-18 TO 1/4 MILE OR LESS
LOWEST: 50 ON 30 3 = THUNDER
SNOW, ICE PELLETS, HAIL 4 = ICE PELLETS
TOTAL MONTH: M 5 = HAIL
GRTST 24HR M ON M 6 = FREEZING RAIN OR DRIZZLE
GRTST DEPTH: M ON M 7 = DUSTSTORM OR SANDSTORM:
VSBY 1/2 MILE OR LESS
8 = SMOKE OR HAZE
[NO. OF DAYS WITH] [WEATHER - DAYS WITH] 9 = BLOWING SNOW
X = TORNADO
MAX 32 OR BELOW: 0 0.01 INCH OR MORE: 8
MAX 90 OR ABOVE: 11 0.10 INCH OR MORE: 6
MIN 32 OR BELOW: 0 0.50 INCH OR MORE: 0
MIN 0 OR BELOW: 0 1.00 INCH OR MORE: 0
[HDD (BASE 65) ]
TOTAL THIS MO. 9 CLEAR (SCALE 0-3) 31
DPTR FM NORMAL -39 PTCLDY (SCALE 4-7) 0
TOTAL FM JUL 1 13 CLOUDY (SCALE 8-10) 0
DPTR FM NORMAL -69
[CDD (BASE 65) ]
TOTAL THIS MO. 204
DPTR FM NORMAL 77 [PRESSURE DATA]
TOTAL FM JAN 1 473 HIGHEST SLP 30.27 ON 11
DPTR FM NORMAL 168 LOWEST SLP 29.42 ON 27
[REMARKS]
#FINAL-08-22#