000
CXUS55 KPSR 011005
CF6NYL
PRELIMINARY LOCAL CLIMATOLOGICAL DATA (WS FORM: F-6)
STATION: YUMA AZ
MONTH: APRIL
YEAR: 2023
LATITUDE: 32 39 N
LONGITUDE: 114 37 W
TEMPERATURE IN F: :PCPN: SNOW: WIND :SUNSHINE: SKY :PK WND
================================================================================
1 2 3 4 5 6A 6B 7 8 9 10 11 12 13 14 15 16 17 18
12Z AVG MX 2MIN
DY MAX MIN AVG DEP HDD CDD WTR SNW DPTH SPD SPD DIR MIN PSBL S-S WX SPD DR
================================================================================
1 80 49 65 -5 0 0 0.00 M M 5.5 16 290 M M 0 22 280
2 85 52 69 -2 0 4 0.00 M M 7.0 18 200 M M 0 24 190
3 74 54 64 -7 1 0 0.00 M M 15.7 30 280 M M 1 78 42 280
4 68 45 57 -14 8 0 0.00 0.0 M 7.5 28 300 M M 0 40 320
5 73 45 59 -12 6 0 0.00 0.0 M 5.7 13 350 M M 1 18 350
6 79 55 67 -4 0 2 0.00 M M 8.2 18 350 M M 2 23 350
7 83 48 66 -6 0 1 0.00 M M 3.5 9 230 M M 2 16 260
8 84 54 69 -3 0 4 0.00 M M 3.5 12 160 M M 0 15 260
9 93 60 77 5 0 12 0.00 M M 3.3 9 270 M M 0 14 20
10 97 63 80 8 0 15 0.00 M M 3.6 12 270 M M 0 16 260
11 97 63 80 8 0 15 0.00 M M 4.7 14 200 M M 0 21 220
12 91 63 77 5 0 12 0.00 M M 6.0 20 300 M M 4 28 300
13 81 60 71 -1 0 6 0.00 M M 10.6 18 290 M M 2 31 290
14 77 55 66 -7 0 1 0.00 M M 7.4 15 140 M M 0 20 330
15 84 57 71 -2 0 6 0.00 M M 4.7 13 150 M M 0 17 180
16 90 60 75 2 0 10 0.00 M M 3.5 10 220 M M 0 15 230
17 91 59 75 2 0 10 0.00 M M 5.8 15 200 M M 0 24 210
18 86 59 73 0 0 8 0.00 M M 10.4 21 280 M M 2 29 290
19 83 57 70 -4 0 5 0.00 M M 9.1 20 310 M M 1 30 300
20 86 58 72 -2 0 7 0.00 0.0 M 7.6 20 340 M M 0 30 10
21 93 58 76 2 0 11 0.00 0.0 M 6.4 15 30 M M 0 24 360
22 97 63 80 6 0 15 0.00 0.0 M 3.8 17 340 M M 0 21 340
23 97 69 83 9 0 18 0.00 0.0 M 5.9 17 180 M M 0 23 200
24 91 68 80 5 0 15 0.00 M M 8.6 18 160 M M 0 24 150
25 91 66 79 4 0 14 0.00 M M 7.8 20 150 M M 1 25 150
26 94 61 78 3 0 13 0.00 M M 5.2 16 340 M M 0 22 330
27 97 62 80 4 0 15 0.00 M M 4.9 13 230 M M 0 18 230
28 100 64 82 6 0 17 0.00 M M 4.8 10 250 M M 0 16 210
29 101 66 84 8 0 19 0.00 M M 4.8 12 220 M M 0 15 220
30 103 68 86 10 0 21 0.00 M M 6.5 20 180 M M 0 26 190
================================================================================
SM 2646 1761 15 276 0.00 0.0 192.0 M 16
================================================================================
AV 88.2 58.7 6.4 FASTST M M 1 MAX(MPH)
MISC ----> 30 280 42 280
================================================================================
NOTES:
# LAST OF SEVERAL OCCURRENCES
COLUMN 17 PEAK WIND IN M.P.H.
PRELIMINARY LOCAL CLIMATOLOGICAL DATA (WS FORM: F-6) , PAGE 2
STATION: YUMA AZ
MONTH: APRIL
YEAR: 2023
LATITUDE: 32 39 N
LONGITUDE: 114 37 W
[TEMPERATURE DATA] [PRECIPITATION DATA] SYMBOLS USED IN COLUMN 16
AVERAGE MONTHLY: 73.5 TOTAL FOR MONTH: 0.00 1 = FOG OR MIST
DPTR FM NORMAL: 0.3 DPTR FM NORMAL: -0.14 2 = FOG REDUCING VISIBILITY
HIGHEST: 103 ON 30 GRTST 24HR 0.00 ON 1- 1 TO 1/4 MILE OR LESS
LOWEST: 45 ON 5, 4 3 = THUNDER
SNOW, ICE PELLETS, HAIL 4 = ICE PELLETS
TOTAL MONTH: 0.0 INCH 5 = HAIL
GRTST 24HR 0.0 6 = FREEZING RAIN OR DRIZZLE
GRTST DEPTH: M ON M 7 = DUSTSTORM OR SANDSTORM:
VSBY 1/2 MILE OR LESS
8 = SMOKE OR HAZE
[NO. OF DAYS WITH] [WEATHER - DAYS WITH] 9 = BLOWING SNOW
X = TORNADO
MAX 32 OR BELOW: 0 0.01 INCH OR MORE: 0
MAX 90 OR ABOVE: 16 0.10 INCH OR MORE: 0
MIN 32 OR BELOW: 0 0.50 INCH OR MORE: 0
MIN 0 OR BELOW: 0 1.00 INCH OR MORE: 0
[HDD (BASE 65) ]
TOTAL THIS MO. 15 CLEAR (SCALE 0-3) 29
DPTR FM NORMAL 4 PTCLDY (SCALE 4-7) 1
TOTAL FM JUL 1 928 CLOUDY (SCALE 8-10) 0
DPTR FM NORMAL 257
[CDD (BASE 65) ]
TOTAL THIS MO. 276
DPTR FM NORMAL 22 [PRESSURE DATA]
TOTAL FM JAN 1 317 HIGHEST SLP 30.14 ON 5
DPTR FM NORMAL -100 LOWEST SLP 29.57 ON 12
[REMARKS]
#FINAL-04-23#