000
CXUS56 KMTR 010900
CF6OAK
PRELIMINARY LOCAL CLIMATOLOGICAL DATA (WS FORM: F-6)
STATION: OAKLAND AIRPORT
MONTH: JUNE
YEAR: 2023
LATITUDE: 37 43 N
LONGITUDE: 122 13 W
TEMPERATURE IN F: :PCPN: SNOW: WIND :SUNSHINE: SKY :PK WND
================================================================================
1 2 3 4 5 6A 6B 7 8 9 10 11 12 13 14 15 16 17 18
12Z AVG MX 2MIN
DY MAX MIN AVG DEP HDD CDD WTR SNW DPTH SPD SPD DIR MIN PSBL S-S WX SPD DR
================================================================================
1 65 54 60 -1 5 0 0.00 M M 10.4 18 230 M M 4 24 230
2 68 52 60 -2 5 0 T M M 9.3 17 280 M M 3 22 270
3 71 50 61 -1 4 0 0.00 M M 7.7 17 300 M M 4 30 300
4 68 52 60 -2 5 0 0.00 M M 9.8 24 300 M M 2 37 320
5 68 53 61 -1 4 0 0.00 M M 7.2 16 290 M M 7 21 220
6 68 57 63 1 2 0 T M M 10.0 20 240 M M 8 31 230
7 69 57 63 1 2 0 0.00 M M 10.0 18 280 M M 7 31 290
8 69 54 62 0 3 0 0.00 M M 10.2 20 290 M M 5 34 300
9 66 55 61 -1 4 0 0.00 M M 11.1 20 270 M M 9 31 300
10 65 54 60 -2 5 0 0.00 M M 8.5 17 290 M M 9 21 300
11 67 55 61 -1 4 0 0.00 M M 9.2 17 280 M M 8 21 290
12 69 57 63 1 2 0 T M M 11.3 17 290 M M 7 22 230
13 67 56 62 -1 3 0 0.00 M M 10.6 18 290 M M 8 32 290
14 68 54 61 -2 4 0 0.00 M M 9.2 22 300 M M 8 36 310
15 70 55 63 0 2 0 0.00 M M 9.3 23 290 M M 6 36 300
16 70 57 64 1 1 0 0.00 M M 10.4 23 300 M M 6 37 320
17 68 57 63 0 2 0 0.00 M M 9.9 23 300 M M 7 39 310
18 68 56 62 -1 3 0 0.00 M M 13.5 35 290 M M 3 42 280
19 69 54 62 -1 3 0 0.00 M M 19.2 35 290 M M 2 47 270
20 70 48 59 -4 6 0 0.00 M M 8.7 22 280 M M 1 39 260
21 67 51 59 -4 6 0 0.00 M M 10.6 18 270 M M 3 33 300
22 68 54 61 -2 4 0 0.00 M M 11.0 22 280 M M 7 33 300
23 67 56 62 -1 3 0 T M M 11.9 18 280 M M 7 30 290
24 66 56 61 -3 4 0 0.00 M M 12.4 20 270 M M 7 31 300
25 64 55 60 -4 5 0 T M M 11.5 18 290 M M 9 8 31 300
26 63 54 59 -5 6 0 T M M 11.3 20 280 M M 9 33 300
27 63 53 58 -6 7 0 T M M 10.5 17 230 M M 9 22 220
28 64 53 59 -5 6 0 0.00 M M 10.7 21 290 M M 8 36 290
29 71 54 63 -1 2 0 0.00 M M 9.2 18 290 M M 5 30 300
30 73 53 63 -1 2 0 0.00 M M 9.1 18 290 M M 2 31 310
================================================================================
SM 2029 1626 114 0 T M 313.7 M 180
================================================================================
AV 67.6 54.2 10.5 FASTST M M 6 MAX(MPH)
MISC ----> # 35 290 47 270
================================================================================
NOTES:
# LAST OF SEVERAL OCCURRENCES
COLUMN 17 PEAK WIND IN M.P.H.
PRELIMINARY LOCAL CLIMATOLOGICAL DATA (WS FORM: F-6) , PAGE 2
STATION: OAKLAND AIRPORT
MONTH: JUNE
YEAR: 2023
LATITUDE: 37 43 N
LONGITUDE: 122 13 W
[TEMPERATURE DATA] [PRECIPITATION DATA] SYMBOLS USED IN COLUMN 16
AVERAGE MONTHLY: 60.9 TOTAL FOR MONTH: T 1 = FOG OR MIST
DPTR FM NORMAL: -1.8 DPTR FM NORMAL: -0.18 2 = FOG REDUCING VISIBILITY
HIGHEST: 73 ON 30 GRTST 24HR T ON 1- 1 TO 1/4 MILE OR LESS
LOWEST: 48 ON 20 3 = THUNDER
SNOW, ICE PELLETS, HAIL 4 = ICE PELLETS
TOTAL MONTH: M 5 = HAIL
GRTST 24HR M ON M 6 = FREEZING RAIN OR DRIZZLE
GRTST DEPTH: M ON M 7 = DUSTSTORM OR SANDSTORM:
VSBY 1/2 MILE OR LESS
8 = SMOKE OR HAZE
[NO. OF DAYS WITH] [WEATHER - DAYS WITH] 9 = BLOWING SNOW
X = TORNADO
MAX 32 OR BELOW: 0 0.01 INCH OR MORE: 0
MAX 90 OR ABOVE: 0 0.10 INCH OR MORE: 0
MIN 32 OR BELOW: 0 0.50 INCH OR MORE: 0
MIN 0 OR BELOW: 0 1.00 INCH OR MORE: 0
[HDD (BASE 65) ]
TOTAL THIS MO. 114 CLEAR (SCALE 0-3) 7
DPTR FM NORMAL 22 PTCLDY (SCALE 4-7) 17
TOTAL FM JUL 1 2993 CLOUDY (SCALE 8-10) 6
DPTR FM NORMAL 303
[CDD (BASE 65) ]
TOTAL THIS MO. 0
DPTR FM NORMAL -24 [PRESSURE DATA]
TOTAL FM JAN 1 3 HIGHEST SLP M ON M
DPTR FM NORMAL -38 LOWEST SLP 29.80 ON 4
[REMARKS]
#FINAL-06-23#