000
CXUS56 KMTR 092352
CF6OAK
PRELIMINARY LOCAL CLIMATOLOGICAL DATA (WS FORM: F-6)
STATION: OAKLAND AIRPORT
MONTH: DECEMBER
YEAR: 2023
LATITUDE: 37 43 N
LONGITUDE: 122 13 W
TEMPERATURE IN F: :PCPN: SNOW: WIND :SUNSHINE: SKY :PK WND
================================================================================
1 2 3 4 5 6A 6B 7 8 9 10 11 12 13 14 15 16 17 18
12Z AVG MX 2MIN
DY MAX MIN AVG DEP HDD CDD WTR SNW DPTH SPD SPD DIR MIN PSBL S-S WX SPD DR
================================================================================
1 60 40 50 -2 15 0 T M M 5.7 15 280 M M 6 1 19 240
2 58 51 55 3 10 0 0.06 M M 6.0 13 140 M M 9 1 15 140
3 61 49 55 4 10 0 0.00 M M 3.8 9 130 M M 7 1 11 130
4 62 48 55 4 10 0 0.00 M M 1.2 7 290 M M 6 12 8 310
5 61 45 53 2 12 0 0.00 M M 2.9 8 300 M M 6 12 11 290
6 61 47 54 3 11 0 M M M 7.8 21 200 M M 6 1 21 200
7 61 44 53 2 12 0 0.00 M M 7.1 16 230 M M 4 18 16 230
8 60 38 49 -2 16 0 0.00 M M 3.7 14 300 M M 2 1 21 280
9 62 37 50 0 15 0 0.00 M M 5.0 15 40 M M 3 20 30
10 59 36 48 -2 17 0 0.00 M M 2.3 10 310 M M 4 13 300
11 59 36 48 -2 17 0 0.00 M M 2.5 7 280 M M 3 1 9 240
12 60 49 55 5 10 0 0.00 M M 4.2 9 310 M M 6 12 14 260
13 58 43 51 1 14 0 0.00 M M 3.2 10 170 M M 7 12 14 130
14 60 38 49 -1 16 0 0.00 M M 4.1 12 70 M M 5 8 14 70
15 59 46 53 3 12 0 0.00 M M 4.9 13 80 M M 6 1 15 70
16 64 40 52 2 13 0 0.00 M M 4.8 13 80 M M 3 1 16 140
17 60 46 53 3 12 0 0.34 M M 4.5 14 80 M M 8 1 17 80
18 64 50 57 7 8 0 0.67 M M 10.7 20 150 M M 9 1 35 150
19 63 57 60 10 5 0 0.14 M M 8.6 17 150 M M 9 1 24 170
20 59 52 56 6 9 0 0.84 M M 8.4 20 220 M M 9 1 32 80
21 60 48 54 4 11 0 0.00 M M 3.5 9 130 M M 6 1 12 150
22 60 46 53 3 12 0 0.00 M M 3.0 10 260 M M 4 12 17 240
23 58 41 50 0 15 0 0.00 M M 3.8 12 300 M M 2 1 20 280
24 55 38 47 -3 18 0 0.00 M M 3.6 9 300 M M 6 12 290
25 57 40 49 0 16 0 0.00 M M 4.0 12 290 M M 7 14 290
26 58 43 51 2 14 0 0.00 M M 2.8 10 100 M M 8 1 11 100
27 59 45 52 3 13 0 0.06 M M 10.5 21 150 M M 8 1 34 130
28 66 54 60 11 5 0 0.00 M M 3.7 9 120 M M 9 12 130
29 63 55 59 10 6 0 0.80 M M 8.2 23 180 M M 9 1 35 140
30 60 50 55 6 10 0 0.21 M M 6.6 12 270 M M 7 1 19 280
31 57 46 52 3 13 0 0.00 M M 3.1 10 310 M M 5 1 13 300
================================================================================
SM 1864 1398 377 0 3.12 M 154.2 M 189
================================================================================
AV 60.1 45.1 5.0 FASTST M M 6 MAX(MPH)
MISC ----> 23 180 # 35 150
================================================================================
NOTES:
# LAST OF SEVERAL OCCURRENCES
COLUMN 17 PEAK WIND IN M.P.H.
PRELIMINARY LOCAL CLIMATOLOGICAL DATA (WS FORM: F-6) , PAGE 2
STATION: OAKLAND AIRPORT
MONTH: DECEMBER
YEAR: 2023
LATITUDE: 37 43 N
LONGITUDE: 122 13 W
[TEMPERATURE DATA] [PRECIPITATION DATA] SYMBOLS USED IN COLUMN 16
AVERAGE MONTHLY: 52.6 TOTAL FOR MONTH: 3.12 1 = FOG OR MIST
DPTR FM NORMAL: 2.5 DPTR FM NORMAL: -0.72 2 = FOG REDUCING VISIBILITY
HIGHEST: 66 ON 28 GRTST 24HR 1.01 ON 29-30 TO 1/4 MILE OR LESS
LOWEST: 36 ON 11,10 3 = THUNDER
SNOW, ICE PELLETS, HAIL 4 = ICE PELLETS
TOTAL MONTH: M 5 = HAIL
GRTST 24HR M ON M 6 = FREEZING RAIN OR DRIZZLE
GRTST DEPTH: M ON M 7 = DUSTSTORM OR SANDSTORM:
VSBY 1/2 MILE OR LESS
8 = SMOKE OR HAZE
[NO. OF DAYS WITH] [WEATHER - DAYS WITH] 9 = BLOWING SNOW
X = TORNADO
MAX 32 OR BELOW: 0 0.01 INCH OR MORE: 8
MAX 90 OR ABOVE: 0 0.10 INCH OR MORE: 6
MIN 32 OR BELOW: 0 0.50 INCH OR MORE: 3
MIN 0 OR BELOW: 0 1.00 INCH OR MORE: 0
[HDD (BASE 65) ]
TOTAL THIS MO. 377 CLEAR (SCALE 0-3) 3
DPTR FM NORMAL -85 PTCLDY (SCALE 4-7) 22
TOTAL FM JUL 1 807 CLOUDY (SCALE 8-10) 6
DPTR FM NORMAL -261
[CDD (BASE 65) ]
TOTAL THIS MO. 0
DPTR FM NORMAL 0 [PRESSURE DATA]
TOTAL FM JAN 1 172 HIGHEST SLP 30.37 ON 9
DPTR FM NORMAL -4 LOWEST SLP 29.67 ON 20
[REMARKS]
#FINAL-12-23#