000
CXUS53 KOAX 011030
CF6OFK
PRELIMINARY LOCAL CLIMATOLOGICAL DATA (WS FORM: F-6)
STATION: NORFOLK NE
MONTH: NOVEMBER
YEAR: 2023
LATITUDE: 41 58 N
LONGITUDE: 97 26 W
TEMPERATURE IN F: :PCPN: SNOW: WIND :SUNSHINE: SKY :PK WND
================================================================================
1 2 3 4 5 6A 6B 7 8 9 10 11 12 13 14 15 16 17 18
12Z AVG MX 2MIN
DY MAX MIN AVG DEP HDD CDD WTR SNW DPTH SPD SPD DIR MIN PSBL S-S WX SPD DR
================================================================================
1 57 25 41 -2 24 0 0.00 0.0 0 9.1 20 230 M M 0 27 220
2 63 22 43 0 22 0 0.00 0.0 0 6.4 16 200 M M 0 18 23 190
3 61 34 48 6 17 0 0.00 0.0 0 7.0 17 330 M M 2 23 330
4 64 30 47 5 18 0 0.00 0.0 0 6.7 14 190 M M 1 1 19 190
5 67 43 55 14 10 0 0.00 0.0 0 18.2 32 200 M M 0 45 190
6 71 40 56 15 9 0 0.00 0.0 0 6.9 18 230 M M 0 8 23 230
7 66 37 52 12 13 0 0.00 0.0 0 6.6 18 140 M M 4 23 150
8 62 33 48 8 17 0 0.00 0.0 0 11.8 29 330 M M 1 39 350
9 59 25 42 2 23 0 0.00 0.0 0 9.6 25 310 M M 1 35 260
10 52 21 37 -2 28 0 0.00 0.0 0 5.3 13 140 M M 2 17 140
11 61 34 48 9 17 0 0.00 0.0 0 17.4 31 200 M M 2 43 190
12 68 30 49 11 16 0 0.00 0.0 0 8.1 18 330 M M 0 29 200
13 70 26 48 10 17 0 0.00 0.0 0 9.2 23 180 M M 0 32 190
14 70 35 53 16 12 0 0.00 0.0 0 14.5 33 210 M M 0 42 220
15 67 29 48 11 17 0 0.00 0.0 0 7.1 17 190 M M 0 25 190
16 64 38 51 15 14 0 0.01 0.0 0 15.6 30 330 M M 2 39 320
17 51 23 37 1 28 0 0.00 0.0 0 5.9 17 230 M M 0 22 210
18 66 26 46 10 19 0 0.00 0.0 0 3.6 14 210 M M 0 17 200
19 47 34 41 6 24 0 0.35 0.0 0 7.7 17 120 M M 6 1 24 110
20 48 43 46 11 19 0 0.04 0.0 0 10.4 17 20 M M 10 1 22 20
21 46 28 37 3 28 0 0.00 0.0 0 16.9 35 340 M M 2 1 47 330
22 65 24 45 11 20 0 0.00 0.0 0 7.8 20 220 M M 0 26 220
23 42 25 34 1 31 0 0.00 0.0 0 15.8 24 20 M M 1 31 360
24 26 20 23 -10 42 0 0.02 0.3 0 9.9 23 10 M M 10 28 10
25 27 19 23 -10 42 0 0.11 1.4 1 5.4 9 260 M M 10 18 13 70
26 36 14 25 -7 40 0 T T 1 11.3 32 330 M M 4 1 43 310
27 33 15 24 -8 41 0 T T T 8.2 22 310 M M 5 30 320
28 48 13 31 0 34 0 0.00 0.0 T 6.9 20 220 M M 0 27 200
29 56 27 42 11 23 0 0.00 0.0 0 7.6 18 190 M M 0 25 200
30 44 24 34 4 31 0 0.00 0.0 0 11.3 20 350 M M 0 26 10
================================================================================
SM 1657 837 696 0 0.53 1.7 288.2 M 63
================================================================================
AV 55.2 27.9 9.6 FASTST M M 2 MAX(MPH)
MISC ----> 35 340 47 330
================================================================================
NOTES:
# LAST OF SEVERAL OCCURRENCES
COLUMN 17 PEAK WIND IN M.P.H.
PRELIMINARY LOCAL CLIMATOLOGICAL DATA (WS FORM: F-6) , PAGE 2
STATION: NORFOLK NE
MONTH: NOVEMBER
YEAR: 2023
LATITUDE: 41 58 N
LONGITUDE: 97 26 W
[TEMPERATURE DATA] [PRECIPITATION DATA] SYMBOLS USED IN COLUMN 16
AVERAGE MONTHLY: 41.6 TOTAL FOR MONTH: 0.53 1 = FOG OR MIST
DPTR FM NORMAL: 4.8 DPTR FM NORMAL: -0.69 2 = FOG REDUCING VISIBILITY
HIGHEST: 71 ON 6 GRTST 24HR 0.39 ON 19-20 TO 1/4 MILE OR LESS
LOWEST: 13 ON 28 3 = THUNDER
SNOW, ICE PELLETS, HAIL 4 = ICE PELLETS
TOTAL MONTH: 1.7 INCHES 5 = HAIL
GRTST 24HR 1.4 ON 25-25 6 = FREEZING RAIN OR DRIZZLE
GRTST DEPTH: 1 ON 26,25 7 = DUSTSTORM OR SANDSTORM:
VSBY 1/2 MILE OR LESS
8 = SMOKE OR HAZE
[NO. OF DAYS WITH] [WEATHER - DAYS WITH] 9 = BLOWING SNOW
X = TORNADO
MAX 32 OR BELOW: 2 0.01 INCH OR MORE: 5
MAX 90 OR ABOVE: 0 0.10 INCH OR MORE: 2
MIN 32 OR BELOW: 20 0.50 INCH OR MORE: 0
MIN 0 OR BELOW: 0 1.00 INCH OR MORE: 0
[HDD (BASE 65) ]
TOTAL THIS MO. 696 CLEAR (SCALE 0-3) 23
DPTR FM NORMAL -152 PTCLDY (SCALE 4-7) 4
TOTAL FM JUL 1 1126 CLOUDY (SCALE 8-10) 3
DPTR FM NORMAL -300
[CDD (BASE 65) ]
TOTAL THIS MO. 0
DPTR FM NORMAL 0 [PRESSURE DATA]
TOTAL FM JAN 1 1226 HIGHEST SLP 30.66 ON 24
DPTR FM NORMAL 319 LOWEST SLP 29.64 ON 5
[REMARKS]
#FINAL-11-23#