000
CXHW52 PHFO 011952
CF6OGG
PRELIMINARY LOCAL CLIMATOLOGICAL DATA (WS FORM: F-6)
STATION: KAHULUI HI
MONTH: DECEMBER
YEAR: 2023
LATITUDE: 20 53 N
LONGITUDE: 156 26 W
TEMPERATURE IN F: :PCPN: SNOW: WIND :SUNSHINE: SKY :PK WND
================================================================================
1 2 3 4 5 6A 6B 7 8 9 10 11 12 13 14 15 16 17 18
12Z AVG MX 2MIN
DY MAX MIN AVG DEP HDD CDD WTR SNW DPTH SPD SPD DIR MIN PSBL S-S WX SPD DR
================================================================================
1 84 68 76 0 0 11 T M M 7.5 22 40 M M 3 27 40
2 87 70 79 3 0 14 0.00 M M 8.2 22 40 M M 1 24 30
3 85 65 75 -1 0 10 0.00 M M 9.4 23 40 M M 2 28 60
4 84 69 77 1 0 12 0.15 M M 14.0 24 30 M M 3 1 29 40
5 85 71 78 2 0 13 T M M 18.6 29 50 M M 3 1 40 40
6 87 70 79 4 0 14 0.00 M M 15.5 26 80 M M 2 36 70
7 86 64 75 0 0 10 0.00 M M 4.5 16 230 M M 4 22 200
8 85 62 74 -1 0 9 0.00 M M 5.0 14 30 M M 2 18 30
9 84 58 71 -4 0 6 0.00 M M 11.5 24 30 M M 2 29 30
10 90 65 78 3 0 13 0.00 M M 7.4 21 80 M M 2 26 330
11 89 69 79 4 0 14 0.00 M M 8.7 21 40 M M 2 25 50
12 83 71 77 2 0 12 T M M 13.3 28 40 M M 3 1 31 40
13 84 69 77 2 0 12 0.25 M M 16.0 31 30 M M 3 1 37 30
14 79 69 74 -1 0 9 T M M 21.8 32 40 M M 7 39 40
15 79 67 73 -2 0 8 T M M 14.4 26 30 M M 6 33 60
16 80 63 72 -3 0 7 0.01 M M 13.6 26 30 M M 5 18 30 30
17 79 65 72 -2 0 7 T M M 12.3 23 30 M M 6 1 28 40
18 81 66 74 0 0 9 0.00 M M 14.8 28 40 M M 3 33 40
19 81 69 75 1 0 10 0.04 M M 16.0 26 40 M M 5 18 33 60
20 78 70 74 0 0 9 0.00 M M 15.7 28 50 M M 5 40 40
21 79 71 75 1 0 10 T M M 15.9 24 40 M M 3 31 30
22 81 71 76 2 0 11 0.00 M M 13.8 26 50 M M 2 36 70
23 81 70 76 2 0 11 T M M 16.8 28 60 M M 2 8 37 60
24 83 63 73 -1 0 8 0.00 M M 10.7 24 40 M M 3 37 70
25 81 60 71 -3 0 6 0.12 M M 7.9 17 30 M M 5 1 20 30
26 77 69 73 -1 0 8 0.10 M M 9.7 17 30 M M 9 18 22 40
27 81 62 72 -2 0 7 0.13 M M 7.2 16 340 M M 4 1 21 350
28 80 64 72 -2 0 7 0.20 M M 11.0 22 40 M M 6 18 26 30
29 80 68 74 0 0 9 T M M 13.2 22 40 M M 7 1 27 30
30 82 64 73 -1 0 8 0.00 M M 9.5 21 50 M M 4 28 70
31 82 59 71 -2 0 6 0.00 M M 6.7 14 10 M M 1 18 19 320
================================================================================
SM 2557 2061 0 300 1.00 M 370.6 M 115
================================================================================
AV 82.5 66.5 12.0 FASTST M M 4 MAX(MPH)
MISC ----> 32 40 # 40 40
================================================================================
NOTES:
# LAST OF SEVERAL OCCURRENCES
COLUMN 17 PEAK WIND IN M.P.H.
PRELIMINARY LOCAL CLIMATOLOGICAL DATA (WS FORM: F-6) , PAGE 2
STATION: KAHULUI HI
MONTH: DECEMBER
YEAR: 2023
LATITUDE: 20 53 N
LONGITUDE: 156 26 W
[TEMPERATURE DATA] [PRECIPITATION DATA] SYMBOLS USED IN COLUMN 16
AVERAGE MONTHLY: 74.5 TOTAL FOR MONTH: 1.00 1 = FOG OR MIST
DPTR FM NORMAL: -0.1 DPTR FM NORMAL: -1.80 2 = FOG REDUCING VISIBILITY
HIGHEST: 90 ON 10 GRTST 24HR 0.26 ON 27-28 TO 1/4 MILE OR LESS
LOWEST: 58 ON 9 3 = THUNDER
SNOW, ICE PELLETS, HAIL 4 = ICE PELLETS
TOTAL MONTH: M 5 = HAIL
GRTST 24HR M ON M 6 = FREEZING RAIN OR DRIZZLE
GRTST DEPTH: M ON M 7 = DUSTSTORM OR SANDSTORM:
VSBY 1/2 MILE OR LESS
8 = SMOKE OR HAZE
[NO. OF DAYS WITH] [WEATHER - DAYS WITH] 9 = BLOWING SNOW
X = TORNADO
MAX 32 OR BELOW: 0 0.01 INCH OR MORE: 8
MAX 90 OR ABOVE: 1 0.10 INCH OR MORE: 6
MIN 32 OR BELOW: 0 0.50 INCH OR MORE: 0
MIN 0 OR BELOW: 0 1.00 INCH OR MORE: 0
[HDD (BASE 65) ]
TOTAL THIS MO. 0 CLEAR (SCALE 0-3) 15
DPTR FM NORMAL 0 PTCLDY (SCALE 4-7) 15
TOTAL FM JUL 1 0 CLOUDY (SCALE 8-10) 1
DPTR FM NORMAL 0
[CDD (BASE 65) ]
TOTAL THIS MO. 300
DPTR FM NORMAL 2 [PRESSURE DATA]
TOTAL FM JAN 1 4324 HIGHEST SLP 30.21 ON 29
DPTR FM NORMAL -98 LOWEST SLP 29.85 ON 8
[REMARKS]
#FINAL-12-23#