000
CXUS53 KEAX 011910 RRA
CLSOJC
CLIMATE REPORT
NATIONAL WEATHER SERVICE KANSAS CITY/PLEASANT HILL MO
206 PM CDT THU JUN 01 2023
...................................
...THE JOHNSON COUNTY EXECUTIVE KS CLIMATE SUMMARY FOR THE SEASON, FROM
3/1/2023 TO 5/31/2023...
CLIMATE NORMAL PERIOD: 1991 TO 2020
CLIMATE RECORD PERIOD: 9999 TO 9999
WEATHER OBSERVED NORMAL DEPART LAST YEAR`S
VALUE DATE(S) VALUE FROM VALUE DATE(S)
NORMAL
................................................................
TEMPERATURE (F)
HIGHEST 93 05/06 87 6 90 05/12
LOWEST 15 03/19 16 -1 8 03/12
AVG. MAXIMUM 67.0 64.6 2.4 65.5
AVG. MINIMUM 44.9 45.0 -0.1 45.2
MEAN 55.9 54.8 1.1 55.4
DAYS MAX >= 90 2 0.7 1.3 1
DAYS MAX <= 32 1 1.1 -0.1 1
DAYS MIN <= 32 12 14.9 -2.9 10
DAYS MIN <= 0 0 0.1 -0.1 0
PRECIPITATION (INCHES)
TOTALS 6.18R 11.52 -5.34 18.29
DAILY AVG. 0.07 0.13 -0.06 0.20
DAYS >= .01 25 32.0 -7.0 37
DAYS >= .10 16 19.6 -3.6 22
DAYS >= .50 4 7.6 -3.6 15
DAYS >= 1.00 0 2.9 -2.9 8
GREATEST
24 HR. TOTAL 1.03 05/30 TO 05/31
DEGREE DAYS
HEATING TOTAL 979 1045 -66 1025
COOLING TOTAL 172 111 61 159
................................................................
WIND (MPH)
AVERAGE WIND SPEED 9.0
HIGHEST WIND SPEED/DIRECTION 37/300 DATE 03/31
HIGHEST GUST SPEED/DIRECTION 62/300 DATE 03/31
SKY COVER
POSSIBLE SUNSHINE (PERCENT) MM
AVERAGE SKY COVER 0.32
NUMBER OF DAYS FAIR 56
NUMBER OF DAYS PC 22
NUMBER OF DAYS CLOUDY 14
AVERAGE RH (PERCENT) 61
WEATHER CONDITIONS. NUMBER OF DAYS WITH
THUNDERSTORM 11 MIXED PRECIP 0
HEAVY RAIN 9 RAIN 14
LIGHT RAIN 28 FREEZING RAIN 0
LT FREEZING RAIN 0 HAIL 0
HEAVY SNOW 0 SNOW 0
LIGHT SNOW 3 SLEET 0
FOG 29 FOG W/VIS <= 1/4 MILE 2
HAZE 6
- INDICATES NEGATIVE NUMBERS.
R INDICATES RECORD WAS SET OR TIED.
MM INDICATES DATA IS MISSING.
T INDICATES TRACE AMOUNT.
$$