000
CXUS54 KOUN 011446
CLMOKC
CLIMATE REPORT
NATIONAL WEATHER SERVICE NORMAN OK
946 AM CDT TUE AUG 01 2023
...................................
...THE OKLAHOMA CITY CLIMATE SUMMARY FOR THE MONTH OF JULY 2023...
CLIMATE NORMAL PERIOD 1991 TO 2020
CLIMATE RECORD PERIOD 1890 TO 2023
WEATHER OBSERVED NORMAL DEPART LAST YEAR`S
VALUE DATE(S) VALUE FROM VALUE
NORMAL
..............................................................
TEMPERATURE (F)
RECORD
HIGH 110 07/19/2022
07/09/2011
07/06/1996
LOW 53 07/31/1971
HIGHEST 100 101 -1 110
LOWEST 64 62 2 67
AVG. MAXIMUM 92.8 93.1 -0.3 99.3
AVG. MINIMUM 70.6 70.3 0.3 73.5
MEAN 81.7 81.7 0.0 86.4
DAYS MAX >= 90 22 24.0 -2.0 29
DAYS MAX <= 32 0 0.0 0.0 0
DAYS MIN <= 32 0 0.0 0.0 0
DAYS MIN <= 0 0 0.0 0.0 0
PRECIPITATION (INCHES)
RECORD
MAXIMUM 11.90 1996
MINIMUM T 1983
TOTALS 8.58 3.59 4.99 0.42
DAILY AVG. 0.28 0.12 0.16 0.01
DAYS >= .01 8 6.0 2.0 4
DAYS >= .10 6 4.3 1.7 2
DAYS >= .50 5 2.4 2.6 0
DAYS >= 1.00 3 1.4 1.6 0
GREATEST
24 HR. TOTAL 3.23 07/09 TO 07/09
DEGREE DAYS
COOLING TOTAL 524 518 6 671
SINCE 1/1 1080 1070 10
..............................................................
WIND (MPH)
AVERAGE WIND SPEED 9.3
HIGHEST WIND SPEED/DIRECTION 56/050 DATE 07/09
HIGHEST GUST SPEED/DIRECTION 70/040 DATE 07/09
WEATHER CONDITIONS. NUMBER OF DAYS WITH
THUNDERSTORM 10 MIXED PRECIP 0
HEAVY RAIN 5 RAIN 7
LIGHT RAIN 11 FREEZING RAIN 0
LT FREEZING RAIN 0 HAIL 1
HEAVY SNOW 0 SNOW 0
LIGHT SNOW 0 SLEET 0
FOG 14 FOG W/VIS <= 1/4 MILE 1
HAZE 2
- INDICATES NEGATIVE NUMBERS.
R INDICATES RECORD WAS SET OR TIED.
MM INDICATES DATA IS MISSING.
T INDICATES TRACE AMOUNT.
...............................................................
RECORDS/REMARKS
RECORD DAULY RAINFALL OF 3.23 INCHES SET ON JULY 9TH.
FOURTH WETTEST JULY ON RECORD.
JAN-JUL 2023 PRECIPITATION TOTAL IS 27.03 INCHES.
$$