000
CXUS55 KGGW 010810
CF6OLF
PRELIMINARY LOCAL CLIMATOLOGICAL DATA (WS FORM: F-6)
STATION: WOLF POINT MT
MONTH: JULY
YEAR: 2022
LATITUDE: 48 5 N
LONGITUDE: 105 35 W
TEMPERATURE IN F: :PCPN: SNOW: WIND :SUNSHINE: SKY :PK WND
================================================================================
1 2 3 4 5 6A 6B 7 8 9 10 11 12 13 14 15 16 17 18
12Z AVG MX 2MIN
DY MAX MIN AVG DEP HDD CDD WTR SNW DPTH SPD SPD DIR MIN PSBL S-S WX SPD DR
================================================================================
1 86 44 65 -3 0 0 0.00 M M 5.2 14 70 M M 0 21 240
2 88 54 71 3 0 6 0.01 M M 9.4 36 10 M M 2 3 48 20
3 83 58 71 2 0 6 0.13 M M 11.8 30 80 M M 4 13 43 90
4 84 60 72 3 0 7 0.01 M M 3.8 15 20 M M 6 1 19 20
5 85 57 71 2 0 6 0.05 M M 4.6 18 300 M M 5 1 24 300
6 91 52 72 3 0 7 0.79 M M 5.1 28 80 M M 2 13 37 70
7 84 64 74 4 0 9 0.04 M M 7.6 17 110 M M 4 23 90
8 90 63 77 7 0 12 1.43 M M 7.2 52 300 M M 4 13 71 300
9 90 64 77 7 0 12 0.71 M M 8.7 35 320 M M 2 13 49 320
10 83 60 72 2 0 7 T M M 12.6 28 300 M M 2 39 300
11 84 54 69 -2 0 4 0.00 M M 7.2 15 290 M M 0 21 290
12 88 53 71 0 0 6 0.00 M M 4.0 10 60 M M 0 14 90
13 91 59 75 4 0 10 0.17 M M 8.1 25 230 M M 1 3 40 230
14 96 63 80 9 0 15 0.00 M M 5.5 15 280 M M 0 26 280
15 96 63 80 8 0 15 0.00 M M 5.5 26 230 M M 1 12 40 230
16 99 60 80 8 0 15 0.00 M M 4.0 14 240 M M 0 20 230
17 104 55 80 8 0 15 0.00 M M 6.5 28 280 M M 0 37 260
18 99 62 81 9 0 16 0.04 M M 9.4 29 290 M M 1 3 37 290
19 89 57 73 1 0 8 T M M 14.6 33 320 M M 4 44 310
20 87 54 71 -1 0 6 0.00 M M 7.4 21 350 M M 0 28 10
21 92 52 72 0 0 7 0.00 M M 3.0 14 350 M M 0 20 360
22 99 53 76 4 0 11 0.00 M M 9.7 28 40 M M 0 45 20
23 84 57 71 -2 0 6 0.01 M M 9.0 18 360 M M 2 25 10
24 86 51 69 -4 0 4 0.00 M M 5.8 13 90 M M 0 18 90
25 90 53 72 -1 0 7 0.00 M M 8.8 29 10 M M 2 38 360
26 83 54 69 -4 0 4 0.00 M M 8.3 21 330 M M 5 26 290
27 82 52 67 -6 0 2 0.00 M M 7.9 23 10 M M 4 8 36 350
28 87 46 67 -6 0 2 0.00 M M 4.2 14 80 M M 1 19 60
29 95 52 74 1 0 9 0.00 M M 4.8 10 80 M M 0 14 90
30 99 57 78 5 0 13 T M M 9.3 32 340 M M 1 44 340
31 90 56 73 0 0 8 0.00 M M 4.9 10 210 M M 0 16 130
================================================================================
SM 2784 1739 0 255 3.39 M 223.9 M 53
================================================================================
AV 89.8 56.1 7.2 FASTST M M 2 MAX(MPH)
MISC ----> 52 300 71 300
================================================================================
NOTES:
# LAST OF SEVERAL OCCURRENCES
COLUMN 17 PEAK WIND IN M.P.H.
PRELIMINARY LOCAL CLIMATOLOGICAL DATA (WS FORM: F-6) , PAGE 2
STATION: WOLF POINT MT
MONTH: JULY
YEAR: 2022
LATITUDE: 48 5 N
LONGITUDE: 105 35 W
[TEMPERATURE DATA] [PRECIPITATION DATA] SYMBOLS USED IN COLUMN 16
AVERAGE MONTHLY: 73.0 TOTAL FOR MONTH: 3.39 1 = FOG OR MIST
DPTR FM NORMAL: 1.7 DPTR FM NORMAL: 1.60 2 = FOG REDUCING VISIBILITY
HIGHEST: 104 ON 17 GRTST 24HR 1.89 ON 8- 9 TO 1/4 MILE OR LESS
LOWEST: 44 ON 1 3 = THUNDER
SNOW, ICE PELLETS, HAIL 4 = ICE PELLETS
TOTAL MONTH: M 5 = HAIL
GRTST 24HR M ON M 6 = FREEZING RAIN OR DRIZZLE
GRTST DEPTH: M ON M 7 = DUSTSTORM OR SANDSTORM:
VSBY 1/2 MILE OR LESS
8 = SMOKE OR HAZE
[NO. OF DAYS WITH] [WEATHER - DAYS WITH] 9 = BLOWING SNOW
X = TORNADO
MAX 32 OR BELOW: 0 0.01 INCH OR MORE: 11
MAX 90 OR ABOVE: 15 0.10 INCH OR MORE: 5
MIN 32 OR BELOW: 0 0.50 INCH OR MORE: 3
MIN 0 OR BELOW: 0 1.00 INCH OR MORE: 1
[HDD (BASE 65) ]
TOTAL THIS MO. 0 CLEAR (SCALE 0-3) 23
DPTR FM NORMAL -14 PTCLDY (SCALE 4-7) 8
TOTAL FM JUL 1 0 CLOUDY (SCALE 8-10) 0
DPTR FM NORMAL -9
[CDD (BASE 65) ]
TOTAL THIS MO. 255
DPTR FM NORMAL 48 [PRESSURE DATA]
TOTAL FM JAN 1 310 HIGHEST SLP M ON M
DPTR FM NORMAL 24 LOWEST SLP 29.45 ON 18
[REMARKS]
#FINAL-07-22#