000
CXUS55 KGGW 010810
CF6OLF
PRELIMINARY LOCAL CLIMATOLOGICAL DATA (WS FORM: F-6)
STATION: WOLF POINT MT
MONTH: JULY
YEAR: 2021
LATITUDE: 48 5 N
LONGITUDE: 105 35 W
TEMPERATURE IN F: :PCPN: SNOW: WIND :SUNSHINE: SKY :PK WND
================================================================================
1 2 3 4 5 6A 6B 7 8 9 10 11 12 13 14 15 16 17 18
12Z AVG MX 2MIN
DY MAX MIN AVG DEP HDD CDD WTR SNW DPTH SPD SPD DIR MIN PSBL S-S WX SPD DR
================================================================================
1 100 61 81 13 0 16 0.00 M M 11.3 23 110 M M 0 33 120
2 101 71 86 18 0 21 0.00 M M 7.6 17 170 M M 0 28 150
3 104 64 84 15 0 19 0.00 M M 9.5 28 320 M M 0 40 300
4 96 58 77 8 0 12 0.00 M M 6.4 16 80 M M 0 23 70
5 89 67 78 9 0 13 0.00 M M 14.9 24 20 M M 1 33 30
6 76 60 68 -1 0 3 0.18 M M 12.7 20 100 M M 6 3 27 90
7 87 57 72 2 0 7 T M M 9.8 17 90 M M 5 38 25 80
8 92 56 74 4 0 9 0.40 M M 8.1 44 310 M M 0 123 62 320
9 87 55 71 1 0 6 T M M 5.3 15 70 M M 1 38 23 40
10 92 55 74 4 0 9 0.00 M M 4.4 14 90 M M 0 1 21 90
11 103 62 83 12 0 18 T M M 9.3 37 340 M M 0 3 51 340
12 90 57 74 3 0 9 0.00 M M 9.6 22 340 M M 0 33 330
13 88 51 70 -1 0 5 0.00 M M 4.7 15 100 M M 0 8 23 50
14 90 53 72 1 0 7 0.00 M M 2.5 12 160 M M 0 8 16 170
15 98 57 78 6 0 13 0.00 M M 4.4 13 180 M M 0 18 190
16 103 67 85 13 0 20 T M M 6.1 22 310 M M 0 38 27 310
17 99 71 85 13 0 20 0.00 M M 9.6 23 80 M M 1 3 29 80
18 103 64 84 12 0 19 0.00 M M 2.9 9 70 M M 0 8 12 40
19 107 63 85 13 0 20 0.00 M M 6.7 14 180 M M 0 20 170
20 92 69 81 9 0 16 T M M 8.1 21 70 M M 1 8 27 60
21 100 62 81 9 0 16 0.00 M M 6.5 15 320 M M 0 18 20 310
22 97 67 82 10 0 17 0.23 M M 6.6 41 270 M M 1 38 57 270
23 91 55 73 0 0 8 T M M 6.4 20 290 M M 0 1 27 290
24 94 51 73 0 0 8 0.00 M M 5.2 16 290 M M 1 8 24 250
25 100 52 76 3 0 11 0.00 M M 4.9 13 110 M M 0 18 110
26 98 52 75 2 0 10 0.00 M M 4.1 12 230 M M 0 8 14 230
27 101 65 83 10 0 18 0.00 M M 5.0 18 360 M M 0 8 26 350
28 92 65 79 6 0 14 0.00 M M 9.4 22 360 M M 1 31 350
29 86 66 76 3 0 11 0.00 M M 6.4 14 170 M M 2 23 190
30 97 56 77 4 0 12 0.00 M M 6.8 20 20 M M 0 8 29 70
31 92 55 74 1 0 9 0.00 M M 3.6 10 110 M M 0 15 80
================================================================================
SM 2945 1864 0 396 0.81 M 218.8 M 20
================================================================================
AV 95.0 60.1 7.1 FASTST M M 1 MAX(MPH)
MISC ----> 44 310 62 320
================================================================================
NOTES:
# LAST OF SEVERAL OCCURRENCES
COLUMN 17 PEAK WIND IN M.P.H.
PRELIMINARY LOCAL CLIMATOLOGICAL DATA (WS FORM: F-6) , PAGE 2
STATION: WOLF POINT MT
MONTH: JULY
YEAR: 2021
LATITUDE: 48 5 N
LONGITUDE: 105 35 W
[TEMPERATURE DATA] [PRECIPITATION DATA] SYMBOLS USED IN COLUMN 16
AVERAGE MONTHLY: 77.6 TOTAL FOR MONTH: 0.81 1 = FOG OR MIST
DPTR FM NORMAL: 6.3 DPTR FM NORMAL: -0.98 2 = FOG REDUCING VISIBILITY
HIGHEST: 107 ON 19 GRTST 24HR 0.40 ON 7- 8 TO 1/4 MILE OR LESS
LOWEST: 51 ON 24,13 3 = THUNDER
SNOW, ICE PELLETS, HAIL 4 = ICE PELLETS
TOTAL MONTH: M 5 = HAIL
GRTST 24HR M ON M 6 = FREEZING RAIN OR DRIZZLE
GRTST DEPTH: M ON M 7 = DUSTSTORM OR SANDSTORM:
VSBY 1/2 MILE OR LESS
8 = SMOKE OR HAZE
[NO. OF DAYS WITH] [WEATHER - DAYS WITH] 9 = BLOWING SNOW
X = TORNADO
MAX 32 OR BELOW: 0 0.01 INCH OR MORE: 3
MAX 90 OR ABOVE: 25 0.10 INCH OR MORE: 3
MIN 32 OR BELOW: 0 0.50 INCH OR MORE: 0
MIN 0 OR BELOW: 0 1.00 INCH OR MORE: 0
[HDD (BASE 65) ]
TOTAL THIS MO. 0 CLEAR (SCALE 0-3) 29
DPTR FM NORMAL -14 PTCLDY (SCALE 4-7) 2
TOTAL FM JUL 1 0 CLOUDY (SCALE 8-10) 0
DPTR FM NORMAL -9
[CDD (BASE 65) ]
TOTAL THIS MO. 396
DPTR FM NORMAL 189 [PRESSURE DATA]
TOTAL FM JAN 1 550 HIGHEST SLP M ON M
DPTR FM NORMAL 264 LOWEST SLP 29.65 ON 15
[REMARKS]
#FINAL-07-21#