000
CXUS55 KGGW 010910
CF6OLF
PRELIMINARY LOCAL CLIMATOLOGICAL DATA (WS FORM: F-6)
STATION: WOLF POINT MT
MONTH: FEBRUARY
YEAR: 2021
LATITUDE: 48 5 N
LONGITUDE: 105 35 W
TEMPERATURE IN F: :PCPN: SNOW: WIND :SUNSHINE: SKY :PK WND
================================================================================
1 2 3 4 5 6A 6B 7 8 9 10 11 12 13 14 15 16 17 18
12Z AVG MX 2MIN
DY MAX MIN AVG DEP HDD CDD WTR SNW DPTH SPD SPD DIR MIN PSBL S-S WX SPD DR
================================================================================
1 45 7 26 12 39 0 0.00 M M 3.5 8 90 M M 0 10 100
2 60 13 37 23 28 0 0.00 M M 1.7 8 60 M M 1 18 9 60
3 34 5 20 6 45 0 0.01 M M 12.0 24 350 M M 5 18 31 10
4 20 0 10 -4 55 0 T M M 8.5 17 320 M M 4 8 21 320
5 14 -6 4 -11 61 0 T M M 9.4 22 10 M M 6 8 27 10
6 -1 -19 -10 -25 75 0 T M M 6.9 15 70 M M 4 18 340
7 -1 -24 -12 -27 77 0 T M M 4.6 14 60 M M 7 8 17 70
8 -1 -31 -16 -31 81 0 0.00 M M 7.6 18 290 M M 1 24 290
9 -1 -19 -10 -26 75 0 0.00 M M 14.0 24 280 M M 0 29 270
10 -1 -23 -12 -28 77 0 T M M 8.2 16 320 M M 3 19 310
11 -10 -25 -17 -33 82 0 T M M 9.1 23 290 M M 6 8 27 300
12 -3 -23 -13 -30 78 0 T M M 8.8 18 280 M M 6 8 24 260
13 -2 -31 -16 -33 81 0 T M M 1.3 7 320 M M 3 8 9 330
14 3 -32 -14 -31 79 0 0.00 M M 3.1 9 60 M M 0 12 160
15 15 -18 -1 -19 66 0 0.00 M M 10.9 20 110 M M 3 24 130
16 12 2 7 -11 58 0 T M M 6.3 14 80 M M 10 8 18 90
17 18 -2 8 -10 57 0 T M M 6.5 18 310 M M 9 8 25 280
18 23 -9 7 -12 58 0 0.00 M M 6.9 20 260 M M 1 23 250
19 40 -10 15 -4 50 0 0.00 M M 5.0 10 230 M M 1 12 80
20 43 3 23 3 42 0 0.00 M M 8.0 21 270 M M 0 24 260
21 47 9 28 8 37 0 0.00 M M 11.1 25 270 M M 0 33 270
22 52 30 41 21 24 0 0.00 M M 13.3 40 310 M M 3 55 280
23 42 24 33 12 32 0 0.03 M M 11.4 31 320 M M 5 16 40 320
24 38 13 26 5 39 0 0.00 M M 8.3 20 300 M M 4 23 300
25 44 6 25 3 40 0 0.00 M M 9.5 28 280 M M 2 36 270
26 47 18 33 11 32 0 0.00 M M 9.8 23 310 M M 1 29 290
27 29 5 17 -5 48 0 0.00 M M 5.8 17 10 M M 7 8 22 10
28 45 1 23 0 42 0 0.00 M M 8.0 24 290 M M 2 33 290
================================================================================
SM 651 -136 1558 0 0.04 M 219.5 M 94
================================================================================
AV 23.3 -4.9 7.8 FASTST M M 3 MAX(MPH)
MISC ----> 40 310 55 280
================================================================================
NOTES:
# LAST OF SEVERAL OCCURRENCES
COLUMN 17 PEAK WIND IN M.P.H.
PRELIMINARY LOCAL CLIMATOLOGICAL DATA (WS FORM: F-6) , PAGE 2
STATION: WOLF POINT MT
MONTH: FEBRUARY
YEAR: 2021
LATITUDE: 48 5 N
LONGITUDE: 105 35 W
[TEMPERATURE DATA] [PRECIPITATION DATA] SYMBOLS USED IN COLUMN 16
AVERAGE MONTHLY: 9.2 TOTAL FOR MONTH: 0.04 1 = FOG OR MIST
DPTR FM NORMAL: -8.6 DPTR FM NORMAL: -0.17 2 = FOG REDUCING VISIBILITY
HIGHEST: 60 ON 2 GRTST 24HR 0.03 ON 23-23 TO 1/4 MILE OR LESS
LOWEST: -32 ON 14 3 = THUNDER
SNOW, ICE PELLETS, HAIL 4 = ICE PELLETS
TOTAL MONTH: M 5 = HAIL
GRTST 24HR M ON M 6 = FREEZING RAIN OR DRIZZLE
GRTST DEPTH: M ON M 7 = DUSTSTORM OR SANDSTORM:
VSBY 1/2 MILE OR LESS
8 = SMOKE OR HAZE
[NO. OF DAYS WITH] [WEATHER - DAYS WITH] 9 = BLOWING SNOW
X = TORNADO
MAX 32 OR BELOW: 16 0.01 INCH OR MORE: 2
MAX 90 OR ABOVE: 0 0.10 INCH OR MORE: 0
MIN 32 OR BELOW: 28 0.50 INCH OR MORE: 0
MIN 0 OR BELOW: 15 1.00 INCH OR MORE: 0
[HDD (BASE 65) ]
TOTAL THIS MO. 1558 CLEAR (SCALE 0-3) 14
DPTR FM NORMAL 236 PTCLDY (SCALE 4-7) 12
TOTAL FM JUL 1 6139 CLOUDY (SCALE 8-10) 2
DPTR FM NORMAL -482
[CDD (BASE 65) ]
TOTAL THIS MO. 0
DPTR FM NORMAL 0 [PRESSURE DATA]
TOTAL FM JAN 1 0 HIGHEST SLP M ON M
DPTR FM NORMAL 0 LOWEST SLP 29.54 ON 26
[REMARKS]
#FINAL-02-21#