000
CXUS55 KTWC 010855
CF6OLS
PRELIMINARY LOCAL CLIMATOLOGICAL DATA (WS FORM: F-6)
STATION: NOGALES AZ AIRPORT
MONTH: MARCH
YEAR: 2023
LATITUDE: 31 25 N
LONGITUDE: 110 51 W
TEMPERATURE IN F: :PCPN: SNOW: WIND :SUNSHINE: SKY :PK WND
================================================================================
1 2 3 4 5 6A 6B 7 8 9 10 11 12 13 14 15 16 17 18
12Z AVG MX 2MIN
DY MAX MIN AVG DEP HDD CDD WTR SNW DPTH SPD SPD DIR MIN PSBL S-S WX SPD DR
================================================================================
1 64 32 48 -6 17 0 0.10 M M 16.1 37 210 M M M 1 49 200
2 47 28 38 -16 27 0 0.20 M M 4.6 16 260 M M M 1 26 270
3 63 26 45 -9 20 0 0.00 M M 3.8 12 310 M M M 18 330
4 72 28 50 -4 15 0 0.00 M M 5.6 20 240 M M M 26 230
5 73 37 55 0 10 0 0.00 M M 5.3 17 230 M M M 25 230
6 74 40 57 2 8 0 0.00 M M 5.3 10 230 M M 1 18 270
7 77 49 63 8 2 0 T M M 6.0 18 230 M M 6 28 220
8 75 43 59 4 6 0 0.00 M M M M M M M M M M
9 78 37 58 3 7 0 0.00 M M 3.8 15 240 M M 0 21 250
10 81 37 59 3 6 0 0.00 M M 5.5 16 250 M M 0 26 270
11 77 46 62 6 3 0 0.00 M M 5.4 20 310 M M 0 29 290
12 74 47 61 5 4 0 0.00 M M 4.0 15 350 M M 0 23 350
13 74 39 57 1 8 0 0.00 M M 4.7 18 280 M M 0 26 270
14 79 39 59 3 6 0 0.00 M M 4.1 16 260 M M 0 23 250
15 71 48 60 3 5 0 0.17 M M 9.1 23 230 M M 7 1 35 220
16 64 45 55 -2 10 0 0.02 M M 6.6 17 220 M M 7 1 24 220
17 69 39 54 -3 11 0 0.00 M M 4.2 15 330 M M 2 21 140
18 69 35 52 -5 13 0 0.00 M M 5.4 18 110 M M 1 26 120
19 72 44 58 0 7 0 0.00 M M 6.5 21 230 M M 3 29 210
20 71 41 56 -2 9 0 0.00 M M 12.2 26 250 M M 2 41 220
21 69 51 60 2 5 0 0.00 M M 16.7 31 210 M M 2 43 220
22 67 50 59 1 6 0 0.00 M M 13.1 30 220 M M 5 46 210
23 63 40 52 -6 13 0 0.00 M M 5.6 17 310 M M 5 26 260
24 62 33 48 -10 17 0 0.00 M M 5.4 16 280 M M 0 24 290
25 67 30 49 -10 16 0 0.00 M M 6.9 21 260 M M 0 29 240
26 69 33 51 -8 14 0 0.00 M M 4.7 16 290 M M 0 23 270
27 71 31 51 -8 14 0 0.00 M M 5.3 15 280 M M 0 22 10
28 80 37 59 0 6 0 0.00 M M 4.8 20 230 M M 0 27 260
29 79 38 59 0 6 0 0.00 M M 10.1 24 230 M M 0 32 220
30 68 41 55 -4 10 0 0.00 M M 13.4 32 230 M M 0 45 240
31 70 33 52 -8 13 0 0.00 M M 4.7 14 20 M M 0 22 270
================================================================================
SM 2189 1197 314 0 0.49 M 208.9 M 41
================================================================================
AV 70.6 38.6 7.0 FASTST M M 2 MAX(MPH)
MISC ----> 37 210 49 200
================================================================================
NOTES:
# LAST OF SEVERAL OCCURRENCES
COLUMN 17 PEAK WIND IN M.P.H.
PRELIMINARY LOCAL CLIMATOLOGICAL DATA (WS FORM: F-6) , PAGE 2
STATION: NOGALES AZ AIRPORT
MONTH: MARCH
YEAR: 2023
LATITUDE: 31 25 N
LONGITUDE: 110 51 W
[TEMPERATURE DATA] [PRECIPITATION DATA] SYMBOLS USED IN COLUMN 16
AVERAGE MONTHLY: 54.6 TOTAL FOR MONTH: 0.49 1 = FOG OR MIST
DPTR FM NORMAL: -2.2 DPTR FM NORMAL: -0.14 2 = FOG REDUCING VISIBILITY
HIGHEST: 81 ON 10 GRTST 24HR 0.30 ON 1- 2 TO 1/4 MILE OR LESS
LOWEST: 26 ON 3 3 = THUNDER
SNOW, ICE PELLETS, HAIL 4 = ICE PELLETS
TOTAL MONTH: M 5 = HAIL
GRTST 24HR M ON M 6 = FREEZING RAIN OR DRIZZLE
GRTST DEPTH: M ON M 7 = DUSTSTORM OR SANDSTORM:
VSBY 1/2 MILE OR LESS
8 = SMOKE OR HAZE
[NO. OF DAYS WITH] [WEATHER - DAYS WITH] 9 = BLOWING SNOW
X = TORNADO
MAX 32 OR BELOW: 0 0.01 INCH OR MORE: 4
MAX 90 OR ABOVE: 0 0.10 INCH OR MORE: 3
MIN 32 OR BELOW: 6 0.50 INCH OR MORE: 0
MIN 0 OR BELOW: 0 1.00 INCH OR MORE: 0
[HDD (BASE 65) ]
TOTAL THIS MO. 314 CLEAR (SCALE 0-3) 19
DPTR FM NORMAL 54 PTCLDY (SCALE 4-7) 6
TOTAL FM JUL 1 2206 CLOUDY (SCALE 8-10) 6
DPTR FM NORMAL 312
[CDD (BASE 65) ]
TOTAL THIS MO. 0
DPTR FM NORMAL -5 [PRESSURE DATA]
TOTAL FM JAN 1 0 HIGHEST SLP M ON M
DPTR FM NORMAL -6 LOWEST SLP 29.55 ON 1
[REMARKS]
#FINAL-03-23#