000
CXAK56 PAFG 012057
CF6OME
PRELIMINARY LOCAL CLIMATOLOGICAL DATA (WS FORM: F-6)
STATION: NOME AK
MONTH: AUGUST
YEAR: 2021
LATITUDE: 64 30 N
LONGITUDE: 165 26 W
TEMPERATURE IN F: :PCPN: SNOW: WIND :SUNSHINE: SKY :PK WND
================================================================================
1 2 3 4 5 6A 6B 7 8 9 10 11 12 13 14 15 16 17 18
12Z AVG MX 2MIN
DY MAX MIN AVG DEP HDD CDD WTR SNW DPTH SPD SPD DIR MIN PSBL S-S WX SPD DR
================================================================================
1 56 47 52 1 13 0 0.82 M M 9.0 17 80 M M 10 1 23 50
2 63 55 59 8 6 0 0.12 M M 13.3 20 110 M M 10 1 25 110
3 73 55 64 13 1 0 0.00 M M 6.5 13 130 M M 2 18 150
4 79 54 67 16 0 2 0.00 M M 13.7 26 100 M M 3 32 100
5 60 50 55 4 10 0 T M M 16.8 25 260 M M 8 18 30 260
6 53 46 50 -1 15 0 0.08 M M 8.3 16 260 M M 10 1 19 260
7 54 46 50 -1 15 0 T M M 9.1 17 210 M M 9 20 210
8 62 48 55 4 10 0 0.00 M M 14.3 25 30 M M 7 8 32 20
9 62 49 56 5 9 0 0.00 M M 6.3 12 160 M M 7 15 190
10 55 43 49 -2 16 0 T M M 5.4 14 350 M M 8 17 350
11 50 41 46 -5 19 0 0.00 M M 6.7 15 20 M M 10 19 10
12 53 31 42 -9 23 0 0.00 M M 7.3 17 300 M M 1 23 300
13 48 39 44 -7 21 0 0.01 M M 11.0 20 240 M M 9 18 23 250
14 50 47 49 -1 16 0 0.16 M M 14.2 20 220 M M 10 1 24 210
15 51 45 48 -2 17 0 0.31 M M 8.1 20 260 M M 10 1 23 250
16 54 42 48 -2 17 0 0.20 M M 10.0 20 40 M M 7 18 27 30
17 53 34 44 -6 21 0 0.00 M M 5.3 16 10 M M 4 19 10
18 49 35 42 -8 23 0 0.20 M M 7.4 17 120 M M 6 8 22 110
19 52 45 49 -1 16 0 0.44 M M 11.1 25 90 M M 10 1 31 90
20 51 45 48 -2 17 0 T M M 14.0 21 270 M M 8 18 24 300
21 51 46 49 -1 16 0 T M M 9.3 20 240 M M 9 23 250
22 56 37 47 -3 18 0 0.00 M M 3.5 9 140 M M 1 11 70
23 58 38 48 -2 17 0 0.00 M M 4.9 13 260 M M 0 8 14 260
24 52 44 48 -2 17 0 0.01 M M 7.0 18 360 M M 8 8 23 360
25 47 33 40 -10 25 0 0.03 M M 13.3 28 220 M M 7 18 33 220
26 50 38 44 -6 21 0 0.16 M M 14.7 29 230 M M 6 1 35 220
27 49 34 42 -7 23 0 0.09 M M 11.4 22 200 M M 4 1 27 210
28 50 47 49 0 16 0 0.31 M M 15.8 30 200 M M 10 1 35 210
29 50 48 49 0 16 0 0.38 M M 14.6 21 220 M M 10 1 26 210
30 50 47 49 0 16 0 0.22 M M 8.3 20 220 M M 10 1 22 230
31 53 47 50 1 15 0 0.01 M M 4.6 8 340 M M 10 1 10 340
================================================================================
SM 1694 1356 485 2 3.55 M 305.2 M 224
================================================================================
AV 54.6 43.7 9.8 FASTST M M 7 MAX(MPH)
MISC ----> 30 200 # 35 220
================================================================================
NOTES:
# LAST OF SEVERAL OCCURRENCES
COLUMN 17 PEAK WIND IN M.P.H.
PRELIMINARY LOCAL CLIMATOLOGICAL DATA (WS FORM: F-6) , PAGE 2
STATION: NOME AK
MONTH: AUGUST
YEAR: 2021
LATITUDE: 64 30 N
LONGITUDE: 165 26 W
[TEMPERATURE DATA] [PRECIPITATION DATA] SYMBOLS USED IN COLUMN 16
AVERAGE MONTHLY: 49.2 TOTAL FOR MONTH: 3.55 1 = FOG OR MIST
DPTR FM NORMAL: -1.0 DPTR FM NORMAL: 0.33 2 = FOG REDUCING VISIBILITY
HIGHEST: 79 ON 4 GRTST 24HR 0.94 ON 1- 2 TO 1/4 MILE OR LESS
LOWEST: 31 ON 12 3 = THUNDER
SNOW, ICE PELLETS, HAIL 4 = ICE PELLETS
TOTAL MONTH: M 5 = HAIL
GRTST 24HR M ON M 6 = FREEZING RAIN OR DRIZZLE
GRTST DEPTH: M ON M 7 = DUSTSTORM OR SANDSTORM:
VSBY 1/2 MILE OR LESS
8 = SMOKE OR HAZE
[NO. OF DAYS WITH] [WEATHER - DAYS WITH] 9 = BLOWING SNOW
X = TORNADO
MAX 32 OR BELOW: 0 0.01 INCH OR MORE: 17
MAX 90 OR ABOVE: 0 0.10 INCH OR MORE: 11
MIN 32 OR BELOW: 1 0.50 INCH OR MORE: 1
MIN 0 OR BELOW: 0 1.00 INCH OR MORE: 0
[HDD (BASE 65) ]
TOTAL THIS MO. 485 CLEAR (SCALE 0-3) 5
DPTR FM NORMAL 26 PTCLDY (SCALE 4-7) 9
TOTAL FM JUL 1 926 CLOUDY (SCALE 8-10) 17
DPTR FM NORMAL 66
[CDD (BASE 65) ]
TOTAL THIS MO. 2
DPTR FM NORMAL 2 [PRESSURE DATA]
TOTAL FM JAN 1 2 HIGHEST SLP 30.21 ON 21
DPTR FM NORMAL -1 LOWEST SLP 29.43 ON 26
[REMARKS]
#FINAL-08-21#