078
CXUS56 KOTX 011010
CF6OMK
PRELIMINARY LOCAL CLIMATOLOGICAL DATA (WS FORM: F-6)
STATION: OMAK WA AIRPORT
MONTH: FEBRUARY
YEAR: 2021
LATITUDE: 48 27 N
LONGITUDE: 119 31 W
TEMPERATURE IN F: :PCPN: SNOW: WIND :SUNSHINE: SKY :PK WND
================================================================================
1 2 3 4 5 6A 6B 7 8 9 10 11 12 13 14 15 16 17 18
12Z AVG MX 2MIN
DY MAX MIN AVG DEP HDD CDD WTR SNW DPTH SPD SPD DIR MIN PSBL S-S WX SPD DR
================================================================================
1 39 35 37 8 28 0 0.43 M M 1.6 7 290 M M 10 12 8 250
2 43 31 37 7 28 0 0.00 M M 7.3 16 170 M M 3 12 21 160
3 45 25 35 5 30 0 0.00 M M 5.1 12 350 M M 1 14 360
4 40 24 32 2 33 0 0.00 M M 0.9 6 340 M M 5 8 10
5 52 31 42 12 23 0 0.00 M M 6.1 16 360 M M 1 21 10
6 51 30 41 11 24 0 0.12 M M 10.4 30 10 M M 6 1 35 360
7 40 28 34 4 31 0 0.00 M M 9.2 24 360 M M 5 29 360
8 31 21 26 -4 39 0 0.00 M M 19.6 28 20 M M 10 33 10
9 24 13 19 -12 46 0 0.00 M M 13.8 25 10 M M 8 32 360
10 24 13 19 -12 46 0 0.00 M M 15.8 25 10 M M 8 33 360
11 17 11 14 -17 51 0 0.00 M M 21.1 30 10 M M 10 38 10
12 19 11 15 -16 50 0 0.00 M M 17.3 26 10 M M 10 35 360
13 22 15 19 -12 46 0 0.02 M M 7.0 16 10 M M 10 18 19 10
14 26 19 23 -8 42 0 0.05 M M 3.5 12 210 M M 9 18 15 190
15 29 11 20 -12 45 0 0.10 M M 1.5 7 280 M M 8 1 8 270
16 30 10 20 -12 45 0 0.00 M M 2.3 13 360 M M 5 15 360
17 40 17 29 -3 36 0 T M M 5.5 17 350 M M 4 1 21 360
18 30 14 22 -10 43 0 0.02 M M 1.6 8 290 M M 7 1 8 290
19 33 27 30 -3 35 0 T M M 4.8 12 200 M M 10 14 190
20 33 24 29 -4 36 0 0.00 M M 5.0 13 190 M M 7 15 210
21 45 32 39 6 26 0 0.00 M M 12.7 30 160 M M 5 38 160
22 54 35 45 12 20 0 0.00 M M 9.2 26 160 M M 1 32 160
23 48 30 39 5 26 0 T M M 7.3 24 10 M M 3 29 10
24 45 28 37 3 28 0 0.00 M M 9.4 17 190 M M 0 35 220
25 45 34 40 6 25 0 0.00 M M 12.2 25 180 M M 7 31 190
26 49 31 40 5 25 0 T M M 7.9 25 360 M M 4 1 31 20
27 45 25 35 0 30 0 0.00 M M 6.4 16 20 M M 1 20 10
28 52 27 40 5 25 0 0.00 M M 6.2 14 210 M M 2 26 240
================================================================================
SM 1051 652 962 0 0.74 M 230.7 M 160
================================================================================
AV 37.5 23.3 8.2 FASTST M M 6 MAX(MPH)
MISC ----> # 30 10 # 38 10
================================================================================
NOTES:
# LAST OF SEVERAL OCCURRENCES
COLUMN 17 PEAK WIND IN M.P.H.
PRELIMINARY LOCAL CLIMATOLOGICAL DATA (WS FORM: F-6) , PAGE 2
STATION: OMAK WA AIRPORT
MONTH: FEBRUARY
YEAR: 2021
LATITUDE: 48 27 N
LONGITUDE: 119 31 W
[TEMPERATURE DATA] [PRECIPITATION DATA] SYMBOLS USED IN COLUMN 16
AVERAGE MONTHLY: 30.4 TOTAL FOR MONTH: 0.74 1 = FOG OR MIST
DPTR FM NORMAL: -1.4 DPTR FM NORMAL: -0.67 2 = FOG REDUCING VISIBILITY
HIGHEST: 54 ON 22 GRTST 24HR 0.43 ON 1- 1 TO 1/4 MILE OR LESS
LOWEST: 10 ON 16 3 = THUNDER
SNOW, ICE PELLETS, HAIL 4 = ICE PELLETS
TOTAL MONTH: M 5 = HAIL
GRTST 24HR M ON M 6 = FREEZING RAIN OR DRIZZLE
GRTST DEPTH: M ON M 7 = DUSTSTORM OR SANDSTORM:
VSBY 1/2 MILE OR LESS
8 = SMOKE OR HAZE
[NO. OF DAYS WITH] [WEATHER - DAYS WITH] 9 = BLOWING SNOW
X = TORNADO
MAX 32 OR BELOW: 10 0.01 INCH OR MORE: 6
MAX 90 OR ABOVE: 0 0.10 INCH OR MORE: 3
MIN 32 OR BELOW: 25 0.50 INCH OR MORE: 0
MIN 0 OR BELOW: 0 1.00 INCH OR MORE: 0
[HDD (BASE 65) ]
TOTAL THIS MO. 962 CLEAR (SCALE 0-3) 7
DPTR FM NORMAL 34 PTCLDY (SCALE 4-7) 14
TOTAL FM JUL 1 4371 CLOUDY (SCALE 8-10) 7
DPTR FM NORMAL -490
[CDD (BASE 65) ]
TOTAL THIS MO. 0
DPTR FM NORMAL 0 [PRESSURE DATA]
TOTAL FM JAN 1 0 HIGHEST SLP M ON M
DPTR FM NORMAL 0 LOWEST SLP 29.67 ON 1
[REMARKS]
#FINAL-02-21#