000
CXUS56 KBOI 011750
CF6ONO
PRELIMINARY LOCAL CLIMATOLOGICAL DATA (WS FORM: F-6)
STATION: ONTARIO OR
MONTH: JANUARY
YEAR: 2024
LATITUDE: 44 1 N
LONGITUDE: 117 1 W
TEMPERATURE IN F: :PCPN: SNOW: WIND :SUNSHINE: SKY :PK WND
================================================================================
1 2 3 4 5 6A 6B 7 8 9 10 11 12 13 14 15 16 17 18
12Z AVG MX 2MIN
DY MAX MIN AVG DEP HDD CDD WTR SNW DPTH SPD SPD DIR MIN PSBL S-S WX SPD DR
================================================================================
1 40 26 33 3 32 0 0.00 M M 1.8 7 100 M M 6 128 9 130
2 36 30 33 3 32 0 0.00 M M 2.3 9 140 M M 9 128 13 130
3 38 32 35 5 30 0 0.02 M M 2.8 10 250 M M 10 12 12 250
4 43 29 36 6 29 0 0.01 M M 1.4 7 100 M M 9 12 9 120
5 47 30 39 9 26 0 T M M 6.7 26 320 M M 3 1 33 320
6 41 29 35 5 30 0 0.30 M M 6.3 21 140 M M 7 12 30 150
7 34 17 26 -4 39 0 0.00 M M 3.2 14 250 M M 4 18 15 260
8 31 12 22 -8 43 0 0.04 M M 2.0 7 330 M M 5 128 8 70
9 43 31 37 7 28 0 0.10 M M 7.9 22 240 M M 6 1 31 250
10 39 26 33 3 32 0 0.02 M M 5.3 15 280 M M 6 1 21 280
11 41 23 32 1 33 0 0.00 M M 9.3 29 250 M M 7 37 250
12 38 17 28 -3 37 0 0.04 M M 12.1 24 340 M M 10 1 32 340
13 18 11 15 -16 50 0 0.31 M M 7.0 21 340 M M 10 128 26 340
14 23 5 14 -17 51 0 0.01 M M 3.7 15 260 M M 7 16 260
15 19 -3 8 -23 57 0 0.00 M M 5.5 14 250 M M 0 16 260
16 12 -8 2 -29 63 0 0.06 M M 3.1 9 250 M M 3 128 11 250
17 21 11 16 -15 49 0 0.21 M M 2.4 8 250 M M 10 18 9 250
18 31 20 26 -5 39 0 0.05 M M 1.5 9 270 M M 10 168 10 270
19 37 28 33 2 32 0 0.01 M M 2.8 8 260 M M 7 18 11 250
20 41 28 35 3 30 0 0.03 M M 3.2 10 240 M M 6 18 12 250
21 39 34 37 5 28 0 0.13 M M 3.6 12 250 M M 10 12 14 250
22 42 35 39 7 26 0 0.29 M M 2.7 9 260 M M 10 12 11 250
23 38 33 36 4 29 0 0.02 M M 2.1 10 100 M M 10 12 14 110
24 37 34 36 4 29 0 0.24 M M 3.6 8 270 M M 10 12 10 260
25 38 29 34 2 31 0 0.06 M M 3.1 13 260 M M 8 12 15 260
26 39 31 35 3 30 0 0.01 M M 3.4 9 250 M M 10 12 10 250
27 47 36 42 9 23 0 0.17 M M 3.6 9 270 M M 9 1 12 270
28 51 36 44 11 21 0 0.06 M M 3.2 8 260 M M 7 1 11 260
29 53 33 43 10 22 0 0.00 M M 3.0 9 270 M M 4 12 11 270
30 52 31 42 9 23 0 0.00 M M 3.2 12 250 M M 2 12 14 270
31 54 32 43 10 22 0 0.00 M M 3.9 12 260 M M 3 12 14 10
================================================================================
SM 1163 758 1046 0 2.19 M 125.7 M 218
================================================================================
AV 37.5 24.5 4.1 FASTST M M 7 MAX(MPH)
MISC ----> 29 250 37 250
================================================================================
NOTES:
# LAST OF SEVERAL OCCURRENCES
COLUMN 17 PEAK WIND IN M.P.H.
PRELIMINARY LOCAL CLIMATOLOGICAL DATA (WS FORM: F-6) , PAGE 2
STATION: ONTARIO OR
MONTH: JANUARY
YEAR: 2024
LATITUDE: 44 1 N
LONGITUDE: 117 1 W
[TEMPERATURE DATA] [PRECIPITATION DATA] SYMBOLS USED IN COLUMN 16
AVERAGE MONTHLY: 31.0 TOTAL FOR MONTH: 2.19 1 = FOG OR MIST
DPTR FM NORMAL: -0.3 DPTR FM NORMAL: 0.81 2 = FOG REDUCING VISIBILITY
HIGHEST: 54 ON 31 GRTST 24HR 0.31 ON 13-13 TO 1/4 MILE OR LESS
LOWEST: -8 ON 16 3 = THUNDER
SNOW, ICE PELLETS, HAIL 4 = ICE PELLETS
TOTAL MONTH: M 5 = HAIL
GRTST 24HR M ON M 6 = FREEZING RAIN OR DRIZZLE
GRTST DEPTH: M ON M 7 = DUSTSTORM OR SANDSTORM:
VSBY 1/2 MILE OR LESS
8 = SMOKE OR HAZE
[NO. OF DAYS WITH] [WEATHER - DAYS WITH] 9 = BLOWING SNOW
X = TORNADO
MAX 32 OR BELOW: 7 0.01 INCH OR MORE: 22
MAX 90 OR ABOVE: 0 0.10 INCH OR MORE: 8
MIN 32 OR BELOW: 24 0.50 INCH OR MORE: 0
MIN 0 OR BELOW: 2 1.00 INCH OR MORE: 0
[HDD (BASE 65) ]
TOTAL THIS MO. 1046 CLEAR (SCALE 0-3) 5
DPTR FM NORMAL 2 PTCLDY (SCALE 4-7) 13
TOTAL FM JUL 1 2994 CLOUDY (SCALE 8-10) 13
DPTR FM NORMAL -304
[CDD (BASE 65) ]
TOTAL THIS MO. 0
DPTR FM NORMAL 0 [PRESSURE DATA]
TOTAL FM JAN 1 0 HIGHEST SLP 30.65 ON 16
DPTR FM NORMAL 0 LOWEST SLP 29.62 ON 10
[REMARKS]
#FINAL-01-24#