227
CXUS54 KMRX 011000
CF6OQT
PRELIMINARY LOCAL CLIMATOLOGICAL DATA (WS FORM: F-6)
STATION: OAK_RIDGE_(ASOS)
MONTH: APRIL
YEAR: 2020
LATITUDE: 36 1 N
LONGITUDE: 84 14 W
TEMPERATURE IN F: :PCPN: SNOW: WIND :SUNSHINE: SKY :PK WND
================================================================================
1 2 3 4 5 6A 6B 7 8 9 10 11 12 13 14 15 16 17 18
12Z AVG MX 2MIN
DY MAX MIN AVG DEP HDD CDD WTR SNW DPTH SPD SPD DIR MIN PSBL S-S WX SPD DR
================================================================================
1 53 40 47 -8 18 0 T M M 2.6 9 320 M M 9 14 320
2 64 35 50 -5 15 0 T M M 1.9 9 80 M M 0 15 80
3 75 39 57 1 8 0 0.00 M M 0.9 10 100 M M 0 14 90
4 77 50 64 8 1 0 0.00 M M 1.6 9 90 M M 1 13 80
5 83 49 66 10 0 1 0.03 M M 1.5 9 210 M M 3 14 210
6 82 51 67 11 0 2 T M M 1.7 13 280 M M 2 17 290
7 83 57 70 13 0 5 0.00 M M 4.0 13 200 M M 3 21 260
8 84 61 73 16 0 8 0.00 M M 4.0 10 260 M M 4 8 17 260
9 72 53 63 6 2 0 0.07 M M 6.7 22 270 M M 2 1 35 260
10 60 40 50 -7 15 0 0.00 M M 4.8 13 330 M M 1 20 10
11 70 33 52 -6 13 0 0.00 M M 1.2 8 260 M M 1 13 190
12 61 52 57 -1 8 0 2.72 M M 1.7 9 80 M M 8 1 13 100
13 64 45 55 -3 10 0 0.46 M M 5.5 16 260 M M 7 1 28 280
14 62 40 51 -7 14 0 0.00 M M 3.7 13 340 M M 6 19 360
15 61 32 47 -12 18 0 0.00 M M 2.3 14 330 M M 0 24 330
16 64 35 50 -9 15 0 0.00 M M 2.1 9 160 M M 0 16 150
17 75 36 56 -3 9 0 0.01 M M 4.6 15 200 M M 1 29 200
18 62 43 53 -6 12 0 0.34 M 0 3.2 10 90 M M 4 1 19 330
19 67 38 53 -7 12 0 0.39 M M 2.1 8 270 M M 6 1 13 200
20 73 49 61 1 4 0 0.61 M M 3.0 14 280 M M 4 1 21 250
21 74 52 63 3 2 0 T M M 5.9 16 280 M M 3 28 280
22 70 41 56 -4 9 0 T 0.0 0 1.4 8 170 M M 1 11 160
23 68 53 61 0 4 0 0.85 M M 1.3 8 190 M M 10 1 16 190
24 71 52 62 1 3 0 T M M 3.0 9 320 M M 6 1 16 360
25 63 50 57 -4 8 0 0.51 M M 1.8 10 280 M M 4 1 17 280
26 58 47 53 -8 12 0 0.06 0.0 0 5.0 14 280 M M 10 1 23 290
27 71 39 55 -7 10 0 T M M 1.5 8 160 M M 1 1 13 160
28 77 45 61 -1 4 0 T M M 1.3 10 230 M M 4 17 220
29 75 52 64 2 1 0 0.70 M M 2.7 16 180 M M 5 1 28 190
30 58 50 54 -8 11 0 0.02 M 0 3.4 12 270 M M 9 19 270
================================================================================
SM 2077 1359 238 16 6.77 0.0 86.4 M 115
================================================================================
AV 69.2 45.3 2.9 FASTST M M 4 MAX(MPH)
MISC ----> # 22 270 # 35 260
================================================================================
NOTES:
# LAST OF SEVERAL OCCURRENCES
COLUMN 17 PEAK WIND IN M.P.H.
PRELIMINARY LOCAL CLIMATOLOGICAL DATA (WS FORM: F-6) , PAGE 2
STATION: OAK_RIDGE_(ASOS)
MONTH: APRIL
YEAR: 2020
LATITUDE: 36 1 N
LONGITUDE: 84 14 W
[TEMPERATURE DATA] [PRECIPITATION DATA] SYMBOLS USED IN COLUMN 16
AVERAGE MONTHLY: 57.3 TOTAL FOR MONTH: 6.77 1 = FOG OR MIST
DPTR FM NORMAL: -1.5 DPTR FM NORMAL: 2.59 2 = FOG REDUCING VISIBILITY
HIGHEST: 84 ON 8 GRTST 24HR 2.72 ON 12-12 TO 1/4 MILE OR LESS
LOWEST: 32 ON 15 3 = THUNDER
SNOW, ICE PELLETS, HAIL 4 = ICE PELLETS
TOTAL MONTH: 0.0 INCH 5 = HAIL
GRTST 24HR 0.0 6 = FREEZING RAIN OR DRIZZLE
GRTST DEPTH: 0 7 = DUSTSTORM OR SANDSTORM:
VSBY 1/2 MILE OR LESS
8 = SMOKE OR HAZE
[NO. OF DAYS WITH] [WEATHER - DAYS WITH] 9 = BLOWING SNOW
X = TORNADO
MAX 32 OR BELOW: 0 0.01 INCH OR MORE: 13
MAX 90 OR ABOVE: 0 0.10 INCH OR MORE: 8
MIN 32 OR BELOW: 1 0.50 INCH OR MORE: 5
MIN 0 OR BELOW: 0 1.00 INCH OR MORE: 1
[HDD (BASE 65) ]
TOTAL THIS MO. 238 CLEAR (SCALE 0-3) 14
DPTR FM NORMAL 23 PTCLDY (SCALE 4-7) 12
TOTAL FM JUL 1 2980 CLOUDY (SCALE 8-10) 4
DPTR FM NORMAL -655
[CDD (BASE 65) ]
TOTAL THIS MO. 16
DPTR FM NORMAL -11 [PRESSURE DATA]
TOTAL FM JAN 1 42 HIGHEST SLP 30.39 ON 16
DPTR FM NORMAL 11 LOWEST SLP 29.46 ON 13
[REMARKS]
#FINAL-04-20#