000
CXUS51 KAKQ 010710
CF6ORF
PRELIMINARY LOCAL CLIMATOLOGICAL DATA (WS FORM: F-6)
STATION: NORFOLK VA
MONTH: MARCH
YEAR: 2024
LATITUDE: 36 54 N
LONGITUDE: 76 12 W
TEMPERATURE IN F: :PCPN: SNOW: WIND :SUNSHINE: SKY :PK WND
================================================================================
1 2 3 4 5 6A 6B 7 8 9 10 11 12 13 14 15 16 17 18
12Z AVG MX 2MIN
DY MAX MIN AVG DEP HDD CDD WTR SNW DPTH SPD SPD DIR MIN PSBL S-S WX SPD DR
================================================================================
1 54 35 45 -2 20 0 T 0.0 0 7.0 17 140 M M 3 25 100
2 68 52 60 13 5 0 1.48 0.0 0 7.0 20 120 M M 8 1 32 130
3 63 46 55 8 10 0 0.00 0.0 0 4.9 12 30 M M 1 13 30
4 54 50 52 4 13 0 1.52 0.0 0 12.0 24 50 M M 8 1 35 40
5 62 52 57 9 8 0 0.03 0.0 0 7.1 20 60 M M 10 1 30 70
6 62 50 56 8 9 0 1.34 0.0 0 7.0 14 30 M M 9 12 19 320
7 61 51 56 8 9 0 0.00 0.0 0 7.3 18 10 M M 8 1 27 20
8 53 45 49 1 16 0 0.00 0.0 0 9.2 20 70 M M 6 29 110
9 68 45 57 8 8 0 0.38 0.0 0 11.7 22 180 M M 9 1 36 190
10 60 43 52 3 13 0 0.00 0.0 0 9.6 20 310 M M 6 40 310
11 59 41 50 1 15 0 0.00 0.0 0 10.0 20 290 M M 0 37 290
12 73 42 58 8 7 0 0.00 0.0 0 6.9 17 240 M M 0 25 240
13 72 46 59 9 6 0 0.00 0.0 0 5.3 10 40 M M 0 14 40
14 81 46 64 14 1 0 0.00 0.0 0 8.0 21 210 M M 0 28 220
15 81 61 71 21 0 6 0.04 0.0 0 10.6 20 220 M M 4 1 30 220
16 63 51 57 7 8 0 T 0.0 0 10.9 20 360 M M 3 29 10
17 73 51 62 11 3 0 0.00 0.0 0 10.4 18 230 M M 2 26 220
18 66 42 54 3 11 0 0.01 0.0 0 12.2 29 360 M M 7 43 350
19 55 39 47 -4 18 0 0.00 0.0 0 11.5 21 360 M M 1 32 360
20 71 45 58 6 7 0 0.00 0.0 0 13.1 28 20 M M 0 42 20
21 51 42 47 -5 18 0 0.00 0.0 0 10.8 24 30 M M 0 33 30
22 61 41 51 -1 14 0 0.27 0.0 0 9.4 17 160 M M 6 1 27 170
23 66 45 56 4 9 0 2.01 0.0 0 14.5 30 360 M M 8 1 42 360
24 48 39 44 -9 21 0 T 0.0 0 19.2 32 20 M M 2 51 20
25 51 44 48 -5 17 0 T 0.0 0 15.2 22 40 M M 2 30 70
26 48 44 46 -7 19 0 0.00 0.0 0 9.5 17 40 M M 8 18 24 40
27 50 44 47 -7 18 0 0.15 0.0 0 6.9 17 20 M M 10 1 22 10
28 50 46 48 -6 17 0 3.06 0.0 0 11.7 24 360 M M 9 13 36 20
29 67 44 56 2 9 0 0.00 0.0 0 6.5 20 250 M M 2 32 230
30 77 40 59 4 6 0 0.00 0.0 0 8.3 22 210 M M 0 30 210
31 73 52 63 8 2 0 0.01 0.0 0 7.2 20 220 M M 2 25 220
================================================================================
SM 1941 1414 337 6 10.30 0.0 300.9 M 134
================================================================================
AV 62.6 45.6 9.7 FASTST M M 4 MAX(MPH)
MISC ----> 32 20 51 20
================================================================================
NOTES:
# LAST OF SEVERAL OCCURRENCES
COLUMN 17 PEAK WIND IN M.P.H.
PRELIMINARY LOCAL CLIMATOLOGICAL DATA (WS FORM: F-6) , PAGE 2
STATION: NORFOLK VA
MONTH: MARCH
YEAR: 2024
LATITUDE: 36 54 N
LONGITUDE: 76 12 W
[TEMPERATURE DATA] [PRECIPITATION DATA] SYMBOLS USED IN COLUMN 16
AVERAGE MONTHLY: 54.1 TOTAL FOR MONTH: 10.30 1 = FOG OR MIST
DPTR FM NORMAL: 3.4 DPTR FM NORMAL: 6.61 2 = FOG REDUCING VISIBILITY
HIGHEST: 81 ON 15,14 GRTST 24HR 3.21 ON 27-28 TO 1/4 MILE OR LESS
LOWEST: 35 ON 1 3 = THUNDER
SNOW, ICE PELLETS, HAIL 4 = ICE PELLETS
TOTAL MONTH: 0.0 INCH 5 = HAIL
GRTST 24HR 0.0 6 = FREEZING RAIN OR DRIZZLE
GRTST DEPTH: 0 7 = DUSTSTORM OR SANDSTORM:
VSBY 1/2 MILE OR LESS
8 = SMOKE OR HAZE
[NO. OF DAYS WITH] [WEATHER - DAYS WITH] 9 = BLOWING SNOW
X = TORNADO
MAX 32 OR BELOW: 0 0.01 INCH OR MORE: 12
MAX 90 OR ABOVE: 0 0.10 INCH OR MORE: 8
MIN 32 OR BELOW: 0 0.50 INCH OR MORE: 5
MIN 0 OR BELOW: 0 1.00 INCH OR MORE: 5
[HDD (BASE 65) ]
TOTAL THIS MO. 337 CLEAR (SCALE 0-3) 16
DPTR FM NORMAL -116 PTCLDY (SCALE 4-7) 7
TOTAL FM JUL 1 2473 CLOUDY (SCALE 8-10) 8
DPTR FM NORMAL -340
[CDD (BASE 65) ]
TOTAL THIS MO. 6
DPTR FM NORMAL -3 [PRESSURE DATA]
TOTAL FM JAN 1 15 HIGHEST SLP M ON M
DPTR FM NORMAL 4 LOWEST SLP 29.53 ON 9
[REMARKS]
#FINAL-03-24#