000
CXUS51 KAKQ 021819
CLMORF
CLIMATE REPORT
NATIONAL WEATHER SERVICE WAKEFIELD VA
219 PM EDT MON OCT 02 2023
...................................
...THE NORFOLK VA CLIMATE SUMMARY FOR THE MONTH OF SEPTEMBER 2023...
CLIMATE NORMAL PERIOD: 1991 TO 2020
CLIMATE RECORD PERIOD: 1871 TO 2023
WEATHER OBSERVED NORMAL DEPART LAST YEAR`S
VALUE DATE(S) VALUE FROM VALUE DATE(S)
NORMAL
................................................................
TEMPERATURE (F)
RECORD
HIGH 100 09/23/1895
09/19/1895
LOW 40 09/30/1888
HIGHEST 96 09/07 92 4 96 09/22
LOWEST 60 09/02 56 4 58 09/23
AVG. MAXIMUM 80.9 81.4 -0.5 83.0
AVG. MINIMUM 68.0 66.6 1.4 66.4
MEAN 74.4 74.0 0.4 74.7
DAYS MAX >= 90 4 2.0 2.0 4
DAYS MAX <= 32 0 0.0 0.0 0
DAYS MIN <= 32 0 0.0 0.0 0
DAYS MIN <= 0 0 0.0 0.0 0
PRECIPITATION (INCHES)
RECORD
MAXIMUM 13.80 1979
MINIMUM 0.17 1884
TOTALS 2.89 5.40 -2.51 3.78
DAILY AVG. 0.10 0.18 -0.08 0.13
DAYS >= .01 8 9.4 -1.4 5
DAYS >= .10 3 5.9 -2.9 3
DAYS >= .50 2 2.6 -0.6 1
DAYS >= 1.00 1 1.6 -0.6 1
GREATEST
24 HR. TOTAL 2.51 09/22 TO 09/23
SNOWFALL (INCHES)
RECORDS
TOTAL 0.0 0
TOTALS 0.0
SINCE 7/1 0.0 0.0 0.0 MM
SNOWDEPTH AVG. 0 0
DAYS >= 1.0 0 0.0 0.0 0
GREATEST
SNOW DEPTH 0 0 MM
24 HR TOTAL 0.0 MM 0.0
DEGREE DAYS
HEATING TOTAL 0
SINCE 7/1 0 3 -3 MM
COOLING TOTAL 291 275 16 300
SINCE 1/1 1681 1785 -104 MM
................................................................
WIND (MPH)
AVERAGE WIND SPEED 8.8
HIGHEST WIND SPEED/DIRECTION 45/030 DATE 09/22
HIGHEST GUST SPEED/DIRECTION 55/030 DATE 09/22
SKY COVER
POSSIBLE SUNSHINE (PERCENT) MM
AVERAGE SKY COVER 0.41
AVERAGE RH (PERCENT) 74
WEATHER CONDITIONS. NUMBER OF DAYS WITH
THUNDERSTORM 4 MIXED PRECIP 0
HEAVY RAIN 3 RAIN 4
LIGHT RAIN 11 FREEZING RAIN 0
LT FREEZING RAIN 0 HAIL 0
HEAVY SNOW 0 SNOW 0
LIGHT SNOW 0 SLEET 0
FOG 8 FOG W/VIS <= 1/4 MILE 0
HAZE 3
- INDICATES NEGATIVE NUMBERS.
R INDICATES RECORD WAS SET OR TIED.
MM INDICATES DATA IS MISSING.
T INDICATES TRACE AMOUNT.
$$