000
CXUS52 KMLB 010736
CF6ORL
PRELIMINARY LOCAL CLIMATOLOGICAL DATA (WS FORM: F-6)
STATION: ORLANDO EXEC
MONTH: OCTOBER
YEAR: 2020
LATITUDE: 28 32 N
LONGITUDE: 81 20 W
TEMPERATURE IN F: :PCPN: SNOW: WIND :SUNSHINE: SKY :PK WND
================================================================================
1 2 3 4 5 6A 6B 7 8 9 10 11 12 13 14 15 16 17 18
12Z AVG MX 2MIN
DY MAX MIN AVG DEP HDD CDD WTR SNW DPTH SPD SPD DIR MIN PSBL S-S WX SPD DR
================================================================================
1 84 70 77 -3 0 12 0.00 0.0 0 7.0 13 10 M M 7 17 10
2 84 67 76 -4 0 11 0.00 0.0 0 5.9 13 70 M M 0 16 20
3 81 70 76 -3 0 11 0.14 0.0 0 8.9 16 20 M M 5 1 20 20
4 80 73 77 -2 0 12 0.05 0.0 0 7.4 15 20 M M 8 1 20 30
5 86 74 80 1 0 15 0.01 0.0 0 8.2 15 70 M M 4 1 19 70
6 93 76 85 6 0 20 0.00 0.0 0 8.6 18 80 M M 3 23 80
7 94 77 86 8 0 21 0.66 0.0 0 5.8 20 160 M M 3 13 22 150
8 92 77 85 7 0 20 0.00 0.0 0 5.9 13 70 M M 2 1 16 70
9 87 76 82 4 0 17 0.19 0.0 0 6.9 17 100 M M 3 18 22 110
10 92 75 84 6 0 19 0.07 0.0 0 7.4 16 130 M M 3 1 27 190
11 91 77 84 7 0 19 T 0.0 0 8.1 21 270 M M 2 3 24 280
12 89 75 82 5 0 17 0.00 0.0 0 7.1 15 290 M M 1 21 310
13 89 74 82 5 0 17 0.00 0.0 0 5.8 13 310 M M 3 1 17 310
14 91 72 82 6 0 17 0.00 0.0 0 5.0 15 80 M M 1 19 80
15 91 72 82 6 0 17 0.00 0.0 0 4.6 15 110 M M 2 17 110
16 91 74 83 7 0 18 0.00 0.0 0 4.8 12 70 M M 0 16 20
17 87 73 80 4 0 15 0.30 0.0 0 8.7 17 30 M M 3 1 23 20
18 86 73 80 5 0 15 0.19 0.0 0 8.6 26 70 M M 5 18 32 60
19 86 74 80 5 0 15 0.57 0.0 0 7.8 23 130 M M 4 3 28 140
20 86 76 81 6 0 16 0.13 0.0 0 8.3 21 60 M M M 18 30 60
21 88 74 81 6 0 16 0.06 0.0 0 8.8 22 100 M M 3 1 31 100
22 86 74 80 6 0 15 0.04 0.0 0 7.5 22 80 M M 3 8 27 90
23 85 73 79 5 0 14 0.06 0.0 0 6.5 17 80 M M 5 1 20 80
24 88 73 81 7 0 16 T 0.0 0 5.8 15 80 M M 2 20 80
25 90 74 82 8 0 17 0.00 0.0 0 4.9 16 70 M M 4 20 70
26 87 73 80 7 0 15 0.00 0.0 0 8.9 18 70 M M 4 21 70
27 89 76 83 10 0 18 0.01 0.0 0 9.3 18 80 M M 4 22 80
28 90 75 83 10 0 18 0.00 0.0 0 9.9 17 120 M M 2 20 120
29 91 76 84 12 0 19 0.00 0.0 0 11.7 20 220 M M 3 25 210
30 81 67 74 2 0 9 0.01 0.0 0 7.4 20 300 M M 2 1 24 260
31 86 64 75 3 0 10 0.00 0.0 0 7.7 17 70 M M 1 21 80
================================================================================
SM 2721 2274 0 491 2.49 0.0 229.2 M 92
================================================================================
AV 87.8 73.4 7.4 FASTST M M 3 MAX(MPH)
MISC ----> 26 70 32 60
================================================================================
NOTES:
# LAST OF SEVERAL OCCURRENCES
COLUMN 17 PEAK WIND IN M.P.H.
PRELIMINARY LOCAL CLIMATOLOGICAL DATA (WS FORM: F-6) , PAGE 2
STATION: ORLANDO EXEC
MONTH: OCTOBER
YEAR: 2020
LATITUDE: 28 32 N
LONGITUDE: 81 20 W
[TEMPERATURE DATA] [PRECIPITATION DATA] SYMBOLS USED IN COLUMN 16
AVERAGE MONTHLY: 80.6 TOTAL FOR MONTH: 2.49 1 = FOG OR MIST
DPTR FM NORMAL: 4.7 DPTR FM NORMAL: -0.80 2 = FOG REDUCING VISIBILITY
HIGHEST: 94 ON 7 GRTST 24HR 0.66 ON 7- 7 TO 1/4 MILE OR LESS
LOWEST: 64 ON 31 3 = THUNDER
SNOW, ICE PELLETS, HAIL 4 = ICE PELLETS
TOTAL MONTH: 0.0 INCH 5 = HAIL
GRTST 24HR 0.0 6 = FREEZING RAIN OR DRIZZLE
GRTST DEPTH: 0 7 = DUSTSTORM OR SANDSTORM:
VSBY 1/2 MILE OR LESS
8 = SMOKE OR HAZE
[NO. OF DAYS WITH] [WEATHER - DAYS WITH] 9 = BLOWING SNOW
X = TORNADO
MAX 32 OR BELOW: 0 0.01 INCH OR MORE: 15
MAX 90 OR ABOVE: 11 0.10 INCH OR MORE: 7
MIN 32 OR BELOW: 0 0.50 INCH OR MORE: 2
MIN 0 OR BELOW: 0 1.00 INCH OR MORE: 0
[HDD (BASE 65) ]
TOTAL THIS MO. 0 CLEAR (SCALE 0-3) 17
DPTR FM NORMAL -5 PTCLDY (SCALE 4-7) 13
TOTAL FM JUL 1 0 CLOUDY (SCALE 8-10) 1
DPTR FM NORMAL 0
[CDD (BASE 65) ]
TOTAL THIS MO. 491
DPTR FM NORMAL 149 [PRESSURE DATA]
TOTAL FM JAN 1 4262 HIGHEST SLP 30.17 ON 31
DPTR FM NORMAL 920 LOWEST SLP 29.83 ON 29
[REMARKS]
#FINAL-10-20#