000
CXUS53 KDMX 050300
CF6OTM
PRELIMINARY LOCAL CLIMATOLOGICAL DATA (WS FORM: F-6)
STATION: OTTUMWA IA
MONTH: MAY
YEAR: 2022
LATITUDE: 41 6 N
LONGITUDE: 92 27 W
TEMPERATURE IN F: :PCPN: SNOW: WIND :SUNSHINE: SKY :PK WND
================================================================================
1 2 3 4 5 6A 6B 7 8 9 10 11 12 13 14 15 16 17 18
12Z AVG MX 2MIN
DY MAX MIN AVG DEP HDD CDD WTR SNW DPTH SPD SPD DIR MIN PSBL S-S WX SPD DR
================================================================================
1 54 46 50 -6 15 0 T 0.0 0 15.3 26 260 M M 10 39 240
2 55 36 46 -11 19 0 0.14 0.0 0 9.3 20 60 M M 5 18 26 90
3 51 46 49 -8 16 0 0.55 0.0 0 13.3 22 10 M M 10 1 29 20
4 61 39 50 -8 15 0 0.00 0.0 0 8.4 15 110 M M 5 23 110
5 58 51 55 -3 10 0 0.02 0.0 0 11.0 21 70 M M 10 1 28 70
6 66 43 55 -3 10 0 0.00 0.0 0 9.0 17 50 M M 3 1 24 360
7 71 39 55 -4 10 0 0.00 0.0 0 10.0 18 100 M M 0 25 120
8 68 54 61 2 4 0 T 0.0 0 14.8 29 150 M M 6 41 150
9 92 64 78 19 0 13 0.00 0.0 0 18.0 32 170 M M 2 45 170
10 91 72 82 22 0 17 0.00 0.0 0 10.8 22 190 M M 3 18 32 170
11 91 70 81 21 0 16 0.00 0.0 0 10.4 24 170 M M 2 18 31 180
12 93 71 82 22 0 17 0.00 0.0 0 13.5 26 180 M M 0 33 180
13 81 60 71 10 0 6 0.00 0.0 0 9.4 18 210 M M 1 3 27 300
14 87 53 70 9 0 5 0.00 0.0 0 4.8 16 250 M M 1 8 21 250
15 70 54 62 0 3 0 0.08 0.0 0 9.2 25 340 M M 5 32 290
16 80 51 66 4 0 1 0.00 0.0 0 9.6 24 310 M M 0 32 290
17 79 51 65 3 0 0 0.05 0.0 0 7.0 18 90 M M 3 3 25 110
18 77 61 69 6 0 4 0.00 0.0 0 7.9 16 310 M M 4 23 320
19 86 56 71 8 0 6 0.00 0.0 0 14.0 26 180 M M 0 36 160
20 71 53 62 -1 3 0 0.02 0.0 0 11.1 22 340 M M 8 1 27 340
21 65 43 54 -10 11 0 T 0.0 0 11.5 22 330 M M 5 29 340
22 67 37 52 -12 13 0 0.00 0.0 0 10.3 23 330 M M 0 33 330
23 66 48 57 -8 8 0 0.00 0.0 0 9.4 16 40 M M 3 22 40
24 66 53 60 -5 5 0 0.23 0.0 0 13.0 24 80 M M 10 1 32 90
25 72 52 62 -3 3 0 0.24 0.0 0 10.3 21 80 M M 8 1 28 80
26 72 54 63 -3 2 0 0.63 0.0 0 10.9 28 340 M M 9 123 35 350
27 76 53 65 -1 0 0 0.00 0.0 0 10.1 20 340 M M 4 1 34 310
28 80 54 67 1 0 2 0.00 0.0 0 13.6 24 180 M M 0 33 170
29 87 66 77 10 0 12 0.00 0.0 0 18.5 29 170 M M 1 39 160
30 89 68 79 12 0 14 0.00 0.0 0 21.1 33 170 M M 1 49 160
31 79 63 71 4 0 6 0.41 0.0 0 9.3 24 180 M M 7 13 36 170
================================================================================
SM 2301 1661 147 119 2.37 0.0 354.8 M 126
================================================================================
AV 74.2 53.6 11.4 FASTST M M 4 MAX(MPH)
MISC ----> 33 170 49 160
================================================================================
NOTES:
# LAST OF SEVERAL OCCURRENCES
COLUMN 17 PEAK WIND IN M.P.H.
PRELIMINARY LOCAL CLIMATOLOGICAL DATA (WS FORM: F-6) , PAGE 2
STATION: OTTUMWA IA
MONTH: MAY
YEAR: 2022
LATITUDE: 41 6 N
LONGITUDE: 92 27 W
[TEMPERATURE DATA] [PRECIPITATION DATA] SYMBOLS USED IN COLUMN 16
AVERAGE MONTHLY: 63.9 TOTAL FOR MONTH: 2.37 1 = FOG OR MIST
DPTR FM NORMAL: 1.9 DPTR FM NORMAL: -2.66 2 = FOG REDUCING VISIBILITY
HIGHEST: 93 ON 12 GRTST 24HR 0.69 ON 2- 3 TO 1/4 MILE OR LESS
LOWEST: 36 ON 2 3 = THUNDER
SNOW, ICE PELLETS, HAIL 4 = ICE PELLETS
TOTAL MONTH: 0.0 INCH 5 = HAIL
GRTST 24HR 0.0 6 = FREEZING RAIN OR DRIZZLE
GRTST DEPTH: 0 7 = DUSTSTORM OR SANDSTORM:
VSBY 1/2 MILE OR LESS
8 = SMOKE OR HAZE
[NO. OF DAYS WITH] [WEATHER - DAYS WITH] 9 = BLOWING SNOW
X = TORNADO
MAX 32 OR BELOW: 0 0.01 INCH OR MORE: 10
MAX 90 OR ABOVE: 4 0.10 INCH OR MORE: 6
MIN 32 OR BELOW: 0 0.50 INCH OR MORE: 2
MIN 0 OR BELOW: 0 1.00 INCH OR MORE: 0
[HDD (BASE 65) ]
TOTAL THIS MO. 147 CLEAR (SCALE 0-3) 15
DPTR FM NORMAL -15 PTCLDY (SCALE 4-7) 11
TOTAL FM JUL 1 5948 CLOUDY (SCALE 8-10) 5
DPTR FM NORMAL -182
[CDD (BASE 65) ]
TOTAL THIS MO. 119
DPTR FM NORMAL 52 [PRESSURE DATA]
TOTAL FM JAN 1 125 HIGHEST SLP 30.38 ON 22
DPTR FM NORMAL 47 LOWEST SLP 29.28 ON 20
[REMARKS]
#FINAL-05-22#