000
CXUS53 KARX 011000
CF6OVS
PRELIMINARY LOCAL CLIMATOLOGICAL DATA (WS FORM: F-6)
STATION: BOSCOBEL_(ASOS) WI
MONTH: FEBRUARY
YEAR: 2023
LATITUDE: 43 9 N
LONGITUDE: 90 41 W
TEMPERATURE IN F: :PCPN: SNOW: WIND :SUNSHINE: SKY :PK WND
================================================================================
1 2 3 4 5 6A 6B 7 8 9 10 11 12 13 14 15 16 17 18
12Z AVG MX 2MIN
DY MAX MIN AVG DEP HDD CDD WTR SNW DPTH SPD SPD DIR MIN PSBL S-S WX SPD DR
================================================================================
1 25 -10 8 -12 57 0 0.00 0.0 M 2.4 12 210 M M 0 18 16 210
2 27 2 15 -5 50 0 T T M 7.8 21 310 M M 0 29 320
3 9 -6 2 -18 63 0 0.00 0.0 M 2.9 14 340 M M 5 19 350
4 37 4 21 1 44 0 0.00 0.0 M 3.8 13 210 M M 0 18 19 200
5 40 17 29 9 36 0 0.00 0.0 M 4.3 12 320 M M 1 18 17 310
6 45 9 27 6 38 0 0.01 0.0 M 4.2 15 170 M M 3 18 29 180
7 44 28 36 15 29 0 0.00 0.0 M 8.7 17 290 M M 5 26 250
8 50 20 35 14 30 0 0.00 0.0 M 1.4 10 210 M M 0 18 16 220
9 42 32 37 15 28 0 0.04 T M 5.4 14 340 M M 9 1 20 330
10 36 20 28 6 37 0 0.00 0.0 0 6.5 14 320 M M 0 20 300
11 49 16 33 11 32 0 0.00 0.0 0 5.2 17 220 M M 0 8 31 230
12 51 19 35 13 30 0 0.00 0.0 0 3.3 12 230 M M 0 18 19 220
13 50 26 38 15 27 0 0.00 0.0 0 4.5 12 220 M M 0 8 15 230
14 50 24 37 14 28 0 0.23 0.0 0 5.3 21 190 M M 5 1 32 190
15 49 30 40 16 25 0 T 0.0 0 9.9 22 250 M M 10 38 250
16 31 16 24 0 41 0 0.01 M 0 7.8 16 340 M M 10 22 320
17 28 9 19 -5 46 0 0.00 0.0 M 5.9 13 210 M M 3 18 220
18 43 17 30 5 35 0 0.00 0.0 M 2.8 10 180 M M 0 8 16 180
19 50 25 38 13 27 0 0.00 0.0 0 6.9 15 320 M M 1 18 22 230
20 48 19 34 8 31 0 0.00 0.0 0 5.5 20 280 M M 5 18 31 280
21 35 14 25 -1 40 0 T T 0 7.4 23 270 M M 5 37 300
22 29 27 28 2 37 0 0.29 M M 9.4 16 60 M M 10 1268 30 60
23 30 14 22 -5 43 0 0.01 M M 9.0 20 270 M M 9 168 32 260
24 25 6 16 -11 49 0 0.02 M M 2.5 7 40 M M 5 18 12 30
25 35 20 28 0 37 0 0.00 0.0 M 4.6 15 230 M M 4 8 24 220
26 45 12 29 1 36 0 0.00 0.0 M 3.4 9 110 M M 0 18 14 60
27 41 34 38 10 27 0 1.28 0.0 M 6.4 14 350 M M 10 1 26 50
28 46 29 38 9 27 0 M M M 2.7 12 280 M M 5 1 18 280
================================================================================
SM 1090 473 1030 0 1.89 T 149.9 M 105
================================================================================
AV 38.9 16.9 5.4 FASTST M M 4 MAX(MPH)
MISC ----> 23 270 38 250
================================================================================
NOTES:
# LAST OF SEVERAL OCCURRENCES
COLUMN 17 PEAK WIND IN M.P.H.
PRELIMINARY LOCAL CLIMATOLOGICAL DATA (WS FORM: F-6) , PAGE 2
STATION: BOSCOBEL_(ASOS) WI
MONTH: FEBRUARY
YEAR: 2023
LATITUDE: 43 9 N
LONGITUDE: 90 41 W
[TEMPERATURE DATA] [PRECIPITATION DATA] SYMBOLS USED IN COLUMN 16
AVERAGE MONTHLY: 27.9 TOTAL FOR MONTH: 1.89 1 = FOG OR MIST
DPTR FM NORMAL: 4.2 DPTR FM NORMAL: 0.93 2 = FOG REDUCING VISIBILITY
HIGHEST: 51 ON 12 GRTST 24HR 1.28 ON 27-27 TO 1/4 MILE OR LESS
LOWEST: -10 ON 1 3 = THUNDER
SNOW, ICE PELLETS, HAIL 4 = ICE PELLETS
TOTAL MONTH: T 5 = HAIL
GRTST 24HR T ON 2- 2 6 = FREEZING RAIN OR DRIZZLE
GRTST DEPTH: 0 7 = DUSTSTORM OR SANDSTORM:
VSBY 1/2 MILE OR LESS
8 = SMOKE OR HAZE
[NO. OF DAYS WITH] [WEATHER - DAYS WITH] 9 = BLOWING SNOW
X = TORNADO
MAX 32 OR BELOW: 8 0.01 INCH OR MORE: 8
MAX 90 OR ABOVE: 0 0.10 INCH OR MORE: 3
MIN 32 OR BELOW: 27 0.50 INCH OR MORE: 1
MIN 0 OR BELOW: 2 1.00 INCH OR MORE: 1
[HDD (BASE 65) ]
TOTAL THIS MO. 1030 CLEAR (SCALE 0-3) 14
DPTR FM NORMAL -125 PTCLDY (SCALE 4-7) 8
TOTAL FM JUL 1 4933 CLOUDY (SCALE 8-10) 6
DPTR FM NORMAL -290
[CDD (BASE 65) ]
TOTAL THIS MO. 0
DPTR FM NORMAL 0 [PRESSURE DATA]
TOTAL FM JAN 1 0 HIGHEST SLP 30.75 ON 24
DPTR FM NORMAL 0 LOWEST SLP 29.16 ON 27
[REMARKS]
#FINAL-02-23#