000
CXUS53 KPAH 010730
CF6OWB
PRELIMINARY LOCAL CLIMATOLOGICAL DATA (WS FORM: F-6)
STATION: OWENSBORO KY
MONTH: JUNE
YEAR: 2023
LATITUDE: 37 45 N
LONGITUDE: 87 10 W
TEMPERATURE IN F: :PCPN: SNOW: WIND :SUNSHINE: SKY :PK WND
================================================================================
1 2 3 4 5 6A 6B 7 8 9 10 11 12 13 14 15 16 17 18
12Z AVG MX 2MIN
DY MAX MIN AVG DEP HDD CDD WTR SNW DPTH SPD SPD DIR MIN PSBL S-S WX SPD DR
================================================================================
1 90 66 78 6 0 13 0.00 M M 3.3 9 130 M M 2 13 30
2 91 66 79 6 0 14 0.00 M M 5.0 14 40 M M 0 18 40
3 91 62 77 4 0 12 0.00 M M 4.5 14 60 M M 0 18 60
4 91 68 80 7 0 15 0.00 M M 7.5 15 50 M M 0 8 18 70
5 88 63 76 2 0 11 0.00 M M 5.7 13 360 M M 0 8 17 10
6 86 58 72 -2 0 7 0.00 M M 2.8 9 300 M M 0 8 12 330
7 73 60 67 -7 0 2 0.01 M M 3.8 10 30 M M 6 18 15 50
8 80 53 67 -8 0 2 0.00 M M 4.0 10 320 M M 0 18 15 330
9 82 52 67 -8 0 2 0.00 M M 2.9 13 320 M M 0 18 15 340
10 86 54 70 -5 0 5 0.00 M M 4.5 14 170 M M 1 8 17 170
11 82 62 72 -4 0 7 0.10 M M 12.7 25 320 M M 8 18 32 320
12 70 52 61 -15 4 0 0.00 M M 9.1 17 320 M M 7 22 320
13 81 50 66 -10 0 1 0.00 M M 9.3 24 250 M M 0 28 250
14 86 58 72 -4 0 7 0.00 M M 7.5 17 260 M M 0 22 280
15 89 61 75 -2 0 10 0.00 M M 5.0 15 280 M M 0 16 300
16 82 64 73 -4 0 8 0.00 M M 6.0 13 330 M M 0 8 16 320
17 83 55 69 -8 0 4 0.00 M M 3.4 12 40 M M 1 18 15 40
18 85 59 72 -6 0 7 T M M 7.4 16 150 M M 3 138 20 120
19 78 68 73 -5 0 8 1.22 M M 7.1 14 60 M M 9 13 18 30
20 85 69 77 -1 0 12 0.08 M M M M M M M 8 138 35 60
21 78 67 73 -5 0 8 T M M 9.5 18 70 M M 5 22 60
22 77 65 71 -8 0 6 0.00 M M 7.7 15 60 M M 4 20 60
23 82 61 72 -7 0 7 0.00 M M 4.3 13 320 M M 5 15 280
24 90 64 77 -2 0 12 0.00 M M 3.6 12 300 M M 1 1 13 270
25 92 70 81 2 0 16 0.80 M M 10.5 46 20 M M 4 138 53 30
26 86 65 76 -3 0 11 0.00 M M 9.8 22 280 M M 2 26 280
27 86 64 75 -5 0 10 0.00 M M 6.4 18 300 M M 1 18 22 290
28 86 65 76 -4 0 11 T M M 4.1 20 140 M M 4 18 25 150
29 75 67 71 -9 0 6 2.61 M M 11.8 38 30 M M 6 138 48 30
30 93 68 81 1 0 16 0.02 M M 5.6 20 150 M M 3 38 24 150
================================================================================
SM 2524 1856 4 250 4.84 M 184.8 M 80
================================================================================
AV 84.1 61.9 6.4 FASTST M M 3 MAX(MPH)
MISC ----> 46 20 53 30
================================================================================
NOTES:
# LAST OF SEVERAL OCCURRENCES
COLUMN 17 PEAK WIND IN M.P.H.
PRELIMINARY LOCAL CLIMATOLOGICAL DATA (WS FORM: F-6) , PAGE 2
STATION: OWENSBORO KY
MONTH: JUNE
YEAR: 2023
LATITUDE: 37 45 N
LONGITUDE: 87 10 W
[TEMPERATURE DATA] [PRECIPITATION DATA] SYMBOLS USED IN COLUMN 16
AVERAGE MONTHLY: 73.0 TOTAL FOR MONTH: 4.84 1 = FOG OR MIST
DPTR FM NORMAL: -3.7 DPTR FM NORMAL: 1.83 2 = FOG REDUCING VISIBILITY
HIGHEST: 93 ON 30 GRTST 24HR 2.61 ON 29-29 TO 1/4 MILE OR LESS
LOWEST: 50 ON 13 3 = THUNDER
SNOW, ICE PELLETS, HAIL 4 = ICE PELLETS
TOTAL MONTH: M 5 = HAIL
GRTST 24HR M ON M 6 = FREEZING RAIN OR DRIZZLE
GRTST DEPTH: M ON M 7 = DUSTSTORM OR SANDSTORM:
VSBY 1/2 MILE OR LESS
8 = SMOKE OR HAZE
[NO. OF DAYS WITH] [WEATHER - DAYS WITH] 9 = BLOWING SNOW
X = TORNADO
MAX 32 OR BELOW: 0 0.01 INCH OR MORE: 7
MAX 90 OR ABOVE: 7 0.10 INCH OR MORE: 4
MIN 32 OR BELOW: 0 0.50 INCH OR MORE: 3
MIN 0 OR BELOW: 0 1.00 INCH OR MORE: 2
[HDD (BASE 65) ]
TOTAL THIS MO. 4 CLEAR (SCALE 0-3) 18
DPTR FM NORMAL 0 PTCLDY (SCALE 4-7) 10
TOTAL FM JUL 1 3726 CLOUDY (SCALE 8-10) 2
DPTR FM NORMAL -145
[CDD (BASE 65) ]
TOTAL THIS MO. 250
DPTR FM NORMAL -104 [PRESSURE DATA]
TOTAL FM JAN 1 401 HIGHEST SLP 30.11 ON 29
DPTR FM NORMAL -154 LOWEST SLP 29.52 ON 25
[REMARKS]
#FINAL-06-23#