000
CXUS53 KPAH 011440
CF6OWB
PRELIMINARY LOCAL CLIMATOLOGICAL DATA (WS FORM: F-6)
STATION: OWENSBORO KY
MONTH: DECEMBER
YEAR: 2022
LATITUDE: 37 45 N
LONGITUDE: 87 10 W
TEMPERATURE IN F: :PCPN: SNOW: WIND :SUNSHINE: SKY :PK WND
================================================================================
1 2 3 4 5 6A 6B 7 8 9 10 11 12 13 14 15 16 17 18
12Z AVG MX 2MIN
DY MAX MIN AVG DEP HDD CDD WTR SNW DPTH SPD SPD DIR MIN PSBL S-S WX SPD DR
================================================================================
1 44 21 33 -10 32 0 M M M 4.2 10 60 M M 0 13 70
2 59 34 47 4 18 0 M M M 13.2 24 200 M M 10 30 170
3 61 29 45 3 20 0 M M M 10.9 29 320 M M 4 35 320
4 41 25 33 -9 32 0 M M M 2.2 8 170 M M 1 10 40
5 47 29 38 -4 27 0 M M M 5.0 13 170 M M 8 1 15 170
6 62 47 55 14 10 0 M M M 3.5 16 300 M M 10 123 21 270
7 54 47 51 10 14 0 M M M 4.5 12 330 M M 10 12 14 340
8 51 47 49 8 16 0 M M M 7.1 13 70 M M 10 1 16 50
9 54 42 48 8 17 0 M M M 4.3 10 130 M M 9 1 12 140
10 48 42 45 5 20 0 M M M 3.9 12 170 M M 10 1 14 170
11 45 42 44 4 21 0 M M M 4.8 10 350 M M 10 18 14 360
12 51 33 42 2 23 0 M M M 6.4 14 100 M M 1 16 100
13 57 34 46 7 19 0 M M M 10.2 16 110 M M 4 21 90
14 56 48 52 13 13 0 M M M 12.1 24 140 M M 10 1 33 140
15 49 34 42 3 23 0 M M M 11.7 22 220 M M 8 25 260
16 43 28 36 -2 29 0 M M M 11.5 28 260 M M 4 31 260
17 39 26 33 -5 32 0 M M M 11.1 23 250 M M 5 26 270
18 36 23 30 -8 35 0 M M M 6.9 15 270 M M 3 18 270
19 40 22 31 -7 34 0 M M M 4.2 12 90 M M 4 14 100
20 46 30 38 0 27 0 M M M 3.7 8 10 M M 5 10 20
21 50 24 37 -1 28 0 M M M 4.7 12 130 M M 1 14 100
22 45 1 23 -14 42 0 M M M 13.0 31 310 M M 10 1 43 320
23 5 -5 0 -37 65 0 M M M 17.5 30 290 M M 7 189 36 290
24 21 3 12 -25 53 0 M M M 11.5 20 250 M M 1 26 280
25 24 6 15 -22 50 0 M M M 8.2 16 280 M M 0 21 280
26 32 18 25 -12 40 0 M M M 7.5 14 160 M M 10 1 16 160
27 31 23 27 -10 38 0 M M M 6.5 14 190 M M 9 18 16 190
28 51 23 37 1 28 0 M M M 10.9 20 170 M M 0 23 170
29 58 46 52 16 13 0 T M M 14.3 23 190 M M 8 29 180
30 63 52 58 22 7 0 0.35 M M 7.7 16 190 M M 10 1 20 190
31 53 36 45 9 20 0 0.07 M M 4.7 12 300 M M 9 12 13 300
================================================================================
SM 1416 910 846 0 0.42 M 247.9 M 191
================================================================================
AV 45.7 29.4 8.0 FASTST M M 6 MAX(MPH)
MISC ----> 31 310 43 320
================================================================================
NOTES:
# LAST OF SEVERAL OCCURRENCES
COLUMN 17 PEAK WIND IN M.P.H.
PRELIMINARY LOCAL CLIMATOLOGICAL DATA (WS FORM: F-6) , PAGE 2
STATION: OWENSBORO KY
MONTH: DECEMBER
YEAR: 2022
LATITUDE: 37 45 N
LONGITUDE: 87 10 W
[TEMPERATURE DATA] [PRECIPITATION DATA] SYMBOLS USED IN COLUMN 16
AVERAGE MONTHLY: 37.5 TOTAL FOR MONTH: 0.42 1 = FOG OR MIST
DPTR FM NORMAL: -1.4 DPTR FM NORMAL: -3.79 2 = FOG REDUCING VISIBILITY
HIGHEST: 63 ON 30 GRTST 24HR 1.92 ON 13-14 TO 1/4 MILE OR LESS
LOWEST: -5 ON 23 3 = THUNDER
SNOW, ICE PELLETS, HAIL 4 = ICE PELLETS
TOTAL MONTH: M 5 = HAIL
GRTST 24HR M ON M 6 = FREEZING RAIN OR DRIZZLE
GRTST DEPTH: M ON M 7 = DUSTSTORM OR SANDSTORM:
VSBY 1/2 MILE OR LESS
8 = SMOKE OR HAZE
[NO. OF DAYS WITH] [WEATHER - DAYS WITH] 9 = BLOWING SNOW
X = TORNADO
MAX 32 OR BELOW: 5 0.01 INCH OR MORE: 2
MAX 90 OR ABOVE: 0 0.10 INCH OR MORE: 1
MIN 32 OR BELOW: 17 0.50 INCH OR MORE: 0
MIN 0 OR BELOW: 1 1.00 INCH OR MORE: 0
[HDD (BASE 65) ]
TOTAL THIS MO. 846 CLEAR (SCALE 0-3) 8
DPTR FM NORMAL 37 PTCLDY (SCALE 4-7) 8
TOTAL FM JUL 1 1673 CLOUDY (SCALE 8-10) 15
DPTR FM NORMAL 180
[CDD (BASE 65) ]
TOTAL THIS MO. 0
DPTR FM NORMAL -1 [PRESSURE DATA]
TOTAL FM JAN 1 1646 HIGHEST SLP 30.61 ON 1
DPTR FM NORMAL -113 LOWEST SLP 29.53 ON 14
[REMARKS]
#FINAL-12-22#