000
CXUS56 KLOX 011255
CF6OXR
PRELIMINARY LOCAL CLIMATOLOGICAL DATA (WS FORM: F-6)
STATION: OXNARD AIRPORT CA
MONTH: DECEMBER
YEAR: 2021
LATITUDE: 34 12 N
LONGITUDE: 119 12 W
TEMPERATURE IN F: :PCPN: SNOW: WIND :SUNSHINE: SKY :PK WND
================================================================================
1 2 3 4 5 6A 6B 7 8 9 10 11 12 13 14 15 16 17 18
12Z AVG MX 2MIN
DY MAX MIN AVG DEP HDD CDD WTR SNW DPTH SPD SPD DIR MIN PSBL S-S WX SPD DR
================================================================================
1 60 48 54 -4 11 0 0.00 M M 2.6 9 190 M M 8 128 12 180
2 58 51 55 -2 10 0 0.00 M M 4.2 10 290 M M 9 128 16 110
3 58 50 54 -3 11 0 0.00 M M 5.7 14 290 M M 9 18 24 40
4 60 46 53 -4 12 0 0.00 M M 6.0 15 280 M M 6 18 19 280
5 62 43 53 -4 12 0 0.00 M M 3.4 8 50 M M 0 18 11 220
6 61 43 52 -5 13 0 0.00 M M 3.8 9 50 M M 6 128 11 50
7 64 51 58 1 7 0 0.01 M M 4.6 10 250 M M 7 18 18 60
8 62 48 55 -2 10 0 0.00 M M 7.1 14 270 M M 5 1 17 280
9 59 47 53 -4 12 0 0.04 M M 14.5 32 290 M M 6 41 300
10 61 43 52 -5 13 0 0.00 M M 5.4 13 280 M M 0 16 270
11 66 42 54 -2 11 0 0.00 M M 6.6 12 270 M M 0 16 60
12 61 43 52 -4 13 0 0.00 M M 7.0 13 40 M M 0 15 50
13 59 43 51 -5 14 0 0.02 M M 8.9 18 140 M M 7 1 25 130
14 57 45 51 -5 14 0 1.33 M M 15.4 45 280 M M 7 1 54 290
15 56 39 48 -8 17 0 0.00 M M 6.6 12 280 M M 0 17 240
16 56 41 49 -7 16 0 0.03 M M 6.2 13 280 M M 7 1 15 290
17 63 45 54 -2 11 0 0.00 M M 5.0 16 290 M M 0 1 17 280
18 63 46 55 -1 10 0 0.00 M M 7.9 15 290 M M 0 30 310
19 62 44 53 -3 12 0 0.00 M M 4.7 9 280 M M 0 13 240
20 58 40 49 -7 16 0 0.00 M M 3.9 12 30 M M 0 14 30
21 61 46 54 -2 11 0 0.00 M M 3.2 14 290 M M 0 15 290
22 59 45 52 -4 13 0 0.03 M M 4.4 12 290 M M 3 1 15 320
23 55 51 53 -3 12 0 2.46 M M 7.6 14 50 M M 10 1 18 140
24 59 52 56 0 9 0 0.68 M M 6.9 25 280 M M 7 1 30 290
25 57 50 54 -2 11 0 0.38 M M 5.6 20 270 M M 9 18 27 250
26 57 42 50 -6 15 0 0.01 M M 10.4 25 290 M M 1 1 31 290
27 53 40 47 -9 18 0 0.24 M M 8.9 30 290 M M 3 1 34 290
28 55 41 48 -8 17 0 0.00 M M 8.7 26 290 M M 0 32 290
29 51 42 47 -9 18 0 2.47 M M 9.2 15 30 M M 9 1 18 30
30 52 49 51 -5 14 0 1.49 M M 10.3 17 50 M M 10 1 21 40
31 58 44 51 -5 14 0 0.00 M M 7.2 21 280 M M 3 28 290
================================================================================
SM 1823 1400 397 0 9.19 M 211.9 M 132
================================================================================
AV 58.8 45.2 6.8 FASTST M M 4 MAX(MPH)
MISC ----> 45 280 54 290
================================================================================
NOTES:
# LAST OF SEVERAL OCCURRENCES
COLUMN 17 PEAK WIND IN M.P.H.
PRELIMINARY LOCAL CLIMATOLOGICAL DATA (WS FORM: F-6) , PAGE 2
STATION: OXNARD AIRPORT CA
MONTH: DECEMBER
YEAR: 2021
LATITUDE: 34 12 N
LONGITUDE: 119 12 W
[TEMPERATURE DATA] [PRECIPITATION DATA] SYMBOLS USED IN COLUMN 16
AVERAGE MONTHLY: 52.0 TOTAL FOR MONTH: 9.19 1 = FOG OR MIST
DPTR FM NORMAL: -4.4 DPTR FM NORMAL: 7.11 2 = FOG REDUCING VISIBILITY
HIGHEST: 66 ON 11 GRTST 24HR 3.70 ON 29-30 TO 1/4 MILE OR LESS
LOWEST: 39 ON 15 3 = THUNDER
SNOW, ICE PELLETS, HAIL 4 = ICE PELLETS
TOTAL MONTH: M 5 = HAIL
GRTST 24HR M ON M 6 = FREEZING RAIN OR DRIZZLE
GRTST DEPTH: M ON M 7 = DUSTSTORM OR SANDSTORM:
VSBY 1/2 MILE OR LESS
8 = SMOKE OR HAZE
[NO. OF DAYS WITH] [WEATHER - DAYS WITH] 9 = BLOWING SNOW
X = TORNADO
MAX 32 OR BELOW: 0 0.01 INCH OR MORE: 13
MAX 90 OR ABOVE: 0 0.10 INCH OR MORE: 7
MIN 32 OR BELOW: 0 0.50 INCH OR MORE: 5
MIN 0 OR BELOW: 0 1.00 INCH OR MORE: 4
[HDD (BASE 65) ]
TOTAL THIS MO. 397 CLEAR (SCALE 0-3) 14
DPTR FM NORMAL 126 PTCLDY (SCALE 4-7) 11
TOTAL FM JUL 1 683 CLOUDY (SCALE 8-10) 6
DPTR FM NORMAL 132
[CDD (BASE 65) ]
TOTAL THIS MO. 0
DPTR FM NORMAL -4 [PRESSURE DATA]
TOTAL FM JAN 1 330 HIGHEST SLP 30.27 ON 15
DPTR FM NORMAL 9 LOWEST SLP 29.68 ON 31
[REMARKS]
#FINAL-12-21#