000
CXUS53 KDDC 221100
CF6P28
PRELIMINARY LOCAL CLIMATOLOGICAL DATA (WS FORM: F-6)
STATION: MEDICINE LODGE KS
MONTH: APRIL
YEAR: 2024
LATITUDE: 37 17 N
LONGITUDE: 98 35 W
TEMPERATURE IN F: :PCPN: SNOW: WIND :SUNSHINE: SKY :PK WND
================================================================================
1 2 3 4 5 6A 6B 7 8 9 10 11 12 13 14 15 16 17 18
12Z AVG MX 2MIN
DY MAX MIN AVG DEP HDD CDD WTR SNW DPTH SPD SPD DIR MIN PSBL S-S WX SPD DR
================================================================================
1 70 44 57 4 8 0 0.06 0.0 0 11.9 24 20 M M 0 34 350
2 66 39 53 0 12 0 0.20 0.0 0 14.6 28 330 M M 0 39 10
3 69 42 56 2 9 0 0.00 0.0 0 11.7 28 340 M M 0 40 350
4 74 34 54 0 11 0 0.00 0.0 0 4.1 10 80 M M 0 16 60
5 80 44 62 8 3 0 0.00 0.0 0 9.9 18 140 M M 0 30 130
6 82 55 69 15 0 4 0.00 0.0 0 18.7 41 230 M M 0 59 220
7 77 44 61 6 4 0 0.00 0.0 0 10.7 23 290 M M 0 37 290
8 73 42 58 3 7 0 0.00 0.0 0 7.6 17 10 M M 0 24 350
9 70 43 57 2 8 0 0.00 0.0 0 7.9 18 40 M M 0 28 40
10 79 51 65 10 0 0 0.00 0.0 0 10.0 21 360 M M 0 33 20
11 72 41 57 1 8 0 0.00 0.0 0 13.9 28 340 M M 0 38 340
12 83 36 60 4 5 0 0.00 0.0 0 8.0 17 180 M M 0 29 170
13 89 51 70 14 0 5 0.00 0.0 0 12.1 25 180 M M 0 41 180
14 97 49 73 17 0 8 0.00 0.0 0 4.8 12 120 M M 0 17 120
15 82 64 73 16 0 8 0.00 0.0 M 13.7 25 160 M M 0 42 160
16 85 55 70 13 0 5 0.01 0.0 M 15.5 32 280 M M 0 49 290
17 91 46 69 12 0 4 0.00 0.0 M 10.4 25 190 M M 0 36 140
18 74 42 58 0 7 0 0.00 0.0 M 19.0 41 10 M M 0 57 360
19 69 39 54 -4 11 0 0.00 0.0 M 7.8 17 30 M M 0 24 50
20 55 39 47 -11 18 0 0.00 0.0 0 10.9 23 20 M M 0 31 20
21 68 38 53 -5 12 0 0.00 0.0 0 5.6 15 280 M M 0 22 280
================================================================================
SM 1605 938 123 34 0.27 0.0 228.8 M 0
================================================================================
AV 76.4 44.7 10.9 FASTST M M 0 MAX(MPH)
MISC ----> # 41 230 59 220
================================================================================
NOTES:
# LAST OF SEVERAL OCCURRENCES
COLUMN 17 PEAK WIND IN M.P.H.
PRELIMINARY LOCAL CLIMATOLOGICAL DATA (WS FORM: F-6) , PAGE 2
STATION: MEDICINE LODGE KS
MONTH: APRIL
YEAR: 2024
LATITUDE: 37 17 N
LONGITUDE: 98 35 W
[TEMPERATURE DATA] [PRECIPITATION DATA] SYMBOLS USED IN COLUMN 16
AVERAGE MONTHLY: 60.5 TOTAL FOR MONTH: 0.27 1 = FOG OR MIST
DPTR FM NORMAL: 4.9 DPTR FM NORMAL: -1.27 2 = FOG REDUCING VISIBILITY
HIGHEST: 97 ON 14 GRTST 24HR 0.73 ON 1- 2 TO 1/4 MILE OR LESS
LOWEST: 34 ON 4 3 = THUNDER
SNOW, ICE PELLETS, HAIL 4 = ICE PELLETS
TOTAL MONTH: 0.0 INCH 5 = HAIL
GRTST 24HR 0.0 6 = FREEZING RAIN OR DRIZZLE
GRTST DEPTH: 0 7 = DUSTSTORM OR SANDSTORM:
VSBY 1/2 MILE OR LESS
8 = SMOKE OR HAZE
[NO. OF DAYS WITH] [WEATHER - DAYS WITH] 9 = BLOWING SNOW
X = TORNADO
MAX 32 OR BELOW: 0 0.01 INCH OR MORE: 3
MAX 90 OR ABOVE: 2 0.10 INCH OR MORE: 1
MIN 32 OR BELOW: 0 0.50 INCH OR MORE: 0
MIN 0 OR BELOW: 0 1.00 INCH OR MORE: 0
[HDD (BASE 65) ]
TOTAL THIS MO. 123 CLEAR (SCALE 0-3) 21
DPTR FM NORMAL -89 PTCLDY (SCALE 4-7) 0
TOTAL FM JUL 1 3362 CLOUDY (SCALE 8-10) 0
DPTR FM NORMAL -883
[CDD (BASE 65) ]
TOTAL THIS MO. 34
DPTR FM NORMAL 17 [PRESSURE DATA]
TOTAL FM JAN 1 39 HIGHEST SLP M ON M
DPTR FM NORMAL 18 LOWEST SLP 29.42 ON 16
[REMARKS]