000
CXUS56 KLKN 161844
CF6P68
PRELIMINARY LOCAL CLIMATOLOGICAL DATA (WS FORM: F-6)
STATION: EUREKA AIRPORT NV
MONTH: JUNE
YEAR: 2021
LATITUDE: 39 30 N
LONGITUDE: 115 58 W
TEMPERATURE IN F: :PCPN: SNOW: WIND :SUNSHINE: SKY :PK WND
================================================================================
1 2 3 4 5 6A 6B 7 8 9 10 11 12 13 14 15 16 17 18
12Z AVG MX 2MIN
DY MAX MIN AVG DEP HDD CDD WTR SNW DPTH SPD SPD DIR MIN PSBL S-S WX SPD DR
================================================================================
1 85 42 64 7 1 0 0.00 M M 7.0 18 10 M M M 24 10
2 88 48 68 11 0 3 0.00 M M 8.1 18 10 M M M 26 40
3 94 50 72 14 0 7 0.00 M M 7.6 28 250 M M M 37 260
4 89 54 72 14 0 7 0.00 M M 7.2 29 210 M M M 40 210
5 91 50 71 13 0 6 0.00 M M 9.6 24 310 M M M 33 330
6 90 44 67 9 0 2 0.00 M M 7.8 24 270 M M M 40 240
7 88 45 67 8 0 2 0.00 M M 12.1 31 170 M M M 47 160
8 82 45 64 5 1 0 0.00 M M 15.0 31 170 M M M 43 170
9 81 47 64 4 1 0 0.00 M M 23.0 39 180 M M M 57 190
10 62 33 48 -12 17 0 0.00 M M 7.5 22 240 M M M 30 300
11 81 29 55 -5 10 0 0.00 M M 5.3 14 170 M M M 18 160
12 88 41 65 5 0 0 0.00 M M 5.3 16 140 M M M 19 20
13 92 47 70 9 0 5 0.00 M M 12.2 28 170 M M M 39 170
14 95 48 72 11 0 7 0.00 M M 14.4 31 180 M M M 44 220
15 97 50 74 12 0 9 0.00 M M 9.5 28 250 M M M 37 250
16 97 46 72 10 0 7 0.00 M M 7.9 25 280 M M M 33 280
17 96 48 72 10 0 7 0.00 M M 6.9 35 180 M M M 50 320
18 88 55 72 10 0 7 0.00 M M 5.8 32 230 M M M 43 220
19 96 54 75 12 0 10 0.00 M M 7.7 21 320 M M M 30 330
20 95 49 72 9 0 7 0.00 M M 6.2 20 30 M M M 26 30
21 96 51 74 10 0 9 0.00 M M 7.9 22 160 M M M 28 170
22 89 55 72 8 0 7 0.00 M M 8.1 22 160 M M M 33 190
23 89 49 69 5 0 4 0.00 M M 9.6 29 160 M M M 35 160
24 80 51 66 1 0 1 0.06 M M 7.8 28 190 M M M 44 90
25 85 47 66 1 0 1 0.00 M M 6.8 28 260 M M M 37 270
26 89 51 70 5 0 5 0.00 M M 6.9 18 20 M M M 23 20
27 92 49 71 5 0 6 0.00 M M 6.8 16 70 M M M 21 80
28 94 52 73 7 0 8 0.00 M M 6.1 20 90 M M M 27 340
29 95 56 76 10 0 11 0.00 M M 6.1 20 190 M M M 24 220
30 85 55 70 3 0 5 0.06 M M 7.3 24 130 M M M 31 130
================================================================================
SM 2669 1441 30 143 0.12 M 259.5 M M
================================================================================
AV 89.0 48.0 8.6 FASTST M M M MAX(MPH)
MISC ----> 39 180 57 190
================================================================================
NOTES:
# LAST OF SEVERAL OCCURRENCES
COLUMN 17 PEAK WIND IN M.P.H.
PRELIMINARY LOCAL CLIMATOLOGICAL DATA (WS FORM: F-6) , PAGE 2
STATION: EUREKA AIRPORT NV
MONTH: JUNE
YEAR: 2021
LATITUDE: 39 30 N
LONGITUDE: 115 58 W
[TEMPERATURE DATA] [PRECIPITATION DATA] SYMBOLS USED IN COLUMN 16
AVERAGE MONTHLY: 68.5 TOTAL FOR MONTH: 0.12 1 = FOG OR MIST
DPTR FM NORMAL: 6.8 DPTR FM NORMAL: -0.51 2 = FOG REDUCING VISIBILITY
HIGHEST: 97 ON 16,15 GRTST 24HR 0.06 ON 30-30 TO 1/4 MILE OR LESS
LOWEST: 29 ON 11 3 = THUNDER
SNOW, ICE PELLETS, HAIL 4 = ICE PELLETS
TOTAL MONTH: M 5 = HAIL
GRTST 24HR M ON M 6 = FREEZING RAIN OR DRIZZLE
GRTST DEPTH: M ON M 7 = DUSTSTORM OR SANDSTORM:
VSBY 1/2 MILE OR LESS
8 = SMOKE OR HAZE
[NO. OF DAYS WITH] [WEATHER - DAYS WITH] 9 = BLOWING SNOW
X = TORNADO
MAX 32 OR BELOW: 0 0.01 INCH OR MORE: 2
MAX 90 OR ABOVE: 14 0.10 INCH OR MORE: 0
MIN 32 OR BELOW: 1 0.50 INCH OR MORE: 0
MIN 0 OR BELOW: 0 1.00 INCH OR MORE: 0
[HDD (BASE 65) ]
TOTAL THIS MO. 30 CLEAR (SCALE 0-3) 0
DPTR FM NORMAL -111 PTCLDY (SCALE 4-7) 0
TOTAL FM JUL 1 6825 CLOUDY (SCALE 8-10) 30
DPTR FM NORMAL -328
[CDD (BASE 65) ]
TOTAL THIS MO. 143
DPTR FM NORMAL 99 [PRESSURE DATA]
TOTAL FM JAN 1 143 HIGHEST SLP M ON M
DPTR FM NORMAL 95 LOWEST SLP 29.56 ON 8
[REMARKS]
#FINAL-06-21#