000
CXUS53 KPAH 011153
CLAPAH

SDFCLMPEA 000
TTAA00 KPAH 011148


CLIMATE REPORT
NATIONAL WEATHER SERVICE PADUCAH KY
531 AM CST THU JAN 1 2015

...................................

...THE PADUCAH KY CLIMATE SUMMARY FOR THE YEAR OF 2014...

CLIMATE NORMAL PERIOD 1981 TO 2010
CLIMATE RECORD PERIOD 1937 TO 2014

WEATHER         OBSERVED          NORMAL  DEPART  LAST YEAR`S
                 VALUE   DATE(S)  VALUE   FROM    VALUE  DATE(S)
                                          NORMAL
................................................................
TEMPERATURE (F)
RECORD
 HIGH             108   06/29/2012
                        07/17/1942
                        07/17/1942
 LOW              -15   01/20/1985
HIGHEST            97   08/24                         96  08/31
LOWEST              2   01/29                          9  12/12
                        01/06
                        01/24
AVG. MAXIMUM     67.2              68.5    -1.3     66.9
AVG. MINIMUM     46.5              47.3    -0.8     46.7
MEAN             56.8              57.9    -1.1     56.8
DAYS MAX >= 90     46              42.5     3.5       29
DAYS MAX <= 32     21              11.2     9.8        8
DAYS MAX >= 95      9
DAYS MAX >= 100     0
DAYS MIN <= 32    101              82.2    18.8       97
DAYS MIN <= 0       0               1.1    -1.1        0

PRECIPITATION (INCHES)
RECORD
 MAXIMUM        74.85   2011
 MINIMUM        30.06   2012
TOTALS          46.84             49.08   -2.24    60.34
DAILY AVG.       0.13              0.13    0.00     0.17
DAYS >= .01       116             110.2     5.8      117
DAYS >= .10        77              74.1     2.9       74
DAYS >= .50        35              32.4     2.6       37
DAYS >= 1.00       10              13.7    -3.7       16
DAYS >= 0.25       52                                 51
DAYS >= 2.00        2                                  5
GREATEST
 24 HR. TOTAL    4.55
 STORM TOTAL       MM
 (MM/DD(HH))

SNOWFALL (INCHES)
RECORDS
 TOTAL           24.7   1978
 24 HR TOTAL     14.0   12/22/2004 TO 12/22/2004
TOTALS           16.3               9.1     7.2      6.3
 LIQUID EQUIV    1.63
SINCE 7/1         3.0               2.3     0.7      5.2
SNOWDEPTH AVG.      0                                  0
DAYS >= TRACE      28               7.2    20.8       28
DAYS >= 1.0         5               2.8     2.2        1
GREATEST
 SNOW DEPTH         6   02/03                          3  12/08
                        02/02                             12/07
 24 HR TOTAL      6.2   MM
 STORM TOTAL       MM
 (MM/DD(HH))

DEGREE_DAYS
HEATING TOTAL    4564              4131     433     4343
 SINCE 7/1         MM              1631      MM

FREEZE DATES
RECORD
 EARLIEST     10/01/1984
 LATEST       04/28/1992
EARLIEST                        10/26
LATEST                          04/04
.................................................................

WIND (MPH)
AVERAGE WIND SPEED              6.8
HIGHEST WIND SPEED/DIRECTION    46/340    DATE  08/19
HIGHEST GUST SPEED/DIRECTION    63/340    DATE  08/19

SKY COVER
POSSIBLE SUNSHINE (PERCENT)   MM
AVERAGE SKY COVER           0.40
NUMBER OF DAYS FAIR          209
NUMBER OF DAYS PC             89
NUMBER OF DAYS CLOUDY         67

AVERAGE RH (PERCENT)     68

WEATHER CONDITIONS. NUMBER OF DAYS WITH
THUNDERSTORM              0     MIXED PRECIP               0
HEAVY RAIN               49     RAIN                      72
LIGHT RAIN              123     FREEZING RAIN              3
LT FREEZING RAIN          4     HAIL                       0
HEAVY SNOW                1     SNOW                       4
LIGHT SNOW               24     SLEET                      6
FOG                     204     FOG W/VIS <= 1/4 MILE     23
HAZE                    111

-  INDICATES NEGATIVE NUMBERS.
R  INDICATES RECORD WAS SET OR TIED.
MM INDICATES DATA IS MISSING.
T  INDICATES TRACE AMOUNT.

$$
