000
CXUS53 KPAH 031610
CLAPAH

CLIMATE REPORT
NATIONAL WEATHER SERVICE PADUCAH KY
1006 AM CST TUE JAN 3 2017

...................................

...THE PADUCAH KY CLIMATE SUMMARY FOR THE YEAR OF 2016...

CLIMATE NORMAL PERIOD 1981 TO 2010
CLIMATE RECORD PERIOD 1937 TO 2017

WEATHER         OBSERVED          NORMAL  DEPART  LAST YEAR`S
                 VALUE   DATE(S)  VALUE   FROM    VALUE  DATE(S)
                                          NORMAL
................................................................
TEMPERATURE (F)
RECORD
 HIGH             108   06/29/2012
                        07/17/1942
                        07/17/1942
 LOW              -15   01/20/1985
HIGHEST           100   06/16        67      33       96  09/05
                                                          07/29
LOWEST              9   01/18        47     -38      -10  02/19
AVG. MAXIMUM     70.9              68.5     2.4     69.1
AVG. MINIMUM     49.6              47.3     2.3     48.3
MEAN             60.3              57.9     2.4     58.7
DAYS MAX >= 90     67              42.5    24.5       44
DAYS MAX <= 32     12              11.2     0.8       18
DAYS MAX >= 95     11                                  5
DAYS MAX >= 100     1                                  0
DAYS MIN <= 32     77              82.2    -5.2       79
DAYS MIN <= 0       0               1.1    -1.1        4

PRECIPITATION (INCHES)
RECORD
 MAXIMUM        74.85   2011
 MINIMUM        30.06   2012
TOTALS          52.50             49.08    3.42    59.17
DAILY AVG.       0.14              0.13    0.01     0.16
DAYS >= .01       118             110.2     7.8      112
DAYS >= .10        78              74.1     3.9       78
DAYS >= .50        36              32.4     3.6       36
DAYS >= 1.00       17              13.7     3.3       21
DAYS >= 0.25       52                                 62
DAYS >= 2.00        3                                  6


SNOWFALL (INCHES)
RECORDS
 TOTAL           37.7   1960
 24 HR TOTAL     14.0   12/22/2004 TO 12/22/2004
 SNOW DEPTH        20   MM
TOTALS           12.1               9.1     3.0     25.6
 LIQUID EQUIV    1.21              1.20    0.01     2.56
SINCE 7/1           T               2.3    -2.3      0.0
 LIQUID 7/1        MM                MM      MM     0.00
SNOWDEPTH AVG.      0                MM      MM        0
DAYS >= TRACE      17               7.2     9.8       17
DAYS >= 1.0         4               2.8     1.2        4
GREATEST
 SNOW DEPTH         5   01/23
 24 HR TOTAL      5.9   MM


DEGREE_DAYS
HEATING TOTAL    3576              4131    -555     3838
 SINCE 7/1         MM              1631      MM       MM
COOLING TOTAL    1953              1541     412     1696
 SINCE 1/1       1953              1542     411     1696

FREEZE DATES
RECORD
 EARLIEST     10/01/1984
 LATEST       04/28/1992
EARLIEST                        10/26
LATEST                          04/04
..................................................



-  INDICATES NEGATIVE NUMBERS.
R  INDICATES RECORD WAS SET OR TIED.
MM INDICATES DATA IS MISSING.
T  INDICATES TRACE AMOUNT.

$$
