007
CXUS53 KPAH 021630
CLAPAH

SDFCLMPEA 000
TTAA00 KPAH 011719


CLIMATE REPORT
NATIONAL WEATHER SERVICE PADUCAH KY
1059 AM CST MON JAN 1 2018

...................................

...THE PADUCAH KY CLIMATE SUMMARY FOR THE YEAR OF 2017...

CLIMATE NORMAL PERIOD 1981 TO 2010
CLIMATE RECORD PERIOD 1937 TO 2017

WEATHER         OBSERVED          NORMAL  DEPART  LAST YEAR`S
                 VALUE   DATE(S)  VALUE   FROM    VALUE  DATE(S)
                                          NORMAL
................................................................
TEMPERATURE (F)
RECORD
 HIGH             108   06/29/2012
                        07/17/1942
                        07/17/1942
 LOW              -15   01/20/1985
HIGHEST            97   07/21                        100  06/16
LOWEST              7   01/08                          9  01/18
                        01/07
AVG. MAXIMUM     70.9              68.5     2.4     70.9
AVG. MINIMUM     49.8              47.3     2.5     49.6
MEAN             60.3              57.9     2.4     60.3
DAYS MAX >= 90     43              42.5     0.5       67
DAYS MAX <= 32      7              11.2    -4.2       12
DAYS MAX >= 95      6
DAYS MAX >= 100     0
DAYS MIN <= 32     66              82.2   -16.2       77
DAYS MIN <= 0       0               1.1    -1.1        0

PRECIPITATION (INCHES)
RECORD
 MAXIMUM        74.85   2011
 MINIMUM        30.06   2012
TOTALS          46.41             49.08   -2.67    52.50
DAILY AVG.       0.13              0.13    0.00     0.14
DAYS >= .01       113             110.2     2.8      118
DAYS >= .10        68              74.1    -6.1       78
DAYS >= .50        37              32.4     4.6       36
DAYS >= 1.00       13              13.7    -0.7       17
DAYS >= 0.25       50                                 52
DAYS >= 2.00        3                                  3
GREATEST
 24 HR. TOTAL    2.82
 STORM TOTAL       MM
 (MM/DD(HH))

SNOWFALL (INCHES)
RECORDS
 TOTAL           25.6   2015
 24 HR TOTAL     14.0   12/22/2004 TO 12/22/2004
TOTALS            1.2               9.1    -7.9     12.1
 LIQUID EQUIV    0.12
SINCE 7/1           T               2.3    -2.3        T
SNOWDEPTH AVG.      0                                  0
DAYS >= TRACE      13               7.2     5.8       17
DAYS >= 1.0         0               2.8    -2.8        4
GREATEST
 SNOW DEPTH         0   MM                             5  01/23
 24 HR TOTAL      0.8   MM
 STORM TOTAL       MM
 (MM/DD(HH))

DEGREE_DAYS
HEATING TOTAL    3285              4131    -846     3576
 SINCE 7/1       1534              1631     -97

FREEZE DATES
RECORD
 EARLIEST     10/01/1984
 LATEST       04/28/1992
EARLIEST                        10/26
LATEST                          04/04
.................................................................

WIND (MPH)
AVERAGE WIND SPEED              6.5
HIGHEST WIND SPEED/DIRECTION    48/260    DATE  03/01
HIGHEST GUST SPEED/DIRECTION    75/240    DATE  03/01

SKY COVER
POSSIBLE SUNSHINE (PERCENT)   MM
AVERAGE SKY COVER           0.30
NUMBER OF DAYS FAIR          210
NUMBER OF DAYS PC             94
NUMBER OF DAYS CLOUDY         61

AVERAGE RH (PERCENT)     66

WEATHER CONDITIONS. NUMBER OF DAYS WITH
THUNDERSTORM              0     MIXED PRECIP               0
HEAVY RAIN               50     RAIN                      63
LIGHT RAIN              121     FREEZING RAIN              0
LT FREEZING RAIN          0     HAIL                       0
HEAVY SNOW                0     SNOW                       0
LIGHT SNOW               11     SLEET                      0
FOG                     171     FOG W/VIS <= 1/4 MILE     32
HAZE                     84

-  INDICATES NEGATIVE NUMBERS.
R  INDICATES RECORD WAS SET OR TIED.
MM INDICATES DATA IS MISSING.
T  INDICATES TRACE AMOUNT.

&&

RMK: AVERAGE TEMPERATURE OF 60.3 DEGREES TIES AS 3RD WARMEST
YEAR ON RECORD (ALSO OCCURRED IN 2016). THE WARMEST YEAR ON
RECORD IS 60.9 DEGREES IN 2012.

$$
