000
CDUS43 KPAH 010629
CLIPAH


CLIMATE REPORT
NATIONAL WEATHER SERVICE PADUCAH KY
1227 AM CST SUN FEB 1 2015


...................................

...THE PADUCAH KY CLIMATE SUMMARY FOR JANUARY 31 2015...

CLIMATE NORMAL PERIOD 1981 TO 2010
CLIMATE RECORD PERIOD 1937 TO 2015


WEATHER ITEM   OBSERVED TIME   RECORD YEAR NORMAL DEPARTURE LAST
                VALUE   (LST)  VALUE       VALUE  FROM      YEAR
                                                  NORMAL
..................................................................
TEMPERATURE (F)
 YESTERDAY
  MAXIMUM         45    241 PM  67    2002  45      0       46
                                      1989
  MINIMUM         25    623 AM  -5    1965  26     -1       27
  AVERAGE         35                        36     -1       37

PRECIPITATION (IN)
  YESTERDAY        0.00          2.50 2002   0.13  -0.13     0.08
  MONTH TO DATE    2.56                      3.68  -1.12     2.03
  SINCE DEC 1      5.45                      8.27  -2.82    10.17
  SINCE JAN 1      2.56                      3.68  -1.12     2.03

SNOWFALL (IN)
  YESTERDAY        0.0           3.7  1951   0.1   -0.1      0.0
  MONTH TO DATE    0.5                       3.0   -2.5      1.1
  SINCE DEC 1      0.7                       5.2   -4.5      6.3
  SINCE JUL 1      3.5                       5.3   -1.8      6.3
  SNOW DEPTH       0

DEGREE DAYS
 HEATING
  YESTERDAY       30                        29      1       28
  MONTH TO DATE  950                       946      4     1077
  SINCE DEC 1   1696                      1796   -100     1935
  SINCE JUL 1   2633                      2573     60     2737

 COOLING
  YESTERDAY        0                         0      0        0
  MONTH TO DATE    0                         0      0        0
  SINCE DEC 1      0                         0      0        0
  SINCE JAN 1      0                         0      0        0
..................................................................


WIND (MPH)
  HIGHEST WIND SPEED    16   HIGHEST WIND DIRECTION     E (110)
  HIGHEST GUST SPEED    20   HIGHEST GUST DIRECTION     E (110)
  AVERAGE WIND SPEED     3.0


SKY COVER
  POSSIBLE SUNSHINE  MM
  AVERAGE SKY COVER 0.4


WEATHER CONDITIONS
 THE FOLLOWING WEATHER WAS RECORDED YESTERDAY.
  NO SIGNIFICANT WEATHER WAS OBSERVED.


RELATIVE HUMIDITY (PERCENT)
 HIGHEST    88           400 AM
 LOWEST     41           100 PM
 AVERAGE    65

..........................................................


THE PADUCAH KY CLIMATE NORMALS FOR TODAY
                         NORMAL    RECORD    YEAR
 MAXIMUM TEMPERATURE (F)   45        70      1974
 MINIMUM TEMPERATURE (F)   27       -11      1951


SUNRISE AND SUNSET
FEBRUARY  1 2015......SUNRISE   658 AM CST   SUNSET   520 PM CST
FEBRUARY  2 2015......SUNRISE   657 AM CST   SUNSET   521 PM CST


-  INDICATES NEGATIVE NUMBERS.
R  INDICATES RECORD WAS SET OR TIED.
MM INDICATES DATA IS MISSING.
T  INDICATES TRACE AMOUNT.

&&
.........................................................
***** AGRICULTURAL DATA *****

SOIL TEMPERATURES AT A DEPTH OF FOUR INCHES

UNDER BARE GROUND...  MAX: MM  MIN: MM
UNDER GRASS.........  MAX: 41  MIN: 40

$$
