000
CDUS43 KPAH 282239
CLIPAH


CLIMATE REPORT
NATIONAL WEATHER SERVICE PADUCAH KY
437 PM CST FRI NOV 28 2014


...................................

...THE PADUCAH KY CLIMATE SUMMARY FOR NOVEMBER 28 2014...
VALID TODAY AS OF 0400 PM LOCAL TIME.

CLIMATE NORMAL PERIOD 1981 TO 2010
CLIMATE RECORD PERIOD 1937 TO 2014


WEATHER ITEM   OBSERVED TIME   RECORD YEAR NORMAL DEPARTURE LAST
                VALUE   (LST)  VALUE       VALUE  FROM      YEAR
                                                  NORMAL
..................................................................
TEMPERATURE (F)
 TODAY
  MAXIMUM         48    359 PM  73    1949  52     -4       45
  MINIMUM         26    651 AM  13    1958  33     -7       17
                                      1955
  AVERAGE                                   43              31

PRECIPITATION (IN)
  TODAY            0.00          2.12 2001   0.16  -0.16     0.00
  MONTH TO DATE    2.57                      3.97  -1.40     2.27
  SINCE SEP 1      7.16                     11.68  -4.52    11.43
  SINCE JAN 1     43.93                     44.16  -0.23    52.20

SNOWFALL (IN)
  TODAY            0.0                                       0.0
  MONTH TO DATE    2.8                                        T
  SINCE JUL 1      2.8                                        T
  SNOW DEPTH       0

..................................................................


WIND (MPH)
  HIGHEST WIND SPEED    16   HIGHEST WIND DIRECTION     S (170)
  HIGHEST GUST SPEED    23   HIGHEST GUST DIRECTION    SW (210)




RELATIVE HUMIDITY (PERCENT)
 HIGHEST    92
 LOWEST     42

..........................................................


THE PADUCAH KY CLIMATE NORMALS FOR TOMORROW
                         NORMAL    RECORD    YEAR
 MAXIMUM TEMPERATURE (F)   52        73      1998
 MINIMUM TEMPERATURE (F)   33        13      1976


SUNRISE AND SUNSET
NOVEMBER 28 2014......SUNRISE   647 AM CST   SUNSET   439 PM CST
NOVEMBER 29 2014......SUNRISE   648 AM CST   SUNSET   439 PM CST


-  INDICATES NEGATIVE NUMBERS.
R  INDICATES RECORD WAS SET OR TIED.
MM INDICATES DATA IS MISSING.
T  INDICATES TRACE AMOUNT.




$$
