000
CDUS43 KPAH 180628
CLIPAH


CLIMATE REPORT
NATIONAL WEATHER SERVICE PADUCAH KY
1226 AM CST SAT NOV 18 2017


...................................

...THE PADUCAH KY CLIMATE SUMMARY FOR NOVEMBER 17 2017...

CLIMATE NORMAL PERIOD 1981 TO 2010
CLIMATE RECORD PERIOD 1937 TO 2017


WEATHER ITEM   OBSERVED TIME   RECORD YEAR NORMAL DEPARTURE LAST
                VALUE   (LST)  VALUE       VALUE  FROM      YEAR
                                                  NORMAL
..................................................................
TEMPERATURE (F)
 YESTERDAY
  MAXIMUM         67   1159 PM  81    1958  58      9       80
  MINIMUM         30    452 AM  12    1959  38     -8       59
  AVERAGE         49                        48      1       70

PRECIPITATION (IN)
  YESTERDAY        0.00          2.19 2015   0.14  -0.14     0.00
  MONTH TO DATE    2.69                      2.26   0.43     0.11
  SINCE SEP 1      9.28                      9.97  -0.69     1.28
  SINCE JAN 1     42.41                     42.45  -0.04    43.95

SNOWFALL (IN)
  YESTERDAY        0.0           T    1980   0.0    0.0      0.0
  MONTH TO DATE    0.0                       0.0    0.0      0.0
  SINCE SEP 1      0.0                       0.1   -0.1      0.0
  SINCE JUL 1      0.0                       0.1   -0.1      0.0
  SNOW DEPTH       0

DEGREE DAYS
 HEATING
  YESTERDAY       16                        17     -1        0
  MONTH TO DATE  227                       244    -17      161
  SINCE SEP 1    436                       510    -74      265
  SINCE JUL 1    436                       511    -75      265

 COOLING
  YESTERDAY        0                         0      0        5
  MONTH TO DATE    7                         0      7       19
  SINCE SEP 1    318                       225     93      423
  SINCE JAN 1   1692                      1538    154     1953
..................................................................


WIND (MPH)
  HIGHEST WIND SPEED    18   HIGHEST WIND DIRECTION     S (180)
  HIGHEST GUST SPEED    32   HIGHEST GUST DIRECTION     S (160)
  AVERAGE WIND SPEED     9.3


SKY COVER
  POSSIBLE SUNSHINE  MM
  AVERAGE SKY COVER 0.5


WEATHER CONDITIONS
 THE FOLLOWING WEATHER WAS RECORDED YESTERDAY.
  FOG
  HAZE


RELATIVE HUMIDITY (PERCENT)
 HIGHEST    92           500 AM
 LOWEST     51           200 PM
 AVERAGE    72

..........................................................


THE PADUCAH KY CLIMATE NORMALS FOR TODAY
                         NORMAL    RECORD    YEAR
 MAXIMUM TEMPERATURE (F)   57        78      1985
 MINIMUM TEMPERATURE (F)   37        10      2014


SUNRISE AND SUNSET
NOVEMBER 18 2017......SUNRISE   637 AM CST   SUNSET   443 PM CST
NOVEMBER 19 2017......SUNRISE   638 AM CST   SUNSET   443 PM CST


-  INDICATES NEGATIVE NUMBERS.
R  INDICATES RECORD WAS SET OR TIED.
MM INDICATES DATA IS MISSING.
T  INDICATES TRACE AMOUNT.

..............................................
***** AGRICULTURAL DATA *****

SOIL TEMPERATURES AT A DEPTH OF FOUR INCHES

UNDER GRASS... MAX: 54    MIN: 53


$$
