000
CDUS43 KPAH 252127
CLIPAH


CLIMATE REPORT
NATIONAL WEATHER SERVICE PADUCAH KY
425 PM CDT MON SEP 25 2017

...................................

...THE PADUCAH KY CLIMATE SUMMARY FOR SEPTEMBER 25 2017...
VALID TODAY AS OF 0400 PM LOCAL TIME.

CLIMATE NORMAL PERIOD 1981 TO 2010
CLIMATE RECORD PERIOD 1937 TO 2017

WEATHER ITEM   OBSERVED TIME   RECORD YEAR NORMAL DEPARTURE LAST
                VALUE   (LST)  VALUE       VALUE  FROM      YEAR
                                                  NORMAL
..................................................................
TEMPERATURE (F)
 TODAY
  MAXIMUM         92    239 PM  94    1939  79     13       92
  MINIMUM         63    614 AM  38    1950  54      9       64
  AVERAGE         78                        66     12       78

PRECIPITATION (IN)
  TODAY            0.00          3.38 2011   0.14  -0.14     0.00
  MONTH TO DATE    2.55                      3.06  -0.51     0.66
  SINCE SEP 1      2.55                      3.06  -0.51     0.66
  SINCE JAN 1     35.68                     35.54   0.14    43.33

SNOWFALL (IN)
  TODAY            0.0                                       0.0
  MONTH TO DATE    0.0                                       0.0
  SINCE JUL 1      0.0                                       0.0
  SNOW DEPTH       0
..................................................................

WIND (MPH)
  HIGHEST WIND SPEED     9   HIGHEST WIND DIRECTION     N (340)
  HIGHEST GUST SPEED    11   HIGHEST GUST DIRECTION     N (350)

RELATIVE HUMIDITY (PERCENT)
 HIGHEST    93
 LOWEST     38
..........................................................

THE PADUCAH KY CLIMATE NORMALS FOR TOMORROW
                         NORMAL    RECORD    YEAR
 MAXIMUM TEMPERATURE (F)   78        94      1939
 MINIMUM TEMPERATURE (F)   53        37      2001

SUNRISE AND SUNSET
SEPTEMBER 25 2017.....SUNRISE   646 AM CDT   SUNSET   647 PM CDT
SEPTEMBER 26 2017.....SUNRISE   646 AM CDT   SUNSET   645 PM CDT

-  INDICATES NEGATIVE NUMBERS.
R  INDICATES RECORD WAS SET OR TIED.
MM INDICATES DATA IS MISSING.
T  INDICATES TRACE AMOUNT.

$$
