000
CDUS43 KPAH 230635
CLIPAH


CLIMATE REPORT
NATIONAL WEATHER SERVICE PADUCAH KY
132 AM CDT WED APR 23 2014


...................................

...THE PADUCAH KY CLIMATE SUMMARY FOR APRIL 22 2014...

CLIMATE NORMAL PERIOD 1981 TO 2010
CLIMATE RECORD PERIOD 1937 TO 2014


WEATHER ITEM   OBSERVED TIME   RECORD YEAR NORMAL DEPARTURE LAST
                VALUE   (LST)  VALUE       VALUE  FROM      YEAR
                                                  NORMAL
..................................................................
TEMPERATURE (F)
 YESTERDAY
  MAXIMUM         75    223 PM  88    1980  72      3       72
  MINIMUM         49   1159 PM  31    1993  49      0       42
  AVERAGE         62                        60      2       57

PRECIPITATION (IN)
  YESTERDAY        0.05          1.44 1973   0.17  -0.12     0.00
  MONTH TO DATE    4.83                      3.38   1.45     3.91
  SINCE MAR 1      8.48                      7.31   1.17     7.93
  SINCE JAN 1     13.66                     14.90  -1.24    19.68

SNOWFALL (IN)
  YESTERDAY        0.0           T    2011   0.0    0.0      0.0
  MONTH TO DATE    0.0                       0.0    0.0      0.0
  SINCE MAR 1      5.6                       0.6    5.0      0.7
  SINCE JUL 1     18.5                       9.1    9.4      6.8
  SNOW DEPTH       0

DEGREE DAYS
 HEATING
  YESTERDAY        3                         6     -3        8
  MONTH TO DATE  158                       203    -45      218
  SINCE MAR 1    804                       726     78      933
  SINCE JUL 1   4459                      4022    437     4044

 COOLING
  YESTERDAY        0                         1     -1        0
  MONTH TO DATE   23                        22      1       31
  SINCE MAR 1     23                        29     -6       31
  SINCE JAN 1     23                        29     -6       31
..................................................................


WIND (MPH)
  HIGHEST WIND SPEED    20   HIGHEST WIND DIRECTION     N (360)
  HIGHEST GUST SPEED    23   HIGHEST GUST DIRECTION     N (360)
  AVERAGE WIND SPEED     9.0


SKY COVER
  POSSIBLE SUNSHINE  MM
  AVERAGE SKY COVER 0.2


WEATHER CONDITIONS
 THE FOLLOWING WEATHER WAS RECORDED YESTERDAY.
  LIGHT RAIN
  FOG
  HAZE


RELATIVE HUMIDITY (PERCENT)
 HIGHEST    93           200 AM
 LOWEST     27           400 PM
 AVERAGE    60

..........................................................


THE PADUCAH KY CLIMATE NORMALS FOR TODAY
                         NORMAL    RECORD    YEAR
 MAXIMUM TEMPERATURE (F)   72        87      1965
 MINIMUM TEMPERATURE (F)   49        30      1986


SUNRISE AND SUNSET
APRIL 23 2014.........SUNRISE   610 AM CDT   SUNSET   737 PM CDT
APRIL 24 2014.........SUNRISE   609 AM CDT   SUNSET   738 PM CDT


-  INDICATES NEGATIVE NUMBERS.
R  INDICATES RECORD WAS SET OR TIED.
MM INDICATES DATA IS MISSING.
T  INDICATES TRACE AMOUNT.

&&
........................................................
***** AGRICULTURAL DATA *****

SOIL TEMPERATURES AT A DEPTH OF FOUR INCHES

UNDER BARE GROUND...  MAX: MM  MIN: MM
UNDER GRASS.........  MAX: 60  MIN: 58

$$
