000
CDUS43 KPAH 260647
CLIPAH


CLIMATE REPORT
NATIONAL WEATHER SERVICE PADUCAH KY
144 AM CDT WED APR 26 2017


...................................

...THE PADUCAH KY CLIMATE SUMMARY FOR APRIL 25 2017...

CLIMATE NORMAL PERIOD 1981 TO 2010
CLIMATE RECORD PERIOD 1937 TO 2017


WEATHER ITEM   OBSERVED TIME   RECORD YEAR NORMAL DEPARTURE LAST
                VALUE   (LST)  VALUE       VALUE  FROM      YEAR
                                                  NORMAL
..................................................................
TEMPERATURE (F)
 YESTERDAY
  MAXIMUM         79    454 PM  88    1986  72      7       83
  MINIMUM         56    551 AM  32    2013  50      6       63
  AVERAGE         68                        61      7       73

PRECIPITATION (IN)
  YESTERDAY        0.00          2.36 2011   0.17  -0.17     0.00
  MONTH TO DATE    3.28                      3.90  -0.62     1.11
  SINCE MAR 1      7.67                      7.83  -0.16    10.32
  SINCE JAN 1     12.50                     15.42  -2.92    15.78

SNOWFALL (IN)
  YESTERDAY        0.0           0.0  2002   0.0    0.0      0.0
                                      2001
  MONTH TO DATE    0.0                       0.0    0.0      0.0
  SINCE MAR 1      1.0                       0.6    0.4       T
  SINCE JUL 1      1.2                       9.1   -7.9     12.1
  SNOW DEPTH       0

DEGREE DAYS
 HEATING
  YESTERDAY        0                         5     -5        0
  MONTH TO DATE   96                       220   -124      174
  SINCE MAR 1    532                       743   -211      533
  SINCE JUL 1   3011                      4039  -1028     3195

 COOLING
  YESTERDAY        3                         2      1        8
  MONTH TO DATE   57                        28     29       18
  SINCE MAR 1     58                        35     23       20
  SINCE JAN 1     58                        35     23       20
..................................................................


WIND (MPH)
  HIGHEST WIND SPEED    17   HIGHEST WIND DIRECTION     S (170)
  HIGHEST GUST SPEED    23   HIGHEST GUST DIRECTION    SE (150)
  AVERAGE WIND SPEED     7.6


SKY COVER
  POSSIBLE SUNSHINE  MM
  AVERAGE SKY COVER 0.0


WEATHER CONDITIONS
 THE FOLLOWING WEATHER WAS RECORDED YESTERDAY.
  NO SIGNIFICANT WEATHER WAS OBSERVED.


RELATIVE HUMIDITY (PERCENT)
 HIGHEST    86           300 AM
 LOWEST     37           400 PM
 AVERAGE    62

..........................................................


THE PADUCAH KY CLIMATE NORMALS FOR TODAY
                         NORMAL    RECORD    YEAR
 MAXIMUM TEMPERATURE (F)   73        88      1989
 MINIMUM TEMPERATURE (F)   50        35      1988


SUNRISE AND SUNSET
APRIL 26 2017.........SUNRISE   606 AM CDT   SUNSET   740 PM CDT
APRIL 27 2017.........SUNRISE   605 AM CDT   SUNSET   741 PM CDT


-  INDICATES NEGATIVE NUMBERS.
R  INDICATES RECORD WAS SET OR TIED.
MM INDICATES DATA IS MISSING.
T  INDICATES TRACE AMOUNT.


..........................................................

***** AGRICULTURAL DATA *****

SOIL TEMPERATURES AT A DEPTH OF FOUR INCHES

UNDER GRASS...  MAX: 62    MIN: 62


$$
