858
CDUS43 KPAH 280628
CLIPAH


CLIMATE REPORT
NATIONAL WEATHER SERVICE PADUCAH KY
127 AM CDT SAT MAY 28 2016

...................................

...THE PADUCAH KY CLIMATE SUMMARY FOR MAY 27 2016...

CLIMATE NORMAL PERIOD 1981 TO 2010
CLIMATE RECORD PERIOD 1937 TO 2016

WEATHER ITEM   OBSERVED TIME   RECORD YEAR NORMAL DEPARTURE LAST
                VALUE   (LST)  VALUE       VALUE  FROM      YEAR
                                                  NORMAL
..................................................................
TEMPERATURE (F)
 YESTERDAY
  MAXIMUM         84    236 PM  95    2012  81      3       78
  MINIMUM         66    346 AM  34    1961  60      6       62
  AVERAGE         75                        70      5       70

PRECIPITATION (IN)
  YESTERDAY        0.02          2.18 1973   0.15  -0.13      T
  MONTH TO DATE    5.27                      4.35   0.92     2.98
  SINCE MAR 1     17.74                     13.04   4.70    17.60
  SINCE JAN 1     23.20                     20.63   2.57    24.89

SNOWFALL (IN)
  YESTERDAY        0.0           0.0  2002   0.0    0.0      0.0
                                      2001
  MONTH TO DATE    0.0                       0.0    0.0      0.0
  SINCE MAR 1      T                         0.6   -0.6     12.1
  SINCE JUL 1     12.1                       9.1    3.0     28.6
  SNOW DEPTH       0

DEGREE DAYS
 HEATING
  YESTERDAY        0                         1     -1        0
  MONTH TO DATE   91                        61     30       50
  SINCE MAR 1    630                       829   -199      806
  SINCE JUL 1   3292                      4125   -833     4475

 COOLING
  YESTERDAY       10                         6      4        5
  MONTH TO DATE   69                       103    -34      140
  SINCE MAR 1    105                       145    -40      182
  SINCE JAN 1    105                       145    -40      182
..................................................................

WIND (MPH)
  HIGHEST WIND SPEED    21   HIGHEST WIND DIRECTION     S (170)
  HIGHEST GUST SPEED    27   HIGHEST GUST DIRECTION     S (170)
  AVERAGE WIND SPEED     8.2

SKY COVER
  POSSIBLE SUNSHINE  MM
  AVERAGE SKY COVER 0.3

WEATHER CONDITIONS
 THE FOLLOWING WEATHER WAS RECORDED YESTERDAY.
  LIGHT RAIN

RELATIVE HUMIDITY (PERCENT)
 HIGHEST    90           700 AM
 LOWEST     55           300 PM
 AVERAGE    73
..........................................................

THE PADUCAH KY CLIMATE NORMALS FOR TODAY
                         NORMAL    RECORD    YEAR
 MAXIMUM TEMPERATURE (F)   81        95      2012
 MINIMUM TEMPERATURE (F)   60        44      1994

SUNRISE AND SUNSET
MAY 28 2016...........SUNRISE   538 AM CDT   SUNSET   807 PM CDT
MAY 29 2016...........SUNRISE   538 AM CDT   SUNSET   808 PM CDT

-  INDICATES NEGATIVE NUMBERS.
R  INDICATES RECORD WAS SET OR TIED.
MM INDICATES DATA IS MISSING.
T  INDICATES TRACE AMOUNT.

$$
