000
CDUS43 KPAH 170629
CLIPAH


CLIMATE REPORT
NATIONAL WEATHER SERVICE PADUCAH KY
126 AM CDT TUE OCT 17 2017


...................................

...THE PADUCAH KY CLIMATE SUMMARY FOR OCTOBER 16 2017...

CLIMATE NORMAL PERIOD 1981 TO 2010
CLIMATE RECORD PERIOD 1937 TO 2017


WEATHER ITEM   OBSERVED TIME   RECORD YEAR NORMAL DEPARTURE LAST
                VALUE   (LST)  VALUE       VALUE  FROM      YEAR
                                                  NORMAL
..................................................................
TEMPERATURE (F)
 YESTERDAY
  MAXIMUM         66    317 PM  87    1950  71     -5       84
                                      1938
  MINIMUM         40   1159 PM  29    1991  47     -7       65
  AVERAGE         53                        59     -6       75

PRECIPITATION (IN)
  YESTERDAY        0.00          3.02 1989   0.13  -0.13     0.00
  MONTH TO DATE    2.38                      2.08   0.30     0.10
  SINCE SEP 1      4.93                      5.83  -0.90     0.93
  SINCE JAN 1     38.06                     38.31  -0.25    43.60

SNOWFALL (IN)
  YESTERDAY        0.0           0.0  2002   0.0    0.0      0.0
                                      2001
  MONTH TO DATE    0.0                       0.0    0.0      0.0
  SINCE SEP 1      0.0                       0.0    0.0      0.0
  SINCE JUL 1      0.0                       0.0    0.0      0.0
  SNOW DEPTH       0

DEGREE DAYS
 HEATING
  YESTERDAY       12                         7      5        0
  MONTH TO DATE   26                        90    -64       34
  SINCE SEP 1     37                       128    -91       48
  SINCE JUL 1     37                       129    -92       48

 COOLING
  YESTERDAY        0                         1     -1       10
  MONTH TO DATE   90                        27     63       61
  SINCE SEP 1    306                       214     92      345
  SINCE JAN 1   1680                      1527    153     1875
..................................................................


WIND (MPH)
  HIGHEST WIND SPEED    15   HIGHEST WIND DIRECTION     N (20)
  HIGHEST GUST SPEED    21   HIGHEST GUST DIRECTION    NW (330)
  AVERAGE WIND SPEED     5.6


SKY COVER
  POSSIBLE SUNSHINE  MM
  AVERAGE SKY COVER 0.0


WEATHER CONDITIONS
 THE FOLLOWING WEATHER WAS RECORDED YESTERDAY.
  FOG


RELATIVE HUMIDITY (PERCENT)
 HIGHEST    89           900 PM
 LOWEST     31           400 PM
 AVERAGE    60

..........................................................


THE PADUCAH KY CLIMATE NORMALS FOR TODAY
                         NORMAL    RECORD    YEAR
 MAXIMUM TEMPERATURE (F)   71        87      2016
                                             1938
 MINIMUM TEMPERATURE (F)   46        30      1943


SUNRISE AND SUNSET
OCTOBER 17 2017.......SUNRISE   705 AM CDT   SUNSET   615 PM CDT
OCTOBER 18 2017.......SUNRISE   706 AM CDT   SUNSET   614 PM CDT


-  INDICATES NEGATIVE NUMBERS.
R  INDICATES RECORD WAS SET OR TIED.
MM INDICATES DATA IS MISSING.
T  INDICATES TRACE AMOUNT.

&&
..............................................

     ***** AGRICULTURAL DATA *****

SOIL TEMPERATURES AT A DEPTH OF FOUR INCHES

UNDER GRASS... MAX: 71     MIN: 69

$$
