000
CDUS43 KPAH 250635
CLIPAH


CLIMATE REPORT
NATIONAL WEATHER SERVICE PADUCAH KY
1234 AM CST THU DEC 25 2014


...................................

...THE PADUCAH KY CLIMATE SUMMARY FOR DECEMBER 24 2014...

CLIMATE NORMAL PERIOD 1981 TO 2010
CLIMATE RECORD PERIOD 1937 TO 2014


WEATHER ITEM   OBSERVED TIME   RECORD YEAR NORMAL DEPARTURE LAST
                VALUE   (LST)  VALUE       VALUE  FROM      YEAR
                                                  NORMAL
..................................................................
TEMPERATURE (F)
 YESTERDAY
  MAXIMUM         47   1250 AM  68    1982  44      3       28
                                      1955
  MINIMUM         40   1159 PM  -6    2004  27     13       15
                                      1983
  AVERAGE         44                        36      8       22

PRECIPITATION (IN)
  YESTERDAY        0.13          1.62 2009   0.15  -0.02      T
  MONTH TO DATE    2.34                      3.64  -1.30     7.94
  SINCE DEC 1      2.34                      3.64  -1.30     7.94
  SINCE JAN 1     46.29                     48.13  -1.84    60.14

SNOWFALL (IN)
  YESTERDAY        0.0           3.2  2010   0.1   -0.1       T
  MONTH TO DATE    0.2                       1.6   -1.4      5.2
  SINCE DEC 1      0.2                       1.6   -1.4      5.2
  SINCE JUL 1      3.0                       1.7    1.3      5.2
  SNOW DEPTH       0

DEGREE DAYS
 HEATING
  YESTERDAY       21                        29     -8       43
  MONTH TO DATE  557                       644    -87      642
  SINCE DEC 1    557                       644    -87      642
  SINCE JUL 1   1494                      1421     73     1444

 COOLING
  YESTERDAY        0                         0      0        0
  MONTH TO DATE    0                         0      0        0
  SINCE DEC 1      0                         0      0        0
  SINCE JAN 1   1722                      1542    180     1478
..................................................................


WIND (MPH)
  HIGHEST WIND SPEED    18   HIGHEST WIND DIRECTION     W (250)
  HIGHEST GUST SPEED    22   HIGHEST GUST DIRECTION     W (250)
  AVERAGE WIND SPEED    10.2


SKY COVER
  POSSIBLE SUNSHINE  MM
  AVERAGE SKY COVER 1.0


WEATHER CONDITIONS
 THE FOLLOWING WEATHER WAS RECORDED YESTERDAY.
  RAIN
  LIGHT RAIN
  FOG


RELATIVE HUMIDITY (PERCENT)
 HIGHEST    96           700 AM
 LOWEST     76          1200 AM
 AVERAGE    86

..........................................................


THE PADUCAH KY CLIMATE NORMALS FOR TODAY
                         NORMAL    RECORD    YEAR
 MAXIMUM TEMPERATURE (F)   44        69      1982
 MINIMUM TEMPERATURE (F)   27        -8      2004


SUNRISE AND SUNSET
DECEMBER 25 2014......SUNRISE   707 AM CST   SUNSET   444 PM CST
DECEMBER 26 2014......SUNRISE   707 AM CST   SUNSET   445 PM CST


-  INDICATES NEGATIVE NUMBERS.
R  INDICATES RECORD WAS SET OR TIED.
MM INDICATES DATA IS MISSING.
T  INDICATES TRACE AMOUNT.


&&
.........................................................

***** AGRICULTURAL DATA *****

SOIL TEMPERATURES AT A DEPTH OF FOUR INCHES

UNDER GRASS.........  MAX: 46  MIN: 45


$$
