000
CDUS43 KPAH 150634
CLIPAH


CLIMATE REPORT
NATIONAL WEATHER SERVICE PADUCAH KY
131 AM CDT MON SEP 15 2014


...................................

...THE PADUCAH KY CLIMATE SUMMARY FOR SEPTEMBER 14 2014...

CLIMATE NORMAL PERIOD 1981 TO 2010
CLIMATE RECORD PERIOD 1937 TO 2014


WEATHER ITEM   OBSERVED TIME   RECORD YEAR NORMAL DEPARTURE LAST
                VALUE   (LST)  VALUE       VALUE  FROM      YEAR
                                                  NORMAL
..................................................................
TEMPERATURE (F)
 YESTERDAY
  MAXIMUM         76    408 PM 102    1939  83     -7       76
  MINIMUM         49    548 AM  41    1964  59    -10       50
  AVERAGE         63                        71     -8       63

PRECIPITATION (IN)
  YESTERDAY        0.00          2.34 1978   0.13  -0.13     0.00
  MONTH TO DATE    0.91                      1.65  -0.74     0.26
  SINCE SEP 1      0.91                      1.65  -0.74     0.26
  SINCE JAN 1     37.68                     34.13   3.55    41.03

SNOWFALL (IN)
  YESTERDAY        0.0           0.0  2002   0.0    0.0      0.0
                                      2001
  MONTH TO DATE    0.0                       0.0    0.0      0.0
  SINCE SEP 1      0.0                       0.0    0.0      0.0
  SINCE JUL 1      0.0                       0.0    0.0      0.0
  SNOW DEPTH       0

DEGREE DAYS
 HEATING
  YESTERDAY        2                         1      1        2
  MONTH TO DATE   10                         2      8        2
  SINCE SEP 1     10                         2      8        2
  SINCE JUL 1     10                         3      7        2

 COOLING
  YESTERDAY        0                         6     -6        0
  MONTH TO DATE  137                       117     20      157
  SINCE SEP 1    137                       117     20      157
  SINCE JAN 1   1608                      1430    178     1331
..................................................................


WIND (MPH)
  HIGHEST WIND SPEED     9   HIGHEST WIND DIRECTION     N (20)
  HIGHEST GUST SPEED    14   HIGHEST GUST DIRECTION    NE (50)
  AVERAGE WIND SPEED     2.0


SKY COVER
  POSSIBLE SUNSHINE  MM
  AVERAGE SKY COVER 0.0


WEATHER CONDITIONS
 THE FOLLOWING WEATHER WAS RECORDED YESTERDAY.
  NO SIGNIFICANT WEATHER WAS OBSERVED.


RELATIVE HUMIDITY (PERCENT)
 HIGHEST    93           900 PM
 LOWEST     33           400 PM
 AVERAGE    63

..........................................................


THE PADUCAH KY CLIMATE NORMALS FOR TODAY
                         NORMAL    RECORD    YEAR
 MAXIMUM TEMPERATURE (F)   82       102      1939
 MINIMUM TEMPERATURE (F)   58        45      1964


SUNRISE AND SUNSET
SEPTEMBER 15 2014.....SUNRISE   637 AM CDT   SUNSET   703 PM CDT
SEPTEMBER 16 2014.....SUNRISE   638 AM CDT   SUNSET   701 PM CDT


-  INDICATES NEGATIVE NUMBERS.
R  INDICATES RECORD WAS SET OR TIED.
MM INDICATES DATA IS MISSING.
T  INDICATES TRACE AMOUNT.

&&
..........................................................
***** AGRICULTURAL DATA *****

SOIL TEMPERATURES AT A DEPTH OF FOUR INCHES

UNDER BARE GROUND...  MAX: MM  MIN: MM
UNDER GRASS.........  MAX: 73  MIN: 72


$$
