000
CDUS43 KPAH 200634
CLIPAH


CLIMATE REPORT
NATIONAL WEATHER SERVICE PADUCAH KY
130 AM CDT SAT SEP 20 2014


...................................

...THE PADUCAH KY CLIMATE SUMMARY FOR SEPTEMBER 19 2014...

CLIMATE NORMAL PERIOD 1981 TO 2010
CLIMATE RECORD PERIOD 1937 TO 2014


WEATHER ITEM   OBSERVED TIME   RECORD YEAR NORMAL DEPARTURE LAST
                VALUE   (LST)  VALUE       VALUE  FROM      YEAR
                                                  NORMAL
..................................................................
TEMPERATURE (F)
 YESTERDAY
  MAXIMUM         86    234 PM  97    1954  81      5       88
  MINIMUM         57    556 AM  41    1973  56      1       72
  AVERAGE         72                        69      3       80

PRECIPITATION (IN)
  YESTERDAY        0.00          1.20 1970   0.13  -0.13     0.00
  MONTH TO DATE    0.91                      2.29  -1.38     0.27
  SINCE SEP 1      0.91                      2.29  -1.38     0.27
  SINCE JAN 1     37.68                     34.77   2.91    41.04

SNOWFALL (IN)
  YESTERDAY        0.0                       0.0    0.0      0.0
  MONTH TO DATE    0.0                       0.0    0.0      0.0
  SINCE SEP 1      0.0                       0.0    0.0      0.0
  SINCE JUL 1      0.0                       0.0    0.0      0.0
  SNOW DEPTH       0

DEGREE DAYS
 HEATING
  YESTERDAY        0                         1     -1        0
  MONTH TO DATE   17                         7     10        2
  SINCE SEP 1     17                         7     10        2
  SINCE JUL 1     17                         8      9        2

 COOLING
  YESTERDAY        7                         5      2       15
  MONTH TO DATE  152                       145      7      196
  SINCE SEP 1    152                       145      7      196
  SINCE JAN 1   1623                      1458    165     1370
..................................................................


WIND (MPH)
  HIGHEST WIND SPEED    12   HIGHEST WIND DIRECTION     E (100)
  HIGHEST GUST SPEED    15   HIGHEST GUST DIRECTION     E (70)
  AVERAGE WIND SPEED     2.0


SKY COVER
  POSSIBLE SUNSHINE  MM
  AVERAGE SKY COVER 0.0


WEATHER CONDITIONS
 THE FOLLOWING WEATHER WAS RECORDED YESTERDAY.
  FOG
  HAZE


RELATIVE HUMIDITY (PERCENT)
 HIGHEST    87           900 PM
 LOWEST     40           200 PM
 AVERAGE    64

..........................................................


THE PADUCAH KY CLIMATE NORMALS FOR TODAY
                         NORMAL    RECORD    YEAR
 MAXIMUM TEMPERATURE (F)   81        95      1955
 MINIMUM TEMPERATURE (F)   56        41      1991


SUNRISE AND SUNSET
SEPTEMBER 20 2014.....SUNRISE   641 AM CDT   SUNSET   655 PM CDT
SEPTEMBER 21 2014.....SUNRISE   642 AM CDT   SUNSET   653 PM CDT


-  INDICATES NEGATIVE NUMBERS.
R  INDICATES RECORD WAS SET OR TIED.
MM INDICATES DATA IS MISSING.
T  INDICATES TRACE AMOUNT.

&&
***** AGRICULTURAL DATA *****

SOIL TEMPERATURES AT A DEPTH OF FOUR INCHES

UNDER BARE GROUND...  MAX: MM  MIN: MM
UNDER GRASS.........  MAX: 70  MIN: 69

$$
