673
CDUS43 KPAH 200635
CLIPAH

CLIMATE REPORT
NATIONAL WEATHER SERVICE PADUCAH KY
1227 AM CST TUE FEB 20 2018

...................................

...THE PADUCAH KY CLIMATE SUMMARY FOR FEBRUARY 19 2018...

CLIMATE NORMAL PERIOD 1981 TO 2010
CLIMATE RECORD PERIOD 1937 TO 2018

WEATHER ITEM   OBSERVED TIME   RECORD YEAR NORMAL DEPARTURE LAST
                VALUE   (LST)  VALUE       VALUE  FROM      YEAR
                                                  NORMAL
..................................................................
TEMPERATURE (F)
 YESTERDAY
  MAXIMUM         75R   237 PM  71    1994  50     25       65
  MINIMUM         56    220 AM -10    2015  31     25       41
  AVERAGE         66                        40     26       53

PRECIPITATION (IN)
  YESTERDAY        T             0.88 2002   0.14  -0.14     0.00
  MONTH TO DATE    2.21                      2.66  -0.45     1.15
  SINCE DEC 1      9.48                     10.93  -1.45     9.66
  SINCE JAN 1      6.21                      6.34  -0.13     3.65

SNOWFALL (IN)
  YESTERDAY        0.0           1.9  2006   0.2   -0.2      0.0
  MONTH TO DATE    0.1                       2.4   -2.3       T
  SINCE DEC 1     12.5                       7.6    4.9      0.2
  SINCE JUL 1     12.5                       7.7    4.8      0.2
  SNOW DEPTH       0

DEGREE DAYS
 HEATING
  YESTERDAY        0                        25    -25       12
  MONTH TO DATE  483                       515    -32      377
  SINCE DEC 1   2374                      2311     63     1897
  SINCE JUL 1   3057                      3088    -31     2398

 COOLING
  YESTERDAY        1                         0      1        0
  MONTH TO DATE    4                         0      4        0
  SINCE DEC 1      4                         0      4        0
  SINCE JAN 1      4                         0      4        0
..................................................................

WIND (MPH)
  HIGHEST WIND SPEED    22   HIGHEST WIND DIRECTION    SW (210)
  HIGHEST GUST SPEED    36   HIGHEST GUST DIRECTION    SW (210)
  AVERAGE WIND SPEED    11.3

SKY COVER
  POSSIBLE SUNSHINE  MM
  AVERAGE SKY COVER 0.6

WEATHER CONDITIONS
 THE FOLLOWING WEATHER WAS RECORDED YESTERDAY.
  LIGHT RAIN

RELATIVE HUMIDITY (PERCENT)
 HIGHEST    86           300 AM
 LOWEST     53           200 PM
 AVERAGE    70
..........................................................

THE PADUCAH KY CLIMATE NORMALS FOR TODAY
                         NORMAL    RECORD    YEAR
 MAXIMUM TEMPERATURE (F)   51        75      2017
 MINIMUM TEMPERATURE (F)   31         9      2015

SUNRISE AND SUNSET
FEBRUARY 20 2018......SUNRISE   638 AM CST   SUNSET   540 PM CST
FEBRUARY 21 2018......SUNRISE   636 AM CST   SUNSET   541 PM CST

-  INDICATES NEGATIVE NUMBERS.
R  INDICATES RECORD WAS SET OR TIED.
MM INDICATES DATA IS MISSING.
T  INDICATES TRACE AMOUNT.

&&
...........................................................
***** AGRICULTURAL DATA *****

SOIL TEMPERATURES AT A DEPTH OF FOUR INCHES

UNDER GRASS... MAX: 48    MIN: 48

$$
