000
CDUS43 KPAH 190629
CLIPAH


CLIMATE REPORT
NATIONAL WEATHER SERVICE PADUCAH KY
1227 AM CST FRI DEC 19 2014

...................................

...THE PADUCAH KY CLIMATE SUMMARY FOR DECEMBER 18 2014...

CLIMATE NORMAL PERIOD 1981 TO 2010
CLIMATE RECORD PERIOD 1937 TO 2014

WEATHER ITEM   OBSERVED TIME   RECORD YEAR NORMAL DEPARTURE LAST
                VALUE   (LST)  VALUE       VALUE  FROM      YEAR
                                                  NORMAL
..................................................................
TEMPERATURE (F)
 YESTERDAY
  MAXIMUM         36    931 PM  67    1976  45     -9       51
  MINIMUM         33   1040 AM   5    1963  28      5       22
  AVERAGE         35                        37     -2       37

PRECIPITATION (IN)
  YESTERDAY        0.15          1.81 2002   0.14   0.01     0.00
  MONTH TO DATE    1.82                      2.76  -0.94     2.49
  SINCE DEC 1      1.82                      2.76  -0.94     2.49
  SINCE JAN 1     45.77                     47.25  -1.48    54.69

SNOWFALL (IN)
  YESTERDAY        0.2           0.3  2000   0.1    0.1      0.0
                                      1989
  MONTH TO DATE    0.2                       1.1   -0.9      5.2
  SINCE DEC 1      0.2                       1.1   -0.9      5.2
  SINCE JUL 1      3.0                       1.2    1.8      5.2
  SNOW DEPTH       0

DEGREE DAYS
 HEATING
  YESTERDAY       30                        28      2       28
  MONTH TO DATE  421                       470    -49      517
  SINCE DEC 1    421                       470    -49      517
  SINCE JUL 1   1358                      1247    111     1319

 COOLING
  YESTERDAY        0                         0      0        0
  MONTH TO DATE    0                         0      0        0
  SINCE DEC 1      0                         0      0        0
  SINCE JAN 1   1722                      1542    180     1478
..................................................................

WIND (MPH)
  HIGHEST WIND SPEED     7   HIGHEST WIND DIRECTION     E (80)
  HIGHEST GUST SPEED    13   HIGHEST GUST DIRECTION     N (10)
  AVERAGE WIND SPEED     4.8

SKY COVER
  POSSIBLE SUNSHINE  MM
  AVERAGE SKY COVER 1.0

WEATHER CONDITIONS
 THE FOLLOWING WEATHER WAS RECORDED YESTERDAY.
  LIGHT RAIN
  SLEET
  FOG

RELATIVE HUMIDITY (PERCENT)
 HIGHEST    89           200 AM
 LOWEST     75          1200 AM
 AVERAGE    82
..........................................................

THE PADUCAH KY CLIMATE NORMALS FOR TODAY
                         NORMAL    RECORD    YEAR
 MAXIMUM TEMPERATURE (F)   45        67      1939
 MINIMUM TEMPERATURE (F)   28         3      1963

SUNRISE AND SUNSET
DECEMBER 19 2014......SUNRISE   704 AM CST   SUNSET   441 PM CST
DECEMBER 20 2014......SUNRISE   704 AM CST   SUNSET   441 PM CST

-  INDICATES NEGATIVE NUMBERS.
R  INDICATES RECORD WAS SET OR TIED.
MM INDICATES DATA IS MISSING.
T  INDICATES TRACE AMOUNT.

$$
