050
CDUS43 KPAH 280628
CLIPAH


CLIMATE REPORT
NATIONAL WEATHER SERVICE PADUCAH KY
127 AM CDT WED SEP 28 2016

...................................

...THE PADUCAH KY CLIMATE SUMMARY FOR SEPTEMBER 27 2016...

CLIMATE NORMAL PERIOD 1981 TO 2010
CLIMATE RECORD PERIOD 1937 TO 2016

WEATHER ITEM   OBSERVED TIME   RECORD YEAR NORMAL DEPARTURE LAST
                VALUE   (LST)  VALUE       VALUE  FROM      YEAR
                                                  NORMAL
..................................................................
TEMPERATURE (F)
 YESTERDAY
  MAXIMUM         80    323 PM  94    1939  78      2       82
  MINIMUM         44    601 AM  37    1991  53     -9       63
  AVERAGE         62                        65     -3       73

PRECIPITATION (IN)
  YESTERDAY        0.00          1.84 1964   0.13  -0.13     0.01
  MONTH TO DATE    0.73                      3.33  -2.60     0.42
  SINCE SEP 1      0.73                      3.33  -2.60     0.42
  SINCE JAN 1     43.40                     35.81   7.59    40.85

SNOWFALL (IN)
  YESTERDAY        0.0           0.0  2002   0.0    0.0      0.0
                                      2001
  MONTH TO DATE    0.0                       0.0    0.0      0.0
  SINCE SEP 1      0.0                       0.0    0.0      0.0
  SINCE JUL 1      0.0                       0.0    0.0      0.0
  SNOW DEPTH       0

DEGREE DAYS
 HEATING
  YESTERDAY        3                         3      0        0
  MONTH TO DATE    6                        26    -20        8
  SINCE SEP 1      6                        26    -20        8
  SINCE JUL 1      6                        27    -21        8

 COOLING
  YESTERDAY        0                         3     -3        8
  MONTH TO DATE  284                       178    106      214
  SINCE SEP 1    284                       178    106      214
  SINCE JAN 1   1814                      1491    323     1638
..................................................................

WIND (MPH)
  HIGHEST WIND SPEED    14   HIGHEST WIND DIRECTION    SW (240)
  HIGHEST GUST SPEED    17   HIGHEST GUST DIRECTION    SW (240)
  AVERAGE WIND SPEED     4.6

SKY COVER
  POSSIBLE SUNSHINE  MM
  AVERAGE SKY COVER 0.0

WEATHER CONDITIONS
 THE FOLLOWING WEATHER WAS RECORDED YESTERDAY.
  FOG
  HAZE

RELATIVE HUMIDITY (PERCENT)
 HIGHEST    93           100 AM
 LOWEST     28           200 PM
 AVERAGE    61
..........................................................

THE PADUCAH KY CLIMATE NORMALS FOR TODAY
                         NORMAL    RECORD    YEAR
 MAXIMUM TEMPERATURE (F)   77        95      1938
 MINIMUM TEMPERATURE (F)   53        38      1942

SUNRISE AND SUNSET
SEPTEMBER 28 2016.....SUNRISE   648 AM CDT   SUNSET   642 PM CDT
SEPTEMBER 29 2016.....SUNRISE   649 AM CDT   SUNSET   641 PM CDT

-  INDICATES NEGATIVE NUMBERS.
R  INDICATES RECORD WAS SET OR TIED.
MM INDICATES DATA IS MISSING.
T  INDICATES TRACE AMOUNT.

$$
