000
CDUS43 KPAH 140637
CLIPAH


CLIMATE REPORT
NATIONAL WEATHER SERVICE PADUCAH KY
131 AM CDT MON APR 14 2014


...................................

...THE PADUCAH KY CLIMATE SUMMARY FOR APRIL 13 2014...

CLIMATE NORMAL PERIOD 1981 TO 2010
CLIMATE RECORD PERIOD 1937 TO 2014


WEATHER ITEM   OBSERVED TIME   RECORD YEAR NORMAL DEPARTURE LAST
                VALUE   (LST)  VALUE       VALUE  FROM      YEAR
                                                  NORMAL
..................................................................
TEMPERATURE (F)
 YESTERDAY
  MAXIMUM         77    444 PM  88    1941  69      8       66
  MINIMUM         61   1159 PM  29    1957  46     15       34
  AVERAGE         69                        57     12       50

PRECIPITATION (IN)
  YESTERDAY        0.94          2.90 1983   0.14   0.80     0.00
  MONTH TO DATE    4.13                      1.88   2.25     1.58
  SINCE MAR 1      7.78                      5.81   1.97     5.60
  SINCE JAN 1     12.96                     13.40  -0.44    17.35

SNOWFALL (IN)
  YESTERDAY        0.0           T    2008   0.0    0.0      0.0
  MONTH TO DATE    0.0                       0.0    0.0      0.0
  SINCE MAR 1      5.6                       0.6    5.0      0.7
  SINCE JUL 1     18.5                       9.1    9.4      6.8
  SNOW DEPTH       0

DEGREE DAYS
 HEATING
  YESTERDAY        0                         9     -9       15
  MONTH TO DATE   82                       136    -54      148
  SINCE MAR 1    728                       659     69      863
  SINCE JUL 1   4383                      3955    428     3974

 COOLING
  YESTERDAY        4                         1      3        0
  MONTH TO DATE   21                        13      8       14
  SINCE MAR 1     21                        20      1       14
  SINCE JAN 1     21                        20      1       14
..................................................................


WIND (MPH)
  HIGHEST WIND SPEED    33   HIGHEST WIND DIRECTION     W (260)
  HIGHEST GUST SPEED    42   HIGHEST GUST DIRECTION     W (260)
  AVERAGE WIND SPEED    11.4


SKY COVER
  POSSIBLE SUNSHINE  MM
  AVERAGE SKY COVER 0.6


WEATHER CONDITIONS
 THE FOLLOWING WEATHER WAS RECORDED YESTERDAY.
  THUNDERSTORM
  HEAVY RAIN
  RAIN
  LIGHT RAIN
  FOG


RELATIVE HUMIDITY (PERCENT)
 HIGHEST    90          1100 PM
 LOWEST     50           400 PM
 AVERAGE    70

..........................................................


THE PADUCAH KY CLIMATE NORMALS FOR TODAY
                         NORMAL    RECORD    YEAR
 MAXIMUM TEMPERATURE (F)   69        87      2006
                                             1941
 MINIMUM TEMPERATURE (F)   46        25      1950


SUNRISE AND SUNSET
APRIL 14 2014.........SUNRISE   622 AM CDT   SUNSET   729 PM CDT
APRIL 15 2014.........SUNRISE   621 AM CDT   SUNSET   730 PM CDT


-  INDICATES NEGATIVE NUMBERS.
R  INDICATES RECORD WAS SET OR TIED.
MM INDICATES DATA IS MISSING.
T  INDICATES TRACE AMOUNT.

&&
.........................................................
***** AGRICULTURAL DATA *****

SOIL TEMPERATURES AT A DEPTH OF FOUR INCHES

UNDER BARE GROUND...  MAX: MM  MIN: MM
UNDER GRASS.........  MAX: 57  MIN: 56

$$
