000
CDUS43 KPAH 240632
CLIPAH


CLIMATE REPORT
NATIONAL WEATHER SERVICE PADUCAH KY
128 AM CDT WED AUG 24 2016


...................................

...THE PADUCAH KY CLIMATE SUMMARY FOR AUGUST 23 2016...

CLIMATE NORMAL PERIOD 1981 TO 2010
CLIMATE RECORD PERIOD 1937 TO 2016


WEATHER ITEM   OBSERVED TIME   RECORD YEAR NORMAL DEPARTURE LAST
                VALUE   (LST)  VALUE       VALUE  FROM      YEAR
                                                  NORMAL
..................................................................
TEMPERATURE (F)
 YESTERDAY
  MAXIMUM         83    356 PM 101    2007  89     -6       89
  MINIMUM         60    255 AM  53    1997  65     -5       67
  AVERAGE         72                        77     -5       78

PRECIPITATION (IN)
  YESTERDAY        0.00          2.84 1992   0.08  -0.08     0.00
  MONTH TO DATE    8.81                      2.08   6.73     1.94
  SINCE JUN 1     18.68                     10.58   8.10    14.80
  SINCE JAN 1     41.88                     31.80  10.08    40.42

SNOWFALL (IN)
  YESTERDAY        0.0                       0.0    0.0      0.0
  MONTH TO DATE    0.0                       0.0    0.0      0.0
  SINCE JUN 1      0.0                       0.0    0.0      0.0
  SINCE JUL 1      0.0                       0.0    0.0      0.0
  SNOW DEPTH       0

DEGREE DAYS
 HEATING
  YESTERDAY        0                         0      0        0
  MONTH TO DATE    0                         0      0        0
  SINCE JUN 1      0                         4     -4        2
  SINCE JUL 1      0                         0      0        0

 COOLING
  YESTERDAY        7                        12     -5       13
  MONTH TO DATE  323                       296     27      270
  SINCE JUN 1   1244                      1047    197     1159
  SINCE JAN 1   1394                      1219    175     1370
..................................................................


WIND (MPH)
  HIGHEST WIND SPEED    12   HIGHEST WIND DIRECTION    SE (150)
  HIGHEST GUST SPEED    17   HIGHEST GUST DIRECTION    SE (150)
  AVERAGE WIND SPEED     4.4


SKY COVER
  POSSIBLE SUNSHINE  MM
  AVERAGE SKY COVER 0.5


WEATHER CONDITIONS
 THE FOLLOWING WEATHER WAS RECORDED YESTERDAY.
  FOG


RELATIVE HUMIDITY (PERCENT)
 HIGHEST    97           200 AM
 LOWEST     62          1200 PM
 AVERAGE    80

..........................................................


THE PADUCAH KY CLIMATE NORMALS FOR TODAY
                         NORMAL    RECORD    YEAR
 MAXIMUM TEMPERATURE (F)   89       101      2007
 MINIMUM TEMPERATURE (F)   65        54      2009
                                             1997
                                             1952


SUNRISE AND SUNSET
AUGUST 24 2016........SUNRISE   620 AM CDT   SUNSET   734 PM CDT
AUGUST 25 2016........SUNRISE   620 AM CDT   SUNSET   733 PM CDT


-  INDICATES NEGATIVE NUMBERS.
R  INDICATES RECORD WAS SET OR TIED.
MM INDICATES DATA IS MISSING.
T  INDICATES TRACE AMOUNT.

&&
..........................................................
***** AGRICULTURA; DATA *****

SOIL TEMPERATURES AT A DEPTH OF FOUR INCHES

UNDER GRASS...  MAX: 79  MIN: 77

$$
