000
CDUS43 KPAH 062227
CLIPAH


CLIMATE REPORT
NATIONAL WEATHER SERVICE PADUCAH KY
426 PM CST WED DEC 6 2017


...................................

...THE PADUCAH KY CLIMATE SUMMARY FOR DECEMBER 6 2017...
VALID TODAY AS OF 0400 PM LOCAL TIME.

CLIMATE NORMAL PERIOD 1981 TO 2010
CLIMATE RECORD PERIOD 1937 TO 2017


WEATHER ITEM   OBSERVED TIME   RECORD YEAR NORMAL DEPARTURE LAST
                VALUE   (LST)  VALUE       VALUE  FROM      YEAR
                                                  NORMAL
..................................................................
TEMPERATURE (F)
 TODAY
  MAXIMUM         50    246 PM  72    1998  49      1       48
                                      1951
  MINIMUM         30    351 AM   5    1984  31     -1       36
  AVERAGE         40                        40      0       42

PRECIPITATION (IN)
  TODAY            0.00          1.62 1957   0.15  -0.15     0.62
  MONTH TO DATE    0.69                      0.92  -0.23     0.82
  SINCE DEC 1      0.69                      0.92  -0.23     0.82
  SINCE JAN 1     43.83                     45.41  -1.58    47.31

SNOWFALL (IN)
  TODAY            0.0                                       0.0
  MONTH TO DATE    0.0                                       0.0
  SINCE JUL 1      0.0                                       0.0
  SNOW DEPTH       0

..................................................................


WIND (MPH)
  HIGHEST WIND SPEED    14   HIGHEST WIND DIRECTION     W (260)
  HIGHEST GUST SPEED    18   HIGHEST GUST DIRECTION     W (260)




RELATIVE HUMIDITY (PERCENT)
 HIGHEST    69
 LOWEST     42

..........................................................


THE PADUCAH KY CLIMATE NORMALS FOR TOMORROW
                         NORMAL    RECORD    YEAR
 MAXIMUM TEMPERATURE (F)   49        69      1980
                                             1966
                                             1946
 MINIMUM TEMPERATURE (F)   30         7      1984


SUNRISE AND SUNSET
DECEMBER  6 2017......SUNRISE   654 AM CST   SUNSET   438 PM CST
DECEMBER  7 2017......SUNRISE   655 AM CST   SUNSET   438 PM CST


-  INDICATES NEGATIVE NUMBERS.
R  INDICATES RECORD WAS SET OR TIED.
MM INDICATES DATA IS MISSING.
T  INDICATES TRACE AMOUNT.




$$
