000
CDUS43 KPAH 222128
CLIPAH


CLIMATE REPORT
NATIONAL WEATHER SERVICE PADUCAH KY
427 PM CDT THU SEP 22 2016


...................................

...THE PADUCAH KY CLIMATE SUMMARY FOR SEPTEMBER 22 2016...
VALID TODAY AS OF 0400 PM LOCAL TIME.

CLIMATE NORMAL PERIOD 1981 TO 2010
CLIMATE RECORD PERIOD 1937 TO 2016


WEATHER ITEM   OBSERVED TIME   RECORD YEAR NORMAL DEPARTURE LAST
                VALUE   (LST)  VALUE       VALUE  FROM      YEAR
                                                  NORMAL
..................................................................
TEMPERATURE (F)
 TODAY
  MAXIMUM         91    208 PM  98    1940  80     11       85
  MINIMUM         61    614 AM  38    1999  55      6       48
  AVERAGE         76                        67      9       67

PRECIPITATION (IN)
  TODAY            0.00          4.85 2006   0.13  -0.13     0.00
  MONTH TO DATE    0.66                      2.66  -2.00     0.41
  SINCE SEP 1      0.66                      2.66  -2.00     0.41
  SINCE JAN 1     43.33                     35.14   8.19    40.84

SNOWFALL (IN)
  TODAY            0.0                                       0.0
  MONTH TO DATE    0.0                                       0.0
  SINCE JUL 1      0.0                                       0.0
  SNOW DEPTH       0

..................................................................


WIND (MPH)
  HIGHEST WIND SPEED    10   HIGHEST WIND DIRECTION    SW (240)
  HIGHEST GUST SPEED    16   HIGHEST GUST DIRECTION    SW (220)




RELATIVE HUMIDITY (PERCENT)
 HIGHEST    97
 LOWEST     41

..........................................................


THE PADUCAH KY CLIMATE NORMALS FOR TOMORROW
                         NORMAL    RECORD    YEAR
 MAXIMUM TEMPERATURE (F)   79        95      2007
 MINIMUM TEMPERATURE (F)   55        37      1995


SUNRISE AND SUNSET
SEPTEMBER 22 2016.....SUNRISE   643 AM CDT   SUNSET   651 PM CDT
SEPTEMBER 23 2016.....SUNRISE   644 AM CDT   SUNSET   650 PM CDT


-  INDICATES NEGATIVE NUMBERS.
R  INDICATES RECORD WAS SET OR TIED.
MM INDICATES DATA IS MISSING.
T  INDICATES TRACE AMOUNT.




$$
