000
CDUS43 KPAH 130632
CLIPAH


CLIMATE REPORT
NATIONAL WEATHER SERVICE PADUCAH KY
129 AM CDT SUN APR 13 2014


...................................

...THE PADUCAH KY CLIMATE SUMMARY FOR APRIL 12 2014...

CLIMATE NORMAL PERIOD 1981 TO 2010
CLIMATE RECORD PERIOD 1937 TO 2014


WEATHER ITEM   OBSERVED TIME   RECORD YEAR NORMAL DEPARTURE LAST
                VALUE   (LST)  VALUE       VALUE  FROM      YEAR
                                                  NORMAL
..................................................................
TEMPERATURE (F)
 YESTERDAY
  MAXIMUM         80    320 PM  84    1977  68     12       60
                                      1941
  MINIMUM         58    420 AM  26    1990  45     13       37
  AVERAGE         69                        57     12       49

PRECIPITATION (IN)
  YESTERDAY        0.00          1.88 1966   0.15  -0.15     0.00
  MONTH TO DATE    3.19                      1.74   1.45     1.58
  SINCE MAR 1      6.84                      5.67   1.17     5.60
  SINCE JAN 1     12.02                     13.26  -1.24    17.35

SNOWFALL (IN)
  YESTERDAY        0.0           T    2005   0.0    0.0      0.0
  MONTH TO DATE    0.0                       0.0    0.0      0.0
  SINCE MAR 1      5.6                       0.6    5.0      0.7
  SINCE JUL 1     18.5                       9.1    9.4      6.8
  SNOW DEPTH       0

DEGREE DAYS
 HEATING
  YESTERDAY        0                         9     -9       16
  MONTH TO DATE   82                       127    -45      133
  SINCE MAR 1    728                       650     78      848
  SINCE JUL 1   4383                      3946    437     3959

 COOLING
  YESTERDAY        4                         1      3        0
  MONTH TO DATE   17                        12      5       14
  SINCE MAR 1     17                        19     -2       14
  SINCE JAN 1     17                        19     -2       14
..................................................................


WIND (MPH)
  HIGHEST WIND SPEED    23   HIGHEST WIND DIRECTION    SW (220)
  HIGHEST GUST SPEED    33   HIGHEST GUST DIRECTION    SW (220)
  AVERAGE WIND SPEED    10.1


SKY COVER
  POSSIBLE SUNSHINE  MM
  AVERAGE SKY COVER 0.2


WEATHER CONDITIONS
 THE FOLLOWING WEATHER WAS RECORDED YESTERDAY.
  FOG
  HAZE


RELATIVE HUMIDITY (PERCENT)
 HIGHEST    93          1200 AM
 LOWEST     42           300 PM
 AVERAGE    68

..........................................................


THE PADUCAH KY CLIMATE NORMALS FOR TODAY
                         NORMAL    RECORD    YEAR
 MAXIMUM TEMPERATURE (F)   69        88      1941
 MINIMUM TEMPERATURE (F)   46        29      1957


SUNRISE AND SUNSET
APRIL 13 2014.........SUNRISE   624 AM CDT   SUNSET   728 PM CDT
APRIL 14 2014.........SUNRISE   622 AM CDT   SUNSET   729 PM CDT


-  INDICATES NEGATIVE NUMBERS.
R  INDICATES RECORD WAS SET OR TIED.
MM INDICATES DATA IS MISSING.
T  INDICATES TRACE AMOUNT.

&&
.........................................................
***** AGRICULTURAL DATA *****

SOIL TEMPERATURES AT A DEPTH OF FOUR INCHES

UNDER BARE GROUND...  MAX: MM  MIN: MM
UNDER GRASS.........  MAX: 56  MIN: 55

$$
