000
CDUS43 KPAH 040639
CLIPAH


CLIMATE REPORT
NATIONAL WEATHER SERVICE PADUCAH KY
135 AM CDT SAT JUL 4 2015


...................................

...THE PADUCAH KY CLIMATE SUMMARY FOR JULY 3 2015...

CLIMATE NORMAL PERIOD 1981 TO 2010
CLIMATE RECORD PERIOD 1937 TO 2015


WEATHER ITEM   OBSERVED TIME   RECORD YEAR NORMAL DEPARTURE LAST
                VALUE   (LST)  VALUE       VALUE  FROM      YEAR
                                                  NORMAL
..................................................................
TEMPERATURE (F)
 YESTERDAY
  MAXIMUM         85    131 PM 103    1941  89     -4       77
  MINIMUM         70   1159 PM  50    1947  69      1       61
  AVERAGE         78                        79     -1       69

PRECIPITATION (IN)
  YESTERDAY        0.25          5.48 1983   0.15   0.10     0.00
  MONTH TO DATE    2.81                      0.44   2.37     0.93
  SINCE JUN 1      5.25                      4.50   0.75     7.62
  SINCE JAN 1     30.87                     25.72   5.15    27.81

SNOWFALL (IN)
  YESTERDAY        0.0                       0.0    0.0      0.0                         MONTH TO DATE    0.0                       0.0    0.0      0.0
  SINCE JUN 1      0.0                       0.0    0.0      0.0
  SINCE JUL 1      0.0                       0.0    0.0      0.0
  SNOW DEPTH       0

DEGREE DAYS
 HEATING
  YESTERDAY        0                         0      0        0
  MONTH TO DATE    0                         0      0        0
  SINCE JUN 1      2                         4     -2        0
  SINCE JUL 1      0                         0      0        0

 COOLING
  YESTERDAY       13                        14     -1        4
  MONTH TO DATE   38                        42     -4       32
  SINCE JUN 1    439                       362     77      437
  SINCE JAN 1    650                       534    116      715
..................................................................


WIND (MPH)
  HIGHEST WIND SPEED    16   HIGHEST WIND DIRECTION     W (250)
  HIGHEST GUST SPEED    23   HIGHEST GUST DIRECTION    SW (240)
  AVERAGE WIND SPEED     4.2


SKY COVER
  POSSIBLE SUNSHINE  MM
  AVERAGE SKY COVER 0.7


WEATHER CONDITIONS
 THE FOLLOWING WEATHER WAS RECORDED YESTERDAY.
  THUNDERSTORM
  HEAVY RAIN
  RAIN
  LIGHT RAIN
  FOG
  HAZE


RELATIVE HUMIDITY (PERCENT)
 HIGHEST    97          1000 PM
 LOWEST     63           200 PM
 AVERAGE    80

..........................................................


THE PADUCAH KY CLIMATE NORMALS FOR TODAY
                         NORMAL    RECORD    YEAR
 MAXIMUM TEMPERATURE (F)   89       101      2012
 MINIMUM TEMPERATURE (F)   69        52      1968


SUNRISE AND SUNSET
JULY  4 2015..........SUNRISE   540 AM CDT   SUNSET   818 PM CDT
JULY  5 2015..........SUNRISE   541 AM CDT   SUNSET   818 PM CDT


-  INDICATES NEGATIVE NUMBERS.
R  INDICATES RECORD WAS SET OR TIED.
MM INDICATES DATA IS MISSING.
T  INDICATES TRACE AMOUNT.

&&
.........................................................
***** AGRICULTURAL DATA *****

SOIL TEMPERATURES AT A DEPTH OF FOUR INCHES

UNDER GRASS...    MAX:  77  MIN: 76

$$
