000
CDUS43 KPAH 132231
CLIPAH


CLIMATE REPORT
NATIONAL WEATHER SERVICE PADUCAH KY
426 PM CST FRI JAN 13 2017


...................................

...THE PADUCAH KY CLIMATE SUMMARY FOR JANUARY 13 2017...
VALID TODAY AS OF 0400 PM LOCAL TIME.

CLIMATE NORMAL PERIOD 1981 TO 2010
CLIMATE RECORD PERIOD 1937 TO 2017


WEATHER ITEM   OBSERVED TIME   RECORD YEAR NORMAL DEPARTURE LAST
                VALUE   (LST)  VALUE       VALUE  FROM      YEAR
                                                  NORMAL
..................................................................
TEMPERATURE (F)
 TODAY
  MAXIMUM         37    359 PM  68    1995  43     -6       41
  MINIMUM         33    735 AM   0    1977  26      7       17
  AVERAGE         35                        34      1       29

PRECIPITATION (IN)
  TODAY            0.24          2.25 1971   0.12   0.12     0.00
  MONTH TO DATE    0.77                      1.55  -0.78     2.13
  SINCE DEC 1      6.78                      6.14   0.64     9.55
  SINCE JAN 1      0.77                      1.55  -0.78     2.13

SNOWFALL (IN)
  TODAY            0.0                                       0.0
  MONTH TO DATE    0.2                                       1.3
  SINCE JUL 1      0.2                                       1.3
  SNOW DEPTH       0

..................................................................


WIND (MPH)
  HIGHEST WIND SPEED    16   HIGHEST WIND DIRECTION    NE (50)
  HIGHEST GUST SPEED    21   HIGHEST GUST DIRECTION    NE (40)




RELATIVE HUMIDITY (PERCENT)
 HIGHEST    92
 LOWEST     82

..........................................................


THE PADUCAH KY CLIMATE NORMALS FOR TOMORROW
                         NORMAL    RECORD    YEAR
 MAXIMUM TEMPERATURE (F)   43        67      1952
 MINIMUM TEMPERATURE (F)   26         1      1964


SUNRISE AND SUNSET
JANUARY 13 2017.......SUNRISE   708 AM CST   SUNSET   500 PM CST
JANUARY 14 2017.......SUNRISE   708 AM CST   SUNSET   501 PM CST


-  INDICATES NEGATIVE NUMBERS.
R  INDICATES RECORD WAS SET OR TIED.
MM INDICATES DATA IS MISSING.
T  INDICATES TRACE AMOUNT.




$$
