000
CDUS43 KPAH 250629
CLIPAH


CLIMATE REPORT
NATIONAL WEATHER SERVICE PADUCAH KY
1228 AM CST TUE NOV 25 2014


...................................

...THE PADUCAH KY CLIMATE SUMMARY FOR NOVEMBER 24 2014...

CLIMATE NORMAL PERIOD 1981 TO 2010
CLIMATE RECORD PERIOD 1937 TO 2014


WEATHER ITEM   OBSERVED TIME   RECORD YEAR NORMAL DEPARTURE LAST
                VALUE   (LST)  VALUE       VALUE  FROM      YEAR
                                                  NORMAL
..................................................................
TEMPERATURE (F)
 YESTERDAY
  MAXIMUM         62    212 AM  72    1990  54      8       35
  MINIMUM         37   1142 PM  -2    1950  35      2       19
  AVERAGE         50                        44      6       27

PRECIPITATION (IN)
  YESTERDAY        0.00          1.58 1973   0.15  -0.15     0.00
  MONTH TO DATE    2.46                      3.34  -0.88     2.24
  SINCE SEP 1      7.05                     11.05  -4.00    11.40
  SINCE JAN 1     43.82                     43.53   0.29    52.17

SNOWFALL (IN)
  YESTERDAY        0.0           T    1971   0.0    0.0      0.0
  MONTH TO DATE    2.8                       0.0    2.8       T
  SINCE SEP 1      2.8                       0.1    2.7       T
  SINCE JUL 1      2.8                       0.1    2.7       T
  SNOW DEPTH       0

DEGREE DAYS
 HEATING
  YESTERDAY       15                        20     -5       38
  MONTH TO DATE  571                       378    193      410
  SINCE SEP 1    796                       644    152      619
  SINCE JUL 1    796                       645    151      619

 COOLING
  YESTERDAY        0                         0      0        0
  MONTH TO DATE    0                         0      0        0
  SINCE SEP 1    251                       225     26      304
  SINCE JAN 1   1722                      1538    184     1478
..................................................................


WIND (MPH)
  HIGHEST WIND SPEED    33   HIGHEST WIND DIRECTION     W (260)
  HIGHEST GUST SPEED    49   HIGHEST GUST DIRECTION    SW (230)
  AVERAGE WIND SPEED    14.3


SKY COVER
  POSSIBLE SUNSHINE  MM
  AVERAGE SKY COVER 0.8


WEATHER CONDITIONS
 THE FOLLOWING WEATHER WAS RECORDED YESTERDAY.
  NO SIGNIFICANT WEATHER WAS OBSERVED.


RELATIVE HUMIDITY (PERCENT)
 HIGHEST    90          1200 AM
 LOWEST     50           200 PM
 AVERAGE    70

..........................................................


THE PADUCAH KY CLIMATE NORMALS FOR TODAY
                         NORMAL    RECORD    YEAR
 MAXIMUM TEMPERATURE (F)   54        73      1990
 MINIMUM TEMPERATURE (F)   35        -3      1950


SUNRISE AND SUNSET
NOVEMBER 25 2014......SUNRISE   644 AM CST   SUNSET   440 PM CST
NOVEMBER 26 2014......SUNRISE   645 AM CST   SUNSET   440 PM CST


-  INDICATES NEGATIVE NUMBERS.
R  INDICATES RECORD WAS SET OR TIED.
MM INDICATES DATA IS MISSING.
T  INDICATES TRACE AMOUNT.


&&
.........................................................

***** AGRICULTURAL DATA *****

SOIL TEMPERATURES AT A DEPTH OF FOUR INCHES

UNDER GRASS.........  MAX: 48  MIN: 46

$$
