000
CDUS43 KPAH 210636
CLIPAH


CLIMATE REPORT
NATIONAL WEATHER SERVICE PADUCAH KY
133 AM CDT FRI APR 21 2017


...................................

...THE PADUCAH KY CLIMATE SUMMARY FOR APRIL 20 2017...

CLIMATE NORMAL PERIOD 1981 TO 2010
CLIMATE RECORD PERIOD 1937 TO 2017


WEATHER ITEM   OBSERVED TIME   RECORD YEAR NORMAL DEPARTURE LAST
                VALUE   (LST)  VALUE       VALUE  FROM      YEAR
                                                  NORMAL
..................................................................
TEMPERATURE (F)
 YESTERDAY
  MAXIMUM         80    203 PM  88    1987  71      9       79
                                      1971
  MINIMUM         65   1039 PM  27    1983  48     17       58
  AVERAGE         73                        60     13       69

PRECIPITATION (IN)
  YESTERDAY        0.37          2.71 1995   0.16   0.21     0.12
  MONTH TO DATE    1.99                      3.03  -1.04     0.84
  SINCE MAR 1      6.38                      6.96  -0.58    10.05
  SINCE JAN 1     11.21                     14.55  -3.34    15.51

SNOWFALL (IN)
  YESTERDAY        0.0           0.0  2002   0.0    0.0      0.0
                                      2001
  MONTH TO DATE    0.0                       0.0    0.0      0.0
  SINCE MAR 1      1.0                       0.6    0.4       T
  SINCE JUL 1      1.2                       9.1   -7.9     12.1
  SNOW DEPTH       0

DEGREE DAYS
 HEATING
  YESTERDAY        0                         7     -7        0
  MONTH TO DATE   70                       190   -120      163
  SINCE MAR 1    506                       713   -207      522
  SINCE JUL 1   2985                      4009  -1024     3184

 COOLING
  YESTERDAY        8                         1      7        4
  MONTH TO DATE   54                        20     34        9
  SINCE MAR 1     55                        27     28       11
  SINCE JAN 1     55                        27     28       11
..................................................................


WIND (MPH)
  HIGHEST WIND SPEED    24   HIGHEST WIND DIRECTION     W (250)
  HIGHEST GUST SPEED    30   HIGHEST GUST DIRECTION     W (260)
  AVERAGE WIND SPEED     8.6


SKY COVER
  POSSIBLE SUNSHINE  MM
  AVERAGE SKY COVER 0.3


WEATHER CONDITIONS
 THE FOLLOWING WEATHER WAS RECORDED YESTERDAY.
  THUNDERSTORM
  LIGHT RAIN
  FOG


RELATIVE HUMIDITY (PERCENT)
 HIGHEST    84           700 PM
 LOWEST     58          1200 PM
 AVERAGE    71

..........................................................


THE PADUCAH KY CLIMATE NORMALS FOR TODAY
                         NORMAL    RECORD    YEAR
 MAXIMUM TEMPERATURE (F)   71        90      1987
                                             1946
 MINIMUM TEMPERATURE (F)   48        30      1943


SUNRISE AND SUNSET
APRIL 21 2017.........SUNRISE   612 AM CDT   SUNSET   736 PM CDT
APRIL 22 2017.........SUNRISE   611 AM CDT   SUNSET   736 PM CDT


-  INDICATES NEGATIVE NUMBERS.
R  INDICATES RECORD WAS SET OR TIED.
MM INDICATES DATA IS MISSING.
T  INDICATES TRACE AMOUNT.

&&

..........................................................

***** AGRICULTURAL DATA *****

SOIL TEMPERATURES AT A DEPTH OF FOUR INCHES

UNDER GRASS...  MAX: 65    MIN: 64

$$
