731
CDUS43 KPAH 210645
CLIPAH


CLIMATE REPORT
NATIONAL WEATHER SERVICE PADUCAH KY
145 AM CDT TUE MAR 21 2017


...................................

...THE PADUCAH KY CLIMATE SUMMARY FOR MARCH 20 2017...

CLIMATE NORMAL PERIOD 1981 TO 2010
CLIMATE RECORD PERIOD 1937 TO 2017


WEATHER ITEM   OBSERVED TIME   RECORD YEAR NORMAL DEPARTURE LAST
                VALUE   (LST)  VALUE       VALUE  FROM      YEAR
                                                  NORMAL
..................................................................
TEMPERATURE (F)
 YESTERDAY
  MAXIMUM         84R   200 PM  83    2012  60     24       46
                                      1948
  MINIMUM         44   1256 AM  20    1965  39      5       32
  AVERAGE         64                        50     14       39

PRECIPITATION (IN)
  YESTERDAY        0.18          2.26 1955   0.12   0.06     0.04
  MONTH TO DATE    2.98                      2.41   0.57     5.42
  SINCE MAR 1      2.98                      2.41   0.57     5.42
  SINCE JAN 1      7.81                     10.00  -2.19    10.88

SNOWFALL (IN)
  YESTERDAY       MM             0.2  1996   0.0   MM         T
  MONTH TO DATE    1.0                       0.5    0.5       T
  SINCE MAR 1      1.0                       0.5    0.5       T
  SINCE JUL 1      1.2                       9.0   -7.8     12.1
  SNOW DEPTH       0

DEGREE DAYS
 HEATING
  YESTERDAY        1                        16    -15       26
  MONTH TO DATE  362                       371     -9      247
  SINCE MAR 1    362                       371     -9      247
  SINCE JUL 1   2841                      3667   -826     2909

 COOLING
  YESTERDAY        0                         0      0        0
  MONTH TO DATE    0                         0      0        1
  SINCE MAR 1      0                         0      0        1
  SINCE JAN 1      0                         0      0        1
..................................................................


WIND (MPH)
  HIGHEST WIND SPEED    21   HIGHEST WIND DIRECTION     W (250)
  HIGHEST GUST SPEED    27   HIGHEST GUST DIRECTION    SW (240)
  AVERAGE WIND SPEED     8.0


SKY COVER
  POSSIBLE SUNSHINE  MM
  AVERAGE SKY COVER 0.1


WEATHER CONDITIONS
 THE FOLLOWING WEATHER WAS RECORDED YESTERDAY.
  THUNDERSTORM
  RAIN
  LIGHT RAIN
  FOG


RELATIVE HUMIDITY (PERCENT)
 HIGHEST    90          1000 PM
 LOWEST     43           700 AM
 AVERAGE    67

..........................................................


THE PADUCAH KY CLIMATE NORMALS FOR TODAY
                         NORMAL    RECORD    YEAR
 MAXIMUM TEMPERATURE (F)   61        80      2012
                                             1966
                                             1948
 MINIMUM TEMPERATURE (F)   39        19      2013


SUNRISE AND SUNSET
MARCH 21 2017.........SUNRISE   657 AM CDT   SUNSET   708 PM CDT
MARCH 22 2017.........SUNRISE   655 AM CDT   SUNSET   709 PM CDT


-  INDICATES NEGATIVE NUMBERS.
R  INDICATES RECORD WAS SET OR TIED.
MM INDICATES DATA IS MISSING.
T  INDICATES TRACE AMOUNT.




$$
