000
CDUS43 KPAH 140630
CLIPAH


CLIMATE REPORT
NATIONAL WEATHER SERVICE PADUCAH KY
1227 AM CST THU DEC 14 2017


...................................

...THE PADUCAH KY CLIMATE SUMMARY FOR DECEMBER 13 2017...

CLIMATE NORMAL PERIOD 1981 TO 2010
CLIMATE RECORD PERIOD 1937 TO 2017


WEATHER ITEM   OBSERVED TIME   RECORD YEAR NORMAL DEPARTURE LAST
                VALUE   (LST)  VALUE       VALUE  FROM      YEAR
                                                  NORMAL
..................................................................
TEMPERATURE (F)
 YESTERDAY
  MAXIMUM         52    359 PM  74    2015  47      5       48
  MINIMUM         20    130 AM  -3    1962  29     -9       31
  AVERAGE         36                        38     -2       40

PRECIPITATION (IN)
  YESTERDAY        0.00          1.21 1977   0.15  -0.15      T
  MONTH TO DATE    0.69                      2.03  -1.34     1.12
  SINCE DEC 1      0.69                      2.03  -1.34     1.12
  SINCE JAN 1     43.83                     46.52  -2.69    47.61

SNOWFALL (IN)
  YESTERDAY        0.0           3.6  2000   0.1   -0.1      0.0
  MONTH TO DATE    T                         0.7   -0.7      0.0
  SINCE DEC 1      T                         0.7   -0.7      0.0
  SINCE JUL 1      T                         0.8   -0.8      0.0
  SNOW DEPTH       0

DEGREE DAYS
 HEATING
  YESTERDAY       29                        27      2       25
  MONTH TO DATE  313                       330    -17      355
  SINCE DEC 1    313                       330    -17      355
  SINCE JUL 1    996                      1107   -111      856

 COOLING
  YESTERDAY        0                         0      0        0
  MONTH TO DATE    0                         0      0        0
  SINCE DEC 1      0                         0      0        0
  SINCE JAN 1   1692                      1542    150     1953
..................................................................


WIND (MPH)
  HIGHEST WIND SPEED    31   HIGHEST WIND DIRECTION    SW (240)
  HIGHEST GUST SPEED    45   HIGHEST GUST DIRECTION    SW (240)
  AVERAGE WIND SPEED    10.7


SKY COVER
  POSSIBLE SUNSHINE  MM
  AVERAGE SKY COVER 0.0


WEATHER CONDITIONS
 THE FOLLOWING WEATHER WAS RECORDED YESTERDAY.
  NO SIGNIFICANT WEATHER WAS OBSERVED.


RELATIVE HUMIDITY (PERCENT)
 HIGHEST    77           100 AM
 LOWEST     30           100 PM
 AVERAGE    54

..........................................................


THE PADUCAH KY CLIMATE NORMALS FOR TODAY
                         NORMAL    RECORD    YEAR
 MAXIMUM TEMPERATURE (F)   46        68      1971
 MINIMUM TEMPERATURE (F)   29         4      2010


SUNRISE AND SUNSET
DECEMBER 14 2017......SUNRISE   701 AM CST   SUNSET   439 PM CST
DECEMBER 15 2017......SUNRISE   701 AM CST   SUNSET   439 PM CST


-  INDICATES NEGATIVE NUMBERS.
R  INDICATES RECORD WAS SET OR TIED.
MM INDICATES DATA IS MISSING.
T  INDICATES TRACE AMOUNT.

.............................................

***** AGRICULTURAL DATA *****

SOIL TEMPERATURES AT A DEPTH OF FOUR INCHES

UNDER GRASS... MAX: 44    MIN: 42


$$
