000
CDUS43 KPAH 230637
CLIPAH


CLIMATE REPORT
NATIONAL WEATHER SERVICE PADUCAH KY
135 AM CDT MON MAY 23 2016


...................................

...THE PADUCAH KY CLIMATE SUMMARY FOR MAY 22 2016...

CLIMATE NORMAL PERIOD 1981 TO 2010
CLIMATE RECORD PERIOD 1937 TO 2016


WEATHER ITEM   OBSERVED TIME   RECORD YEAR NORMAL DEPARTURE LAST
                VALUE   (LST)  VALUE       VALUE  FROM      YEAR
                                                  NORMAL
..................................................................
TEMPERATURE (F)
 YESTERDAY
  MAXIMUM         82    359 PM  96    1941  80      2       75
  MINIMUM         48    436 AM  42    2002  58    -10       43
  AVERAGE         65                        69     -4       59

PRECIPITATION (IN)
  YESTERDAY        0.00          2.69 1957   0.14  -0.14     0.00
  MONTH TO DATE    3.37                      3.63  -0.26     2.63
  SINCE MAR 1     15.84                     12.32   3.52    17.25
  SINCE JAN 1     21.30                     19.91   1.39    24.54

SNOWFALL (IN)
  YESTERDAY        0.0           0.0  2002   0.0    0.0      0.0
                                      2001
  MONTH TO DATE    0.0                       0.0    0.0      0.0
  SINCE MAR 1      T                         0.6   -0.6     12.1
  SINCE JUL 1     12.1                       9.1    3.0     28.6
  SNOW DEPTH       0

DEGREE DAYS
 HEATING
  YESTERDAY        0                         1     -1        6
  MONTH TO DATE   91                        56     35       50
  SINCE MAR 1    630                       824   -194      806
  SINCE JUL 1   3292                      4120   -828     4475

 COOLING
  YESTERDAY        0                         5     -5        0
  MONTH TO DATE   34                        75    -41      106
  SINCE MAR 1     70                       117    -47      148
  SINCE JAN 1     70                       117    -47      148
..................................................................


WIND (MPH)
  HIGHEST WIND SPEED    14   HIGHEST WIND DIRECTION     N (350)
  HIGHEST GUST SPEED    18   HIGHEST GUST DIRECTION     N (340)
  AVERAGE WIND SPEED     3.8


SKY COVER
  POSSIBLE SUNSHINE  MM
  AVERAGE SKY COVER 0.0


WEATHER CONDITIONS
 THE FOLLOWING WEATHER WAS RECORDED YESTERDAY.
  FOG


RELATIVE HUMIDITY (PERCENT)
 HIGHEST    93          1200 AM
 LOWEST     30           100 PM
 AVERAGE    62

..........................................................


THE PADUCAH KY CLIMATE NORMALS FOR TODAY
                         NORMAL    RECORD    YEAR
 MAXIMUM TEMPERATURE (F)   80        95      1941
 MINIMUM TEMPERATURE (F)   58        38      1963


SUNRISE AND SUNSET
MAY 23 2016...........SUNRISE   541 AM CDT   SUNSET   803 PM CDT
MAY 24 2016...........SUNRISE   540 AM CDT   SUNSET   804 PM CDT


-  INDICATES NEGATIVE NUMBERS.
R  INDICATES RECORD WAS SET OR TIED.
MM INDICATES DATA IS MISSING.
T  INDICATES TRACE AMOUNT.

&&
...........................................................

***** AGRICULTURAL DATA *****

SOIL TEMPERATURES AT A DEPTH OF FOUR INCHES

UNDER GRASS...  MAX: 64  MIN: 63


$$
