000
CDUS43 KPAH 260640
CLIPAH


CLIMATE REPORT
NATIONAL WEATHER SERVICE PADUCAH KY
139 AM CDT THU MAR 26 2015


...................................

...THE PADUCAH KY CLIMATE SUMMARY FOR MARCH 25 2015...

CLIMATE NORMAL PERIOD 1981 TO 2010
CLIMATE RECORD PERIOD 1937 TO 2015


WEATHER ITEM   OBSERVED TIME   RECORD YEAR NORMAL DEPARTURE LAST
                VALUE   (LST)  VALUE       VALUE  FROM      YEAR
                                                  NORMAL
..................................................................
TEMPERATURE (F)
 YESTERDAY
  MAXIMUM         78    408 PM  83    2007  62     16       45
  MINIMUM         53   1159 PM  18    1955  40     13       26
  AVERAGE         66                        51     15       36

PRECIPITATION (IN)
  YESTERDAY        0.30          2.98 2002   0.14   0.16     0.01
  MONTH TO DATE    8.38                      3.08   5.30     2.50
  SINCE MAR 1      8.38                      3.08   5.30     2.50
  SINCE JAN 1     15.67                     10.67   5.00     7.68

SNOWFALL (IN)
  YESTERDAY        0.0           1.0  1979   0.0    0.0      0.2
  MONTH TO DATE   12.1                       0.6   11.5      5.6
  SINCE MAR 1     12.1                       0.6   11.5      5.6
  SINCE JUL 1     28.6                       9.1   19.5     18.5
  SNOW DEPTH       0

DEGREE DAYS
 HEATING
  YESTERDAY        0                        14    -14       29
  MONTH TO DATE  485                       444     41      554
  SINCE MAR 1    485                       444     41      554
  SINCE JUL 1   4154                      3740    414     4209

 COOLING
  YESTERDAY        1                         0      1        0
  MONTH TO DATE    1                         0      1        0
  SINCE MAR 1      1                         0      1        0
  SINCE JAN 1      1                         0      1        0
..................................................................


WIND (MPH)
  HIGHEST WIND SPEED    20   HIGHEST WIND DIRECTION    NE (30)
  HIGHEST GUST SPEED    26   HIGHEST GUST DIRECTION    NW (310)
  AVERAGE WIND SPEED     8.8


SKY COVER
  POSSIBLE SUNSHINE  MM
  AVERAGE SKY COVER 0.4


WEATHER CONDITIONS
 THE FOLLOWING WEATHER WAS RECORDED YESTERDAY.
  THUNDERSTORM
  HEAVY RAIN
  RAIN
  LIGHT RAIN
  FOG


RELATIVE HUMIDITY (PERCENT)
 HIGHEST    86           600 AM
 LOWEST     36           200 PM
 AVERAGE    61

..........................................................


THE PADUCAH KY CLIMATE NORMALS FOR TODAY
                         NORMAL    RECORD    YEAR
 MAXIMUM TEMPERATURE (F)   63        83      2007
                                             1991
 MINIMUM TEMPERATURE (F)   40        12      1955


SUNRISE AND SUNSET
MARCH 26 2015.........SUNRISE   650 AM CDT   SUNSET   712 PM CDT
MARCH 27 2015.........SUNRISE   649 AM CDT   SUNSET   713 PM CDT


-  INDICATES NEGATIVE NUMBERS.
R  INDICATES RECORD WAS SET OR TIED.
MM INDICATES DATA IS MISSING.
T  INDICATES TRACE AMOUNT.

..........................................................

***** AGRICULTURAL DATA *****

SOIL TEMPERATURES AT A DEPTH OF FOUR INCHES

UNDER GRASS...  MAX: 51  MIN: 49


$$
