047
CDUS43 KPAH 181308 CCA
CLIPAH

CLIMATE REPORT
NATIONAL WEATHER SERVICE PADUCAH KY
708 AM CST THU JAN 18 2018


...................................

...THE PADUCAH KY CLIMATE SUMMARY FOR JANUARY 17 2018...

CLIMATE NORMAL PERIOD 1981 TO 2010
CLIMATE RECORD PERIOD 1937 TO 2018


WEATHER ITEM   OBSERVED TIME   RECORD YEAR NORMAL DEPARTURE LAST
                VALUE   (LST)  VALUE       VALUE  FROM      YEAR
                                                  NORMAL
..................................................................
TEMPERATURE (F)
 YESTERDAY
  MAXIMUM         20    205 PM  68    1996  43    -23       63
                                      1952
                                      1943
  MINIMUM          3    750 AM -14    1982  26    -23       45
  AVERAGE         12                        34    -22       54

PRECIPITATION (IN)
  YESTERDAY        T             2.33 1969   0.12  -0.12      T
  MONTH TO DATE    2.79                      2.01   0.78     1.96
  SINCE DEC 1      6.06                      6.60  -0.54     7.97
  SINCE JAN 1      2.79                      2.01   0.78     1.96

SNOWFALL (IN)
  YESTERDAY        T             5.4  1994   0.1   -0.1      0.0
  MONTH TO DATE   12.4                       1.5   10.9      0.2
  SINCE DEC 1     12.4                       3.7    8.7      0.2
  SINCE JUL 1     12.4                       3.8    8.6      0.2
  SNOW DEPTH       8

DEGREE DAYS
 HEATING
  YESTERDAY       53                        31     22       11
  MONTH TO DATE  692                       524    168      434
  SINCE DEC 1   1543                      1378    165     1260
  SINCE JUL 1   2226                      2155     71     1761

 COOLING
  YESTERDAY        0                         0      0        0
  MONTH TO DATE    0                         0      0        0
  SINCE DEC 1      0                         0      0        0
  SINCE JAN 1      0                         0      0        0
..................................................................


WIND (MPH)
  HIGHEST WIND SPEED    15   HIGHEST WIND DIRECTION     N (10)
  HIGHEST GUST SPEED    19   HIGHEST GUST DIRECTION     N (10)
  AVERAGE WIND SPEED     5.9


SKY COVER
  POSSIBLE SUNSHINE  MM
  AVERAGE SKY COVER 0.4


WEATHER CONDITIONS
 THE FOLLOWING WEATHER WAS RECORDED YESTERDAY.
  LIGHT SNOW
  FOG
  HAZE


RELATIVE HUMIDITY (PERCENT)
 HIGHEST    86           800 AM
 LOWEST     56           200 PM
 AVERAGE    71

..........................................................


THE PADUCAH KY CLIMATE NORMALS FOR TODAY
                         NORMAL    RECORD    YEAR
 MAXIMUM TEMPERATURE (F)   43        69      1974
 MINIMUM TEMPERATURE (F)   26       -14      1994


SUNRISE AND SUNSET
JANUARY 18 2018.......SUNRISE   706 AM CST   SUNSET   505 PM CST
JANUARY 19 2018.......SUNRISE   706 AM CST   SUNSET   506 PM CST


-  INDICATES NEGATIVE NUMBERS.
R  INDICATES RECORD WAS SET OR TIED.
MM INDICATES DATA IS MISSING.
T  INDICATES TRACE AMOUNT.

&&
...........................................................
***** AGRICULTURAL DATA *****

SOIL TEMPERATURES AT A DEPTH OF FOUR INCHES

UNDER GRASS... MAX: 34    MIN: 34


$$
