000
CDUS43 KPAH 200634
CLIPAH


CLIMATE REPORT
NATIONAL WEATHER SERVICE PADUCAH KY
130 AM CDT MON OCT 20 2014


...................................

...THE PADUCAH KY CLIMATE SUMMARY FOR OCTOBER 19 2014...

CLIMATE NORMAL PERIOD 1981 TO 2010
CLIMATE RECORD PERIOD 1937 TO 2014


WEATHER ITEM   OBSERVED TIME   RECORD YEAR NORMAL DEPARTURE LAST
                VALUE   (LST)  VALUE       VALUE  FROM      YEAR
                                                  NORMAL
..................................................................
TEMPERATURE (F)
 YESTERDAY
  MAXIMUM         64    238 PM  90    1938  70     -6       59
  MINIMUM         37    600 AM  32    1992  46     -9       43
                                      1990
  AVERAGE         51                        58     -7       51

PRECIPITATION (IN)
  YESTERDAY        0.00          1.00 1994   0.13  -0.13     0.12
  MONTH TO DATE    3.14                      2.48   0.66     4.91
  SINCE SEP 1      4.11                      6.23  -2.12     8.01
  SINCE JAN 1     40.88                     38.71   2.17    48.78

SNOWFALL (IN)
  YESTERDAY        0.0           T    1989   0.0    0.0      0.0
  MONTH TO DATE    0.0                       0.0    0.0      0.0
  SINCE SEP 1      0.0                       0.0    0.0      0.0
  SINCE JUL 1      0.0                       0.0    0.0      0.0
  SNOW DEPTH       0

DEGREE DAYS
 HEATING
  YESTERDAY       14                         8      6       14
  MONTH TO DATE  100                       113    -13       61
  SINCE SEP 1    121                       151    -30       66
  SINCE JUL 1    121                       152    -31       66

 COOLING
  YESTERDAY        0                         1     -1        0
  MONTH TO DATE   37                        30      7       63
  SINCE SEP 1    239                       217     22      297
  SINCE JAN 1   1710                      1530    180     1471
..................................................................


WIND (MPH)
  HIGHEST WIND SPEED     7   HIGHEST WIND DIRECTION     S (180)
  HIGHEST GUST SPEED    11   HIGHEST GUST DIRECTION     N (20)
  AVERAGE WIND SPEED     1.8


SKY COVER
  POSSIBLE SUNSHINE  MM
  AVERAGE SKY COVER 0.1


WEATHER CONDITIONS
 THE FOLLOWING WEATHER WAS RECORDED YESTERDAY.
  FOG
  FOG W/VISIBILITY <= 1/4 MILE
  HAZE


RELATIVE HUMIDITY (PERCENT)
 HIGHEST   100           300 AM
 LOWEST     52           100 PM
 AVERAGE    76

..........................................................


THE PADUCAH KY CLIMATE NORMALS FOR TODAY
                         NORMAL    RECORD    YEAR
 MAXIMUM TEMPERATURE (F)   70        87      1953
 MINIMUM TEMPERATURE (F)   46        29      1972


SUNRISE AND SUNSET
OCTOBER 20 2014.......SUNRISE   707 AM CDT   SUNSET   612 PM CDT
OCTOBER 21 2014.......SUNRISE   708 AM CDT   SUNSET   610 PM CDT


-  INDICATES NEGATIVE NUMBERS.
R  INDICATES RECORD WAS SET OR TIED.
MM INDICATES DATA IS MISSING.
T  INDICATES TRACE AMOUNT.

&&
..........................................................
***** AGRICULTURAL DATA *****

SOIL TEMPERATURES AT A DEPTH OF FOUR INCHES

UNDER BARE GROUND...  MAX: MM  MIN: MM
UNDER GRASS.........  MAX: 64  MIN: 62

$$
