000
CDUS43 KPAH 030632
CLIPAH


CLIMATE REPORT
NATIONAL WEATHER SERVICE PADUCAH KY
1228 AM CST TUE MAR 3 2015


...................................

...THE PADUCAH KY CLIMATE SUMMARY FOR MARCH 2 2015...

CLIMATE NORMAL PERIOD 1981 TO 2010
CLIMATE RECORD PERIOD 1937 TO 2015


WEATHER ITEM   OBSERVED TIME   RECORD YEAR NORMAL DEPARTURE LAST
                VALUE   (LST)  VALUE       VALUE  FROM      YEAR
                                                  NORMAL
..................................................................
TEMPERATURE (F)
 YESTERDAY
  MAXIMUM         40    344 PM  80    2012  54    -14       44
  MINIMUM         26    646 AM  12    1980  34     -8       16
  AVERAGE         33                        44    -11       30

PRECIPITATION (IN)
  YESTERDAY        0.00          1.50 1948   0.11  -0.11     1.34
  MONTH TO DATE    0.07                      0.23  -0.16     1.34
  SINCE MAR 1      0.07                      0.23  -0.16     1.34
  SINCE JAN 1      7.36                      7.82  -0.46     6.52

SNOWFALL (IN)
  YESTERDAY        0.0           9.0  1960   0.1   -0.1      2.1
  MONTH TO DATE    0.0                       0.1   -0.1      2.1
  SINCE MAR 1      0.0                       0.1   -0.1      2.1
  SINCE JUL 1     16.5                       8.6    7.9     15.0
  SNOW DEPTH       2

DEGREE DAYS
 HEATING
  YESTERDAY       32                        21     11       35
  MONTH TO DATE   61                        42     19       50
  SINCE MAR 1     61                        42     19       50
  SINCE JUL 1   3730                      3338    392     3705

 COOLING
  YESTERDAY        0                         0      0        0
  MONTH TO DATE    0                         0      0        0
  SINCE MAR 1      0                         0      0        0
  SINCE JAN 1      0                         0      0        0
..................................................................


WIND (MPH)
  HIGHEST WIND SPEED    16   HIGHEST WIND DIRECTION    NE (50)
  HIGHEST GUST SPEED    25   HIGHEST GUST DIRECTION    SW (220)
  AVERAGE WIND SPEED     9.5


SKY COVER
  POSSIBLE SUNSHINE  MM
  AVERAGE SKY COVER 0.3


WEATHER CONDITIONS
 THE FOLLOWING WEATHER WAS RECORDED YESTERDAY.
  NO SIGNIFICANT WEATHER WAS OBSERVED.


RELATIVE HUMIDITY (PERCENT)
 HIGHEST    78          1200 AM
 LOWEST     44           200 PM
 AVERAGE    61

..........................................................


THE PADUCAH KY CLIMATE NORMALS FOR TODAY
                         NORMAL    RECORD    YEAR
 MAXIMUM TEMPERATURE (F)   54        77      1992
                                             1976
 MINIMUM TEMPERATURE (F)   34         6      1943


SUNRISE AND SUNSET
MARCH  3 2015.........SUNRISE   624 AM CST   SUNSET   551 PM CST
MARCH  4 2015.........SUNRISE   622 AM CST   SUNSET   552 PM CST


-  INDICATES NEGATIVE NUMBERS.
R  INDICATES RECORD WAS SET OR TIED.
MM INDICATES DATA IS MISSING.
T  INDICATES TRACE AMOUNT.

&&
..........................................................
***** AGRICULTURAL DATA *****

SOIL TEMPERATURES AT A DEPTH OF FOUR INCHES

UNDER GRASS...  MAX: 35  MIN: 33

$$
