000
CDUS43 KPAH 191250
CLIPAH

CLIMATE REPORT
NATIONAL WEATHER SERVICE PADUCAH KY
154 AM CDT FRI AUG 19 2016


...................................

...THE PADUCAH KY CLIMATE SUMMARY FOR AUGUST 18 2016...

CLIMATE NORMAL PERIOD 1981 TO 2010
CLIMATE RECORD PERIOD 1937 TO 2016


WEATHER ITEM   OBSERVED TIME   RECORD YEAR NORMAL DEPARTURE LAST
                VALUE   (LST)  VALUE       VALUE  FROM      YEAR
                                                  NORMAL
..................................................................
TEMPERATURE (F)
 YESTERDAY
  MAXIMUM         84    138 PM 103    1988  89     -5       88
  MINIMUM         72   1230 AM  55    2012  66      6       69
  AVERAGE         78                        78      0       79

PRECIPITATION (IN)
  YESTERDAY        0.00          1.42 1946   0.08  -0.08     0.00
  MONTH TO DATE    8.05                      1.67   6.38     1.54
  SINCE JUN 1     17.92                     10.17   7.75    14.40
  SINCE JAN 1     41.12                     31.39   9.73    40.02

SNOWFALL (IN)
  YESTERDAY        0.0           0.0  2002   0.0    0.0      0.0
                                      2001
  MONTH TO DATE    0.0                       0.0    0.0      0.0
  SINCE JUN 1      0.0                       0.0    0.0      0.0
  SINCE JUL 1      0.0                       0.0    0.0      0.0
  SNOW DEPTH       0

DEGREE DAYS
 HEATING
  YESTERDAY        0                         0      0        0
  MONTH TO DATE    0                         0      0        0
  SINCE JUN 1      0                         4     -4        2
  SINCE JUL 1      0                         0      0        0

 COOLING
  YESTERDAY       13                        13      0       14
  MONTH TO DATE  274                       235     39      233
  SINCE JUN 1   1195                       986    209     1122
  SINCE JAN 1   1345                      1158    187     1333
..................................................................


WIND (MPH)
  HIGHEST WIND SPEED    12   HIGHEST WIND DIRECTION    SW (230)
  HIGHEST GUST SPEED    16   HIGHEST GUST DIRECTION    SW (240)
  AVERAGE WIND SPEED     4.0


SKY COVER
  POSSIBLE SUNSHINE  MM
  AVERAGE SKY COVER 0.6


WEATHER CONDITIONS
 THE FOLLOWING WEATHER WAS RECORDED YESTERDAY.
  FOG


RELATIVE HUMIDITY (PERCENT)
 HIGHEST    93          1200 AM
 LOWEST     69           200 PM
 AVERAGE    81

..........................................................


THE PADUCAH KY CLIMATE NORMALS FOR TODAY
                         NORMAL    RECORD    YEAR
 MAXIMUM TEMPERATURE (F)   89        98      1995
                                             1962
                                             1941
 MINIMUM TEMPERATURE (F)   66        57      2012
                                             1982


SUNRISE AND SUNSET
AUGUST 19 2016........SUNRISE   616 AM CDT   SUNSET   741 PM CDT
AUGUST 20 2016........SUNRISE   616 AM CDT   SUNSET   740 PM CDT


-  INDICATES NEGATIVE NUMBERS.
R  INDICATES RECORD WAS SET OR TIED.
MM INDICATES DATA IS MISSING.
T  INDICATES TRACE AMOUNT.

&&
......................................................
***** AGRICULTURAL DATA *****

SOIL TEMPERATURES AT A DEPTH OF FOUR INCHES

UNDER GRASS...  MAX: 80  MIN: 80

$$
