007
CDUS43 KPAH 060635
CLIPAH


CLIMATE REPORT
NATIONAL WEATHER SERVICE PADUCAH KY
1232 AM CST SAT FEB 6 2016


...................................

...THE PADUCAH KY CLIMATE SUMMARY FOR FEBRUARY 5 2016...

CLIMATE NORMAL PERIOD 1981 TO 2010
CLIMATE RECORD PERIOD 1937 TO 2016


WEATHER ITEM   OBSERVED TIME   RECORD YEAR NORMAL DEPARTURE LAST
                VALUE   (LST)  VALUE       VALUE  FROM      YEAR
                                                  NORMAL
..................................................................
TEMPERATURE (F)
 YESTERDAY
  MAXIMUM         50    312 PM  76    2008  46      4       33
  MINIMUM         22    701 AM   5    1996  27     -5       16
  AVERAGE         36                        37     -1       25

PRECIPITATION (IN)
  YESTERDAY        0.00          1.61 1991   0.14  -0.14     0.00
  MONTH TO DATE    0.36                      0.72  -0.36     0.89
  SINCE DEC 1     10.33                      8.99   1.34     6.34
  SINCE JAN 1      2.91                      4.40  -1.49     3.45

SNOWFALL (IN)
  YESTERDAY        0.0           3.0  1984   0.1   -0.1      0.0
  MONTH TO DATE    0.0                       0.6   -0.6      0.1
  SINCE DEC 1      8.4                       5.8    2.6      0.8
  SINCE JUL 1      8.4                       5.9    2.5      3.6
  SNOW DEPTH       0

DEGREE DAYS
 HEATING
  YESTERDAY       29                        28      1       40
  MONTH TO DATE   99                       144    -45      158
  SINCE DEC 1   1528                      1940   -412     1854
  SINCE JUL 1   2072                      2717   -645     2791

 COOLING
  YESTERDAY        0                         0      0        0
  MONTH TO DATE    0                         0      0        0
  SINCE DEC 1      6                         0      6        0
  SINCE JAN 1      0                         0      0        0
..................................................................


WIND (MPH)
  HIGHEST WIND SPEED    15   HIGHEST WIND DIRECTION     W (250)
  HIGHEST GUST SPEED    19   HIGHEST GUST DIRECTION     W (250)
  AVERAGE WIND SPEED     4.5


SKY COVER
  POSSIBLE SUNSHINE  MM
  AVERAGE SKY COVER 0.0


WEATHER CONDITIONS
 THE FOLLOWING WEATHER WAS RECORDED YESTERDAY.
  NO SIGNIFICANT WEATHER WAS OBSERVED.


RELATIVE HUMIDITY (PERCENT)
 HIGHEST    81           600 AM
 LOWEST     31           200 PM
 AVERAGE    56

..........................................................


THE PADUCAH KY CLIMATE NORMALS FOR TODAY
                         NORMAL    RECORD    YEAR
 MAXIMUM TEMPERATURE (F)   46        71      1938
 MINIMUM TEMPERATURE (F)   27         1      1978


SUNRISE AND SUNSET
FEBRUARY  6 2016......SUNRISE   654 AM CST   SUNSET   525 PM CST
FEBRUARY  7 2016......SUNRISE   653 AM CST   SUNSET   526 PM CST


-  INDICATES NEGATIVE NUMBERS.
R  INDICATES RECORD WAS SET OR TIED.
MM INDICATES DATA IS MISSING.
T  INDICATES TRACE AMOUNT.

&&
..........................................................
***** AGRICULTURAL DATA *****

SOIL TEMPERATURES AT A DEPTH OF FOUR INCHES

UNDER GRASS...   MAX: 45  MIN: 42

$$
