000
CDUS43 KPAH 250641
CLIPAH


CLIMATE REPORT
NATIONAL WEATHER SERVICE PADUCAH KY
137 AM CDT WED MAR 25 2015


...................................

...THE PADUCAH KY CLIMATE SUMMARY FOR MARCH 24 2015...

CLIMATE NORMAL PERIOD 1981 TO 2010
CLIMATE RECORD PERIOD 1937 TO 2015


WEATHER ITEM   OBSERVED TIME   RECORD YEAR NORMAL DEPARTURE LAST
                VALUE   (LST)  VALUE       VALUE  FROM      YEAR
                                                  NORMAL
..................................................................
TEMPERATURE (F)
 YESTERDAY
  MAXIMUM         67   1053 PM  84    1939  62      5       50
  MINIMUM         41    614 AM  15    1974  40      1       26
  AVERAGE         54                        51      3       38

PRECIPITATION (IN)
  YESTERDAY        0.00          1.12 1978   0.13  -0.13     0.00
  MONTH TO DATE    8.08                      2.94   5.14     2.49
  SINCE MAR 1      8.08                      2.94   5.14     2.49
  SINCE JAN 1     15.37                     10.53   4.84     7.67

SNOWFALL (IN)
  YESTERDAY        0.0           T    2013   0.0    0.0      0.0
                                      2008
                                      1990
  MONTH TO DATE   12.1                       0.6   11.5      5.4
  SINCE MAR 1     12.1                       0.6   11.5      5.4
  SINCE JUL 1     28.6                       9.1   19.5     18.3
  SNOW DEPTH       0

DEGREE DAYS
 HEATING
  YESTERDAY       11                        14     -3       27
  MONTH TO DATE  485                       430     55      525
  SINCE MAR 1    485                       430     55      525
  SINCE JUL 1   4154                      3726    428     4180

 COOLING
  YESTERDAY        0                         0      0        0
  MONTH TO DATE    0                         0      0        0
  SINCE MAR 1      0                         0      0        0
  SINCE JAN 1      0                         0      0        0
..................................................................


WIND (MPH)
  HIGHEST WIND SPEED    16   HIGHEST WIND DIRECTION     E (110)
  HIGHEST GUST SPEED    23   HIGHEST GUST DIRECTION    SW (210)
  AVERAGE WIND SPEED     9.0


SKY COVER
  POSSIBLE SUNSHINE  MM
  AVERAGE SKY COVER 0.1


WEATHER CONDITIONS
 THE FOLLOWING WEATHER WAS RECORDED YESTERDAY.
  NO SIGNIFICANT WEATHER WAS OBSERVED.


RELATIVE HUMIDITY (PERCENT)
 HIGHEST    77          1200 AM
 LOWEST     49           200 PM
 AVERAGE    63

..........................................................


THE PADUCAH KY CLIMATE NORMALS FOR TODAY
                         NORMAL    RECORD    YEAR
 MAXIMUM TEMPERATURE (F)   62        83      2007
 MINIMUM TEMPERATURE (F)   40        18      1955


SUNRISE AND SUNSET
MARCH 25 2015.........SUNRISE   652 AM CDT   SUNSET   711 PM CDT
MARCH 26 2015.........SUNRISE   650 AM CDT   SUNSET   712 PM CDT


-  INDICATES NEGATIVE NUMBERS.
R  INDICATES RECORD WAS SET OR TIED.
MM INDICATES DATA IS MISSING.
T  INDICATES TRACE AMOUNT.


..........................................................

***** AGRICULTURAL DATA *****

SOIL TEMPERATURES AT A DEPTH OF FOUR INCHES

UNDER GRASS...  MAX: 49  MIN: 48


$$
