000
CDUS43 KPAH 270634
CLIPAH


CLIMATE REPORT
NATIONAL WEATHER SERVICE PADUCAH KY
131 AM CDT SUN JUL 27 2014


...................................

...THE PADUCAH KY CLIMATE SUMMARY FOR JULY 26 2014...

CLIMATE NORMAL PERIOD 1981 TO 2010
CLIMATE RECORD PERIOD 1937 TO 2014


WEATHER ITEM   OBSERVED TIME   RECORD YEAR NORMAL DEPARTURE LAST
                VALUE   (LST)  VALUE       VALUE  FROM      YEAR
                                                  NORMAL
..................................................................
TEMPERATURE (F)
 YESTERDAY
  MAXIMUM         93    257 PM 102    1952  89      4       81
  MINIMUM         67    530 AM  55    1948  68     -1       57
  AVERAGE         80                        79      1       69

PRECIPITATION (IN)
  YESTERDAY        0.00          2.94 2001   0.14  -0.14     0.01
  MONTH TO DATE    2.04                      3.80  -1.76     1.93
  SINCE JUN 1      8.73                      7.86   0.87    11.04
  SINCE JAN 1     28.92                     29.08  -0.16    36.51

SNOWFALL (IN)
  YESTERDAY        0.0                       0.0    0.0      0.0
  MONTH TO DATE    0.0                       0.0    0.0      0.0
  SINCE JUN 1      0.0                       0.0    0.0      0.0
  SINCE JUL 1      0.0                       0.0    0.0      0.0
  SNOW DEPTH       0

DEGREE DAYS
 HEATING
  YESTERDAY        0                         0      0        0
  MONTH TO DATE    0                         0      0        0
  SINCE JUN 1      0                         4     -4        0
  SINCE JUL 1      0                         0      0        0

 COOLING
  YESTERDAY       15                        14      1        4
  MONTH TO DATE  271                       364    -93      295
  SINCE JUN 1    676                       684     -8      612
  SINCE JAN 1    954                       856     98      790
..................................................................


WIND (MPH)
  HIGHEST WIND SPEED    16   HIGHEST WIND DIRECTION    SW (240)
  HIGHEST GUST SPEED    22   HIGHEST GUST DIRECTION     S (200)
  AVERAGE WIND SPEED     8.3


SKY COVER
  POSSIBLE SUNSHINE  MM
  AVERAGE SKY COVER 0.0


WEATHER CONDITIONS
 THE FOLLOWING WEATHER WAS RECORDED YESTERDAY.
  FOG
  HAZE


RELATIVE HUMIDITY (PERCENT)
 HIGHEST    87           100 AM
 LOWEST     56           200 PM
 AVERAGE    72

..........................................................


THE PADUCAH KY CLIMATE NORMALS FOR TODAY
                         NORMAL    RECORD    YEAR
 MAXIMUM TEMPERATURE (F)   89       103      1952
 MINIMUM TEMPERATURE (F)   68        48      1962


SUNRISE AND SUNSET
JULY 27 2014..........SUNRISE   556 AM CDT   SUNSET   807 PM CDT
JULY 28 2014..........SUNRISE   557 AM CDT   SUNSET   806 PM CDT


-  INDICATES NEGATIVE NUMBERS.
R  INDICATES RECORD WAS SET OR TIED.
MM INDICATES DATA IS MISSING.
T  INDICATES TRACE AMOUNT.

&&
.........................................................
***** AGRICULTURAL DATA *****

SOIL TEMPERATURES AT A DEPTH OF FOUR INCHES

UNDER BARE GROUND...  MAX: MM  MIN: MM
UNDER GRASS.........  MAX: 77  MIN: 76

$$
