000
CDUS43 KPAH 300632
CLIPAH


CLIMATE REPORT
NATIONAL WEATHER SERVICE PADUCAH KY
127 AM CDT TUE JUN 30 2015

...................................

...THE PADUCAH KY CLIMATE SUMMARY FOR JUNE 29 2015...

CLIMATE NORMAL PERIOD 1981 TO 2010
CLIMATE RECORD PERIOD 1937 TO 2015

WEATHER ITEM   OBSERVED TIME   RECORD YEAR NORMAL DEPARTURE LAST
                VALUE   (LST)  VALUE       VALUE  FROM      YEAR
                                                  NORMAL
..................................................................
TEMPERATURE (F)
 YESTERDAY
  MAXIMUM         89    303 PM 108    2012  89      0       78
  MINIMUM         69   1159 PM  57    2000  68      1       72
                                      1950
  AVERAGE         79                        78      1       75

PRECIPITATION (IN)
  YESTERDAY        T             3.02 2007   0.13  -0.13     0.40
  MONTH TO DATE    2.44                      3.92  -1.48     6.69
  SINCE JUN 1      2.44                      3.92  -1.48     6.69
  SINCE JAN 1     28.06                     25.14   2.92    26.88

SNOWFALL (IN)
  YESTERDAY        0.0           0.0  2002   0.0    0.0      0.0
                                      2001
  MONTH TO DATE    0.0                       0.0    0.0      0.0
  SINCE JUN 1      0.0                       0.0    0.0      0.0
  SINCE JUL 1     28.6                       9.1   19.5     18.5
  SNOW DEPTH       0

DEGREE DAYS
 HEATING
  YESTERDAY        0                         0      0        0
  MONTH TO DATE    2                         0      2        0
  SINCE JUN 1      2                         0      2        0
  SINCE JUL 1   4478                      4128    350     4541

 COOLING
  YESTERDAY       14                        13      1       10
  MONTH TO DATE  389                       304     85      387
  SINCE JUN 1    389                       304     85      387
  SINCE JAN 1    600                       476    124      665
..................................................................

WIND (MPH)
  HIGHEST WIND SPEED    17   HIGHEST WIND DIRECTION     W (270)
  HIGHEST GUST SPEED    24   HIGHEST GUST DIRECTION     W (250)
  AVERAGE WIND SPEED     7.7

SKY COVER
  POSSIBLE SUNSHINE  MM
  AVERAGE SKY COVER 0.2

WEATHER CONDITIONS
 THE FOLLOWING WEATHER WAS RECORDED YESTERDAY.
  LIGHT RAIN
  FOG

RELATIVE HUMIDITY (PERCENT)
 HIGHEST    90          1000 PM
 LOWEST     50           200 PM
 AVERAGE    70
..........................................................

THE PADUCAH KY CLIMATE NORMALS FOR TODAY
                         NORMAL    RECORD    YEAR
 MAXIMUM TEMPERATURE (F)   89       106      2012
                                             1952
 MINIMUM TEMPERATURE (F)   68        53      1950

SUNRISE AND SUNSET
JUNE 30 2015..........SUNRISE   538 AM CDT   SUNSET   819 PM CDT
JULY  1 2015..........SUNRISE   539 AM CDT   SUNSET   819 PM CDT

-  INDICATES NEGATIVE NUMBERS.
R  INDICATES RECORD WAS SET OR TIED.
MM INDICATES DATA IS MISSING.
T  INDICATES TRACE AMOUNT.

$$
