000
CDUS43 KPAH 270635
CLIPAH


CLIMATE REPORT
NATIONAL WEATHER SERVICE PADUCAH KY
128 AM CDT SAT SEP 27 2014


...................................

...THE PADUCAH KY CLIMATE SUMMARY FOR SEPTEMBER 26 2014...

CLIMATE NORMAL PERIOD 1981 TO 2010
CLIMATE RECORD PERIOD 1937 TO 2014


WEATHER ITEM   OBSERVED TIME   RECORD YEAR NORMAL DEPARTURE LAST
                VALUE   (LST)  VALUE       VALUE  FROM      YEAR
                                                  NORMAL
..................................................................
TEMPERATURE (F)
 YESTERDAY
  MAXIMUM         84    232 PM  94    1939  78      6       85
  MINIMUM         53    608 AM  37    2001  53      0       59
  AVERAGE         69                        66      3       72

PRECIPITATION (IN)
  YESTERDAY        0.00          2.32 2002   0.14  -0.14     0.00
  MONTH TO DATE    0.91                      3.20  -2.29     1.82
  SINCE SEP 1      0.91                      3.20  -2.29     1.82
  SINCE JAN 1     37.68                     35.68   2.00    42.59

SNOWFALL (IN)
  YESTERDAY        0.0                       0.0    0.0      0.0
  MONTH TO DATE    0.0                       0.0    0.0      0.0
  SINCE SEP 1      0.0                       0.0    0.0      0.0
  SINCE JUL 1      0.0                       0.0    0.0      0.0
  SNOW DEPTH       0

DEGREE DAYS
 HEATING
  YESTERDAY        0                         3     -3        0
  MONTH TO DATE   21                        23     -2        5
  SINCE SEP 1     21                        23     -2        5
  SINCE JUL 1     21                        24     -3        5

 COOLING
  YESTERDAY        4                         4      0        7
  MONTH TO DATE  177                       175      2      219
  SINCE SEP 1    177                       175      2      219
  SINCE JAN 1   1648                      1488    160     1393
..................................................................


WIND (MPH)
  HIGHEST WIND SPEED    12   HIGHEST WIND DIRECTION    NE (30)
  HIGHEST GUST SPEED    17   HIGHEST GUST DIRECTION     N (20)
  AVERAGE WIND SPEED     2.0


SKY COVER
  POSSIBLE SUNSHINE  MM
  AVERAGE SKY COVER 0.0


WEATHER CONDITIONS
 THE FOLLOWING WEATHER WAS RECORDED YESTERDAY.
  FOG
  FOG W/VISIBILITY <= 1/4 MILE


RELATIVE HUMIDITY (PERCENT)
 HIGHEST   100          1200 AM
 LOWEST     43          1100 AM
 AVERAGE    72

..........................................................


THE PADUCAH KY CLIMATE NORMALS FOR TODAY
                         NORMAL    RECORD    YEAR
 MAXIMUM TEMPERATURE (F)   78        94      1939
 MINIMUM TEMPERATURE (F)   53        37      1991


SUNRISE AND SUNSET
SEPTEMBER 27 2014.....SUNRISE   647 AM CDT   SUNSET   644 PM CDT
SEPTEMBER 28 2014.....SUNRISE   648 AM CDT   SUNSET   643 PM CDT


-  INDICATES NEGATIVE NUMBERS.
R  INDICATES RECORD WAS SET OR TIED.
MM INDICATES DATA IS MISSING.
T  INDICATES TRACE AMOUNT.

&&
.........................................................
***** AGRICULTURAL DATA *****

SOIL  TEMPERATURES AT A DEPTH OF FOUR INCHES

UNDER BARE GROUND...  MAX: MM  MIN: MM
UNDER GRASS.........  MAX: 70  MIN: 69

$$
