000
CDUS43 KPAH 010627
CLIPAH


CLIMATE REPORT
NATIONAL WEATHER SERVICE PADUCAH KY
1225 AM CST THU DEC 1 2016

...................................

...THE PADUCAH KY CLIMATE SUMMARY FOR NOVEMBER 30 2016...

CLIMATE NORMAL PERIOD 1981 TO 2010
CLIMATE RECORD PERIOD 1937 TO 2016

WEATHER ITEM   OBSERVED TIME   RECORD YEAR NORMAL DEPARTURE LAST
                VALUE   (LST)  VALUE       VALUE  FROM      YEAR
                                                  NORMAL
..................................................................
TEMPERATURE (F)
 YESTERDAY
  MAXIMUM         56   1234 AM  72    1970  51      5       52
                                      1941
  MINIMUM         36   1128 PM  11    1964  33      3       45
  AVERAGE         46                        42      4       49

PRECIPITATION (IN)
  YESTERDAY        0.00          1.67 1975   0.16  -0.16     0.07
  MONTH TO DATE    2.65                      4.30  -1.65     7.83
  SINCE SEP 1      3.82                     12.01  -8.19    11.32
  SINCE JAN 1     46.49                     44.49   2.00    51.75

SNOWFALL (IN)
  YESTERDAY        0.0           9.0  2010   0.0    0.0      0.0
  MONTH TO DATE    0.0                       T      0.0      0.0
  SINCE SEP 1      0.0                       0.1   -0.1      0.0
  SINCE JUL 1      0.0                       0.1   -0.1      0.0
  SNOW DEPTH       0

DEGREE DAYS
 HEATING
  YESTERDAY       19                        23     -4       16
  MONTH TO DATE  397                       510   -113      365
  SINCE SEP 1    501                       776   -275      544
  SINCE JUL 1    501                       777   -276      544

 COOLING
  YESTERDAY        0                         0      0        0
  MONTH TO DATE   19                         4     15        6
  SINCE SEP 1    423                       229    194      266
  SINCE JAN 1   1953                      1542    411     1690
..................................................................

WIND (MPH)
  HIGHEST WIND SPEED    22   HIGHEST WIND DIRECTION     W (250)
  HIGHEST GUST SPEED    28   HIGHEST GUST DIRECTION     W (260)
  AVERAGE WIND SPEED     8.2

SKY COVER
  POSSIBLE SUNSHINE  MM
  AVERAGE SKY COVER 0.1

WEATHER CONDITIONS
 THE FOLLOWING WEATHER WAS RECORDED YESTERDAY.
  NO SIGNIFICANT WEATHER WAS OBSERVED.

RELATIVE HUMIDITY (PERCENT)
 HIGHEST    93           300 AM
 LOWEST     38           200 PM
 AVERAGE    66
..........................................................

THE PADUCAH KY CLIMATE NORMALS FOR TODAY
                         NORMAL    RECORD    YEAR
 MAXIMUM TEMPERATURE (F)   51        71      1962
 MINIMUM TEMPERATURE (F)   32        17      1964

SUNRISE AND SUNSET
DECEMBER  1 2016......SUNRISE   650 AM CST   SUNSET   438 PM CST
DECEMBER  2 2016......SUNRISE   651 AM CST   SUNSET   438 PM CST

-  INDICATES NEGATIVE NUMBERS.
R  INDICATES RECORD WAS SET OR TIED.
MM INDICATES DATA IS MISSING.
T  INDICATES TRACE AMOUNT.

$$
