000
CDUS43 KPAH 100631
CLIPAH


CLIMATE REPORT
NATIONAL WEATHER SERVICE PADUCAH KY
127 AM CDT TUE OCT 10 2017


...................................

...THE PADUCAH KY CLIMATE SUMMARY FOR OCTOBER 9 2017...

CLIMATE NORMAL PERIOD 1981 TO 2010
CLIMATE RECORD PERIOD 1937 TO 2017


WEATHER ITEM   OBSERVED TIME   RECORD YEAR NORMAL DEPARTURE LAST
                VALUE   (LST)  VALUE       VALUE  FROM      YEAR
                                                  NORMAL
..................................................................
TEMPERATURE (F)
 YESTERDAY
  MAXIMUM         86    335 PM  91    1939  73     13       77
  MINIMUM         67    646 AM  30    2000  49     18       41
  AVERAGE         77                        61     16       59

PRECIPITATION (IN)
  YESTERDAY        0.00          1.99 1970   0.13  -0.13     0.00
  MONTH TO DATE    1.55                      1.21   0.34      T
  SINCE SEP 1      4.10                      4.96  -0.86     0.83
  SINCE JAN 1     37.23                     37.44  -0.21    43.50

SNOWFALL (IN)
  YESTERDAY        0.0           0.0  2002   0.0    0.0      0.0
                                      2001
  MONTH TO DATE    0.0                       0.0    0.0      0.0
  SINCE SEP 1      0.0                       0.0    0.0      0.0
  SINCE JUL 1      0.0                       0.0    0.0      0.0
  SNOW DEPTH       0

DEGREE DAYS
 HEATING
  YESTERDAY        0                         6     -6        6
  MONTH TO DATE    0                        44    -44       12
  SINCE SEP 1     11                        82    -71       26
  SINCE JUL 1     11                        83    -72       26

 COOLING
  YESTERDAY       12                         2     10        0
  MONTH TO DATE   73                        19     54       33
  SINCE SEP 1    289                       206     83      317
  SINCE JAN 1   1663                      1519    144     1847
..................................................................


WIND (MPH)
  HIGHEST WIND SPEED    14   HIGHEST WIND DIRECTION    SE (130)
  HIGHEST GUST SPEED    17   HIGHEST GUST DIRECTION     E (100)
  AVERAGE WIND SPEED     5.1


SKY COVER
  POSSIBLE SUNSHINE  MM
  AVERAGE SKY COVER 0.6


WEATHER CONDITIONS
 THE FOLLOWING WEATHER WAS RECORDED YESTERDAY.
  FOG
  FOG W/VISIBILITY <= 1/4 MILE


RELATIVE HUMIDITY (PERCENT)
 HIGHEST   100           100 AM
 LOWEST     55           400 PM
 AVERAGE    78

..........................................................


THE PADUCAH KY CLIMATE NORMALS FOR TODAY
                         NORMAL    RECORD    YEAR
 MAXIMUM TEMPERATURE (F)   73        92      1939
 MINIMUM TEMPERATURE (F)   48        30      2000
                                             1964


SUNRISE AND SUNSET
OCTOBER 10 2017.......SUNRISE   658 AM CDT   SUNSET   625 PM CDT
OCTOBER 11 2017.......SUNRISE   659 AM CDT   SUNSET   623 PM CDT


-  INDICATES NEGATIVE NUMBERS.
R  INDICATES RECORD WAS SET OR TIED.
MM INDICATES DATA IS MISSING.
T  INDICATES TRACE AMOUNT.


&&
..............................................

     ***** AGRICULTURAL DATA *****

SOIL TEMPERATURES AT A DEPTH OF FOUR INCHES

UNDER GRASS... MAX: 72     MIN: 71



$$
