000
CDUS43 KPAH 052232
CLIPAH


CLIMATE REPORT
NATIONAL WEATHER SERVICE PADUCAH KY
429 PM CST TUE DEC 5 2017


...................................

...THE PADUCAH KY CLIMATE SUMMARY FOR DECEMBER 5 2017...
VALID TODAY AS OF 0400 PM LOCAL TIME.

CLIMATE NORMAL PERIOD 1981 TO 2010
CLIMATE RECORD PERIOD 1937 TO 2017


WEATHER ITEM   OBSERVED TIME   RECORD YEAR NORMAL DEPARTURE LAST
                VALUE   (LST)  VALUE       VALUE  FROM      YEAR
                                                  NORMAL
..................................................................
TEMPERATURE (F)
 TODAY
  MAXIMUM         63   1204 AM  71    1998  49     14       44
  MINIMUM         39    359 PM  11    1942  31      8       35
  AVERAGE         51                        40     11       40

PRECIPITATION (IN)
  TODAY            0.69          2.51 1954   0.15   0.54     0.01
  MONTH TO DATE    0.69                      0.77  -0.08     0.20
  SINCE DEC 1      0.69                      0.77  -0.08     0.20
  SINCE JAN 1     43.83                     45.26  -1.43    46.69

SNOWFALL (IN)
  TODAY           MM                                         0.0
  MONTH TO DATE    0.0                                       0.0
  SINCE JUL 1      0.0                                       0.0
  SNOW DEPTH       0

..................................................................


WIND (MPH)
  HIGHEST WIND SPEED    17   HIGHEST WIND DIRECTION    SW (220)
  HIGHEST GUST SPEED    33   HIGHEST GUST DIRECTION    SW (240)




RELATIVE HUMIDITY (PERCENT)
 HIGHEST    90
 LOWEST     44

..........................................................


THE PADUCAH KY CLIMATE NORMALS FOR TOMORROW
                         NORMAL    RECORD    YEAR
 MAXIMUM TEMPERATURE (F)   49        72      1998
                                             1951
 MINIMUM TEMPERATURE (F)   31         5      1984


SUNRISE AND SUNSET
DECEMBER  5 2017......SUNRISE   654 AM CST   SUNSET   438 PM CST
DECEMBER  6 2017......SUNRISE   654 AM CST   SUNSET   438 PM CST


-  INDICATES NEGATIVE NUMBERS.
R  INDICATES RECORD WAS SET OR TIED.
MM INDICATES DATA IS MISSING.
T  INDICATES TRACE AMOUNT.




$$
