000
CDUS43 KPAH 172233
CLIPAH


CLIMATE REPORT
NATIONAL WEATHER SERVICE PADUCAH KY
431 PM CST MON NOV 17 2014


...................................

...THE PADUCAH KY CLIMATE SUMMARY FOR NOVEMBER 17 2014...
VALID TODAY AS OF 0400 PM LOCAL TIME.

CLIMATE NORMAL PERIOD 1981 TO 2010
CLIMATE RECORD PERIOD 1937 TO 2014


WEATHER ITEM   OBSERVED TIME   RECORD YEAR NORMAL DEPARTURE LAST
                VALUE   (LST)  VALUE       VALUE  FROM      YEAR
                                                  NORMAL
..................................................................
TEMPERATURE (F)
 TODAY
  MAXIMUM         32    151 AM  81    1958  58    -26       75
  MINIMUM         23    758 AM  12    1959  38    -15       55
  AVERAGE         28                        48    -20       65

PRECIPITATION (IN)
  TODAY            0.12          1.55 2013   0.14  -0.02     1.55
  MONTH TO DATE    1.29                      2.26  -0.97     1.92
  SINCE SEP 1      5.88                      9.97  -4.09    11.08
  SINCE JAN 1     42.65                     42.45   0.20    51.85

SNOWFALL (IN)
  TODAY           MM                                         0.0
  MONTH TO DATE    1.6                                        T
  SINCE JUL 1      1.6                                        T
  SNOW DEPTH       0

..................................................................


WIND (MPH)
  HIGHEST WIND SPEED    16   HIGHEST WIND DIRECTION     N (340)
  HIGHEST GUST SPEED    24   HIGHEST GUST DIRECTION     N (340)




RELATIVE HUMIDITY (PERCENT)
 HIGHEST    92
 LOWEST     49

..........................................................


THE PADUCAH KY CLIMATE NORMALS FOR TOMORROW
                         NORMAL    RECORD    YEAR
 MAXIMUM TEMPERATURE (F)   57        78      1985
 MINIMUM TEMPERATURE (F)   37        14      1959


SUNRISE AND SUNSET
NOVEMBER 17 2014......SUNRISE   636 AM CST   SUNSET   444 PM CST
NOVEMBER 18 2014......SUNRISE   637 AM CST   SUNSET   443 PM CST


-  INDICATES NEGATIVE NUMBERS.
R  INDICATES RECORD WAS SET OR TIED.
MM INDICATES DATA IS MISSING.
T  INDICATES TRACE AMOUNT.




$$
