000
CDUS43 KPAH 230633
CLIPAH


CLIMATE REPORT
NATIONAL WEATHER SERVICE PADUCAH KY
1230 AM CST MON FEB 23 2015


...................................

...THE PADUCAH KY CLIMATE SUMMARY FOR FEBRUARY 22 2015...

CLIMATE NORMAL PERIOD 1981 TO 2010
CLIMATE RECORD PERIOD 1937 TO 2015


WEATHER ITEM   OBSERVED TIME   RECORD YEAR NORMAL DEPARTURE LAST
                VALUE   (LST)  VALUE       VALUE  FROM      YEAR
                                                  NORMAL
..................................................................
TEMPERATURE (F)
 YESTERDAY
  MAXIMUM         34   1009 AM  72    1992  51    -17       66
  MINIMUM         21   1159 PM  -3    1963  31    -10       36
  AVERAGE         28                        41    -13       51

PRECIPITATION (IN)
  YESTERDAY        0.00          1.45 2003   0.14  -0.14     0.00
  MONTH TO DATE    4.73                      3.08   1.65     3.15
  SINCE DEC 1     10.18                     11.35  -1.17    13.32
  SINCE JAN 1      7.29                      6.76   0.53     5.18

SNOWFALL (IN)
  YESTERDAY        0.0           T    2003   0.1   -0.1      0.0
                                      2002
                                      1989
  MONTH TO DATE   13.0                       2.7   10.3      6.6
  SINCE DEC 1     13.7                       7.9    5.8     12.9
  SINCE JUL 1     16.5                       8.0    8.5     12.9
  SNOW DEPTH       0

DEGREE DAYS
 HEATING
  YESTERDAY       37                        24     13       14
  MONTH TO DATE  785                       587    198      730
  SINCE DEC 1   2481                      2383     98     2665
  SINCE JUL 1   3418                      3160    258     3467

 COOLING
  YESTERDAY        0                         0      0        0
  MONTH TO DATE    0                         0      0        0
  SINCE DEC 1      0                         0      0        0
  SINCE JAN 1      0                         0      0        0
..................................................................


WIND (MPH)
  HIGHEST WIND SPEED    23   HIGHEST WIND DIRECTION     N (10)
  HIGHEST GUST SPEED    29   HIGHEST GUST DIRECTION     N (10)
  AVERAGE WIND SPEED    12.8


SKY COVER
  POSSIBLE SUNSHINE  MM
  AVERAGE SKY COVER 0.7


WEATHER CONDITIONS
 THE FOLLOWING WEATHER WAS RECORDED YESTERDAY.
  FOG
  HAZE


RELATIVE HUMIDITY (PERCENT)
 HIGHEST    92          1200 AM
 LOWEST     57           800 PM
 AVERAGE    75

..........................................................


THE PADUCAH KY CLIMATE NORMALS FOR TODAY
                         NORMAL    RECORD    YEAR
 MAXIMUM TEMPERATURE (F)   52        75      1982
 MINIMUM TEMPERATURE (F)   32        13      1968


SUNRISE AND SUNSET
FEBRUARY 23 2015......SUNRISE   634 AM CST   SUNSET   543 PM CST
FEBRUARY 24 2015......SUNRISE   633 AM CST   SUNSET   544 PM CST


-  INDICATES NEGATIVE NUMBERS.
R  INDICATES RECORD WAS SET OR TIED.
MM INDICATES DATA IS MISSING.
T  INDICATES TRACE AMOUNT.

&&
..........................................................
***** AGRICULTURAL DATA ******

SOIL TEMPERATURES AT A DEPTH OF FOUR INCHES

UNDER GRASS...  MAX: 36  MIN: 35

$$
