000
CDUS43 KPAH 280630
CLIPAH


CLIMATE REPORT
NATIONAL WEATHER SERVICE PADUCAH KY
1227 AM CST SAT FEB 28 2015


...................................

...THE PADUCAH KY CLIMATE SUMMARY FOR FEBRUARY 27 2015...

CLIMATE NORMAL PERIOD 1981 TO 2010
CLIMATE RECORD PERIOD 1937 TO 2015


WEATHER ITEM   OBSERVED TIME   RECORD YEAR NORMAL DEPARTURE LAST
                VALUE   (LST)  VALUE       VALUE  FROM      YEAR
                                                  NORMAL
..................................................................
TEMPERATURE (F)
 YESTERDAY
  MAXIMUM         26    259 PM  77    1996  53    -27       39
                                      1981
  MINIMUM         11R   728 AM  14    1963  33    -22       19
  AVERAGE         19                        43    -24       29

PRECIPITATION (IN)
  YESTERDAY        0.00          1.34 1962   0.13  -0.13     0.00
  MONTH TO DATE    4.73                      3.78   0.95     3.15
  SINCE DEC 1     10.18                     12.05  -1.87    13.32
  SINCE JAN 1      7.29                      7.46  -0.17     5.18

SNOWFALL (IN)
  YESTERDAY        0.0           3.2  1984   0.1   -0.1      0.0
  MONTH TO DATE   13.0                       3.1    9.9      6.6
  SINCE DEC 1     13.7                       8.3    5.4     12.9
  SINCE JUL 1     16.5                       8.4    8.1     12.9
  SNOW DEPTH       4

DEGREE DAYS
 HEATING
  YESTERDAY       46                        22     24       36
  MONTH TO DATE  998                       700    298      890
  SINCE DEC 1   2694                      2496    198     2825
  SINCE JUL 1   3631                      3273    358     3627

 COOLING
  YESTERDAY        0                         0      0        0
  MONTH TO DATE    0                         0      0        0
  SINCE DEC 1      0                         0      0        0
  SINCE JAN 1      0                         0      0        0
..................................................................


WIND (MPH)
  HIGHEST WIND SPEED    15   HIGHEST WIND DIRECTION     N (350)
  HIGHEST GUST SPEED    18   HIGHEST GUST DIRECTION     N (340)
  AVERAGE WIND SPEED     7.8


SKY COVER
  POSSIBLE SUNSHINE  MM
  AVERAGE SKY COVER 0.4


WEATHER CONDITIONS
 THE FOLLOWING WEATHER WAS RECORDED YESTERDAY.
  NO SIGNIFICANT WEATHER WAS OBSERVED.


RELATIVE HUMIDITY (PERCENT)
 HIGHEST    76           500 AM
 LOWEST     50           300 PM
 AVERAGE    63

..........................................................


THE PADUCAH KY CLIMATE NORMALS FOR TODAY
                         NORMAL    RECORD    YEAR
 MAXIMUM TEMPERATURE (F)   53        73      1976
 MINIMUM TEMPERATURE (F)   33        17      1993


SUNRISE AND SUNSET
FEBRUARY 28 2015......SUNRISE   628 AM CST   SUNSET   548 PM CST
MARCH  1 2015.........SUNRISE   626 AM CST   SUNSET   549 PM CST


-  INDICATES NEGATIVE NUMBERS.
R  INDICATES RECORD WAS SET OR TIED.
MM INDICATES DATA IS MISSING.
T  INDICATES TRACE AMOUNT.


&&
..........................................................
***** AGRICULTURAL DATA ******

SOIL TEMPERATURES AT A DEPTH OF FOUR INCHES

UNDER GRASS...  MAX: 35  MIN: 35

$$
