000
CDUS43 KPAH 160634
CLIPAH


CLIMATE REPORT
NATIONAL WEATHER SERVICE PADUCAH KY
132 AM CDT THU OCT 16 2014


...................................

...THE PADUCAH KY CLIMATE SUMMARY FOR OCTOBER 15 2014...

CLIMATE NORMAL PERIOD 1981 TO 2010
CLIMATE RECORD PERIOD 1937 TO 2014


WEATHER ITEM   OBSERVED TIME   RECORD YEAR NORMAL DEPARTURE LAST
                VALUE   (LST)  VALUE       VALUE  FROM      YEAR
                                                  NORMAL
..................................................................
TEMPERATURE (F)
 YESTERDAY
  MAXIMUM         57    232 PM  87    1950  71    -14       73
                                      1938
  MINIMUM         53   1159 PM  32    1991  47      6       63
  AVERAGE         55                        59     -4       68

PRECIPITATION (IN)
  YESTERDAY        0.04          2.41 1992   0.13  -0.09     0.11
  MONTH TO DATE    3.14                      1.95   1.19     4.70
  SINCE SEP 1      4.11                      5.70  -1.59     7.80
  SINCE JAN 1     40.88                     38.18   2.70    48.57

SNOWFALL (IN)
  YESTERDAY        0.0           0.0  2002   0.0    0.0      0.0
                                      2001
  MONTH TO DATE    0.0                       0.0    0.0      0.0
  SINCE SEP 1      0.0                       0.0    0.0      0.0
  SINCE JUL 1      0.0                       0.0    0.0      0.0
  SNOW DEPTH       0

DEGREE DAYS
 HEATING
  YESTERDAY       10                         7      3        0
  MONTH TO DATE   68                        83    -15       25
  SINCE SEP 1     89                       121    -32       30
  SINCE JUL 1     89                       122    -33       30

 COOLING
  YESTERDAY        0                         1     -1        3
  MONTH TO DATE   37                        26     11       63
  SINCE SEP 1    239                       213     26      297
  SINCE JAN 1   1710                      1526    184     1471
..................................................................


WIND (MPH)
  HIGHEST WIND SPEED    15   HIGHEST WIND DIRECTION     W (280)
  HIGHEST GUST SPEED    20   HIGHEST GUST DIRECTION    NW (310)
  AVERAGE WIND SPEED     7.7


SKY COVER
  POSSIBLE SUNSHINE  MM
  AVERAGE SKY COVER 1.0


WEATHER CONDITIONS
 THE FOLLOWING WEATHER WAS RECORDED YESTERDAY.
  RAIN
  LIGHT RAIN
  FOG


RELATIVE HUMIDITY (PERCENT)
 HIGHEST    93          1200 AM
 LOWEST     80           100 PM
 AVERAGE    87

..........................................................


THE PADUCAH KY CLIMATE NORMALS FOR TODAY
                         NORMAL    RECORD    YEAR
 MAXIMUM TEMPERATURE (F)   71        87      1950
                                             1938
 MINIMUM TEMPERATURE (F)   47        29      1991


SUNRISE AND SUNSET
OCTOBER 16 2014.......SUNRISE   704 AM CDT   SUNSET   617 PM CDT
OCTOBER 17 2014.......SUNRISE   705 AM CDT   SUNSET   616 PM CDT


-  INDICATES NEGATIVE NUMBERS.
R  INDICATES RECORD WAS SET OR TIED.
MM INDICATES DATA IS MISSING.
T  INDICATES TRACE AMOUNT.

&&

..........................................................

***** AGRICULTURAL DATA *****

SOIL TEMPERATURES AT A DEPTH OF FOUR INCHES

UNDER GRASS.........  MAX: 66  MIN: 65


$$
