000
CDUS43 KPAH 090629
CLIPAH

CLIMATE REPORT
NATIONAL WEATHER SERVICE PADUCAH KY
1227 AM CST SAT DEC 9 2017


...................................

...THE PADUCAH KY CLIMATE SUMMARY FOR DECEMBER 8 2017...

CLIMATE NORMAL PERIOD 1981 TO 2010
CLIMATE RECORD PERIOD 1937 TO 2017


WEATHER ITEM   OBSERVED TIME   RECORD YEAR NORMAL DEPARTURE LAST
                VALUE   (LST)  VALUE       VALUE  FROM      YEAR
                                                  NORMAL
..................................................................
TEMPERATURE (F)
 YESTERDAY
  MAXIMUM         37    309 PM  70    1966  48    -11       37
                                      1939
  MINIMUM         19    716 AM  10    2006  30    -11       24
  AVERAGE         28                        39    -11       31

PRECIPITATION (IN)
  YESTERDAY        0.00          1.89 1972   0.16  -0.16     0.00
  MONTH TO DATE    0.69                      1.25  -0.56     0.82
  SINCE DEC 1      0.69                      1.25  -0.56     0.82
  SINCE JAN 1     43.83                     45.74  -1.91    47.31

SNOWFALL (IN)
  YESTERDAY        0.0           2.3  1995   0.1   -0.1      0.0
  MONTH TO DATE    0.0                       0.4   -0.4      0.0
  SINCE DEC 1      0.0                       0.4   -0.4      0.0
  SINCE JUL 1      0.0                       0.5   -0.5      0.0
  SNOW DEPTH       0

DEGREE DAYS
 HEATING
  YESTERDAY       37                        26     11       34
  MONTH TO DATE  169                       197    -28      207
  SINCE DEC 1    169                       197    -28      207
  SINCE JUL 1    852                       974   -122      708

 COOLING
  YESTERDAY        0                         0      0        0
  MONTH TO DATE    0                         0      0        0
  SINCE DEC 1      0                         0      0        0
  SINCE JAN 1   1692                      1542    150     1953
..................................................................


WIND (MPH)
  HIGHEST WIND SPEED     9   HIGHEST WIND DIRECTION     W (270)
  HIGHEST GUST SPEED    14   HIGHEST GUST DIRECTION     W (250)
  AVERAGE WIND SPEED     3.3


SKY COVER
  POSSIBLE SUNSHINE  MM
  AVERAGE SKY COVER 0.0


WEATHER CONDITIONS
 THE FOLLOWING WEATHER WAS RECORDED YESTERDAY.
  NO SIGNIFICANT WEATHER WAS OBSERVED.


RELATIVE HUMIDITY (PERCENT)
 HIGHEST    77           600 AM
 LOWEST     35           100 PM
 AVERAGE    56

..........................................................


THE PADUCAH KY CLIMATE NORMALS FOR TODAY
                         NORMAL    RECORD    YEAR
 MAXIMUM TEMPERATURE (F)   48        66      1952
 MINIMUM TEMPERATURE (F)   30         7      1995


SUNRISE AND SUNSET
DECEMBER  9 2017......SUNRISE   657 AM CST   SUNSET   438 PM CST
DECEMBER 10 2017......SUNRISE   658 AM CST   SUNSET   438 PM CST


-  INDICATES NEGATIVE NUMBERS.
R  INDICATES RECORD WAS SET OR TIED.
MM INDICATES DATA IS MISSING.
T  INDICATES TRACE AMOUNT.

.............................................

***** AGRICULTURAL DATA *****

SOIL TEMPERATURES AT A DEPTH OF FOUR INCHES

UNDER GRASS... MAX: 48    MIN: 46


$$
