000
CDUS43 KPAH 210634
CLIPAH


CLIMATE REPORT
NATIONAL WEATHER SERVICE PADUCAH KY
1231 AM CST TUE FEB 21 2017


...................................

...THE PADUCAH KY CLIMATE SUMMARY FOR FEBRUARY 20 2017...

CLIMATE NORMAL PERIOD 1981 TO 2010
CLIMATE RECORD PERIOD 1937 TO 2017


WEATHER ITEM   OBSERVED TIME   RECORD YEAR NORMAL DEPARTURE LAST
                VALUE   (LST)  VALUE       VALUE  FROM      YEAR
                                                  NORMAL
..................................................................
TEMPERATURE (F)
 YESTERDAY
  MAXIMUM         75R   130 PM  74    2011  51     24       73
                                      1986
  MINIMUM         44    232 AM   9    2015  31     13       56
  AVERAGE         60                        41     19       65

PRECIPITATION (IN)
  YESTERDAY        0.00          2.75 1951   0.14  -0.14     0.02
  MONTH TO DATE    1.15                      2.80  -1.65     1.37
  SINCE DEC 1      9.66                     11.07  -1.41    11.34
  SINCE JAN 1      3.65                      6.48  -2.83     3.92

SNOWFALL (IN)
  YESTERDAY        0.0           1.0  1963   0.1   -0.1      0.0
  MONTH TO DATE    T                         2.5   -2.5      3.7
  SINCE DEC 1      0.2                       7.7   -7.5     12.1
  SINCE JUL 1      0.2                       7.8   -7.6     12.1
  SNOW DEPTH       0

DEGREE DAYS
 HEATING
  YESTERDAY        5                        24    -19        0
  MONTH TO DATE  382                       539   -157      514
  SINCE DEC 1   1902                      2335   -433     1943
  SINCE JUL 1   2403                      3112   -709     2487

 COOLING
  YESTERDAY        0                         0      0        0
  MONTH TO DATE    0                         0      0        0
  SINCE DEC 1      0                         0      0        6
  SINCE JAN 1      0                         0      0        0
..................................................................


WIND (MPH)
  HIGHEST WIND SPEED    16   HIGHEST WIND DIRECTION    SE (150)
  HIGHEST GUST SPEED    19   HIGHEST GUST DIRECTION    SE (150)
  AVERAGE WIND SPEED     6.9


SKY COVER
  POSSIBLE SUNSHINE  MM
  AVERAGE SKY COVER 0.2


WEATHER CONDITIONS
 THE FOLLOWING WEATHER WAS RECORDED YESTERDAY.
  FOG
  FOG W/VISIBILITY <= 1/4 MILE


RELATIVE HUMIDITY (PERCENT)
 HIGHEST    93           100 AM
 LOWEST     46           200 PM
 AVERAGE    70

..........................................................


THE PADUCAH KY CLIMATE NORMALS FOR TODAY
                         NORMAL    RECORD    YEAR
 MAXIMUM TEMPERATURE (F)   51        71      1983
 MINIMUM TEMPERATURE (F)   31         1      1963


SUNRISE AND SUNSET
FEBRUARY 21 2017......SUNRISE   636 AM CST   SUNSET   542 PM CST
FEBRUARY 22 2017......SUNRISE   635 AM CST   SUNSET   543 PM CST


-  INDICATES NEGATIVE NUMBERS.
R  INDICATES RECORD WAS SET OR TIED.
MM INDICATES DATA IS MISSING.
T  INDICATES TRACE AMOUNT.

.........................................................

***** AGRICULTURAL DATA *****

SOIL TEMPERATURES AT A DEPTH OF FOUR INCHES

UNDER GRASS...  MAX: 47    MIN: 46


$$
