000
CDUS43 KPAH 150630
CLIPAH


CLIMATE REPORT
NATIONAL WEATHER SERVICE PADUCAH KY
1229 AM CST SUN JAN 15 2017


...................................

...THE PADUCAH KY CLIMATE SUMMARY FOR JANUARY 14 2017...

CLIMATE NORMAL PERIOD 1981 TO 2010
CLIMATE RECORD PERIOD 1937 TO 2017


WEATHER ITEM   OBSERVED TIME   RECORD YEAR NORMAL DEPARTURE LAST
                VALUE   (LST)  VALUE       VALUE  FROM      YEAR
                                                  NORMAL
..................................................................
TEMPERATURE (F)
 YESTERDAY
  MAXIMUM         42    151 PM  67    1952  43     -1       60
  MINIMUM         36    355 AM   1    1964  26     10       38
  AVERAGE         39                        34      5       49

PRECIPITATION (IN)
  YESTERDAY        0.60          2.74 1951   0.12   0.48     0.00
  MONTH TO DATE    1.37                      1.67  -0.30     2.13
  SINCE DEC 1      7.38                      6.26   1.12     9.55
  SINCE JAN 1      1.37                      1.67  -0.30     2.13

SNOWFALL (IN)
  YESTERDAY        0.0           3.0  1968   0.1   -0.1      0.0
  MONTH TO DATE    0.2                       1.2   -1.0      1.3
  SINCE DEC 1      0.2                       3.4   -3.2      1.3
  SINCE JUL 1      0.2                       3.5   -3.3      1.3
  SNOW DEPTH       0

DEGREE DAYS
 HEATING
  YESTERDAY       26                        31     -5       16
  MONTH TO DATE  387                       431    -44      415
  SINCE DEC 1   1213                      1285    -72      914
  SINCE JUL 1   1714                      2062   -348     1458

 COOLING
  YESTERDAY        0                         0      0        0
  MONTH TO DATE    0                         0      0        0
  SINCE DEC 1      0                         0      0        6
  SINCE JAN 1      0                         0      0        0
..................................................................


WIND (MPH)
  HIGHEST WIND SPEED    12   HIGHEST WIND DIRECTION    NE (40)
  HIGHEST GUST SPEED    13   HIGHEST GUST DIRECTION    NE (40)
  AVERAGE WIND SPEED     4.7


SKY COVER
  POSSIBLE SUNSHINE  MM
  AVERAGE SKY COVER 1.0


WEATHER CONDITIONS
 THE FOLLOWING WEATHER WAS RECORDED YESTERDAY.
  RAIN
  LIGHT RAIN
  FOG


RELATIVE HUMIDITY (PERCENT)
 HIGHEST   100           100 AM
 LOWEST     85           400 PM
 AVERAGE    93

..........................................................


THE PADUCAH KY CLIMATE NORMALS FOR TODAY
                         NORMAL    RECORD    YEAR
 MAXIMUM TEMPERATURE (F)   43        68      1953
 MINIMUM TEMPERATURE (F)   26        -1      1972


SUNRISE AND SUNSET
JANUARY 15 2017.......SUNRISE   707 AM CST   SUNSET   502 PM CST
JANUARY 16 2017.......SUNRISE   707 AM CST   SUNSET   503 PM CST


-  INDICATES NEGATIVE NUMBERS.
R  INDICATES RECORD WAS SET OR TIED.
MM INDICATES DATA IS MISSING.
T  INDICATES TRACE AMOUNT.


&&

.........................................................
***** AGRICULTURAL DATA *****

SOIL TEMPERATURES AT A DEPTH OF FOUR INCHES

UNDER GRASS...  MAX: 45    MIN: 44

$$
