000
CDUS43 KPAH 220633
CLIPAH


CLIMATE REPORT
NATIONAL WEATHER SERVICE PADUCAH KY
132 AM CDT THU SEP 22 2016


...................................

...THE PADUCAH KY CLIMATE SUMMARY FOR SEPTEMBER 21 2016...

CLIMATE NORMAL PERIOD 1981 TO 2010
CLIMATE RECORD PERIOD 1937 TO 2016


WEATHER ITEM   OBSERVED TIME   RECORD YEAR NORMAL DEPARTURE LAST
                VALUE   (LST)  VALUE       VALUE  FROM      YEAR
                                                  NORMAL
..................................................................
TEMPERATURE (F)
 YESTERDAY
  MAXIMUM         89    248 PM  98    1940  80      9       81
  MINIMUM         59    421 AM  38    1991  56      3       52
  AVERAGE         74                        68      6       67

PRECIPITATION (IN)
  YESTERDAY        0.00          2.57 1979   0.12  -0.12     0.00
  MONTH TO DATE    0.66                      2.53  -1.87     0.41
  SINCE SEP 1      0.66                      2.53  -1.87     0.41
  SINCE JAN 1     43.33                     35.01   8.32    40.84

SNOWFALL (IN)
  YESTERDAY        0.0           0.0  2002   0.0    0.0      0.0
                                      2001
  MONTH TO DATE    0.0                       0.0    0.0      0.0
  SINCE SEP 1      0.0                       0.0    0.0      0.0
  SINCE JUL 1      0.0                       0.0    0.0      0.0
  SNOW DEPTH       0

DEGREE DAYS
 HEATING
  YESTERDAY        0                         2     -2        0
  MONTH TO DATE    0                        11    -11        8
  SINCE SEP 1      0                        11    -11        8
  SINCE JUL 1      0                        12    -12        8

 COOLING
  YESTERDAY        9                         5      4        2
  MONTH TO DATE  233                       155     78      181
  SINCE SEP 1    233                       155     78      181
  SINCE JAN 1   1763                      1468    295     1605
..................................................................


WIND (MPH)
  HIGHEST WIND SPEED    13   HIGHEST WIND DIRECTION     E (80)
  HIGHEST GUST SPEED    16   HIGHEST GUST DIRECTION     E (100)
  AVERAGE WIND SPEED     3.1


SKY COVER
  POSSIBLE SUNSHINE  MM
  AVERAGE SKY COVER 0.2


WEATHER CONDITIONS
 THE FOLLOWING WEATHER WAS RECORDED YESTERDAY.
  FOG
  FOG W/VISIBILITY <= 1/4 MILE


RELATIVE HUMIDITY (PERCENT)
 HIGHEST   100           200 AM
 LOWEST     43          1200 PM
 AVERAGE    72

..........................................................


THE PADUCAH KY CLIMATE NORMALS FOR TODAY
                         NORMAL    RECORD    YEAR
 MAXIMUM TEMPERATURE (F)   80        98      1940
 MINIMUM TEMPERATURE (F)   55        38      1999


SUNRISE AND SUNSET
SEPTEMBER 22 2016.....SUNRISE   643 AM CDT   SUNSET   651 PM CDT
SEPTEMBER 23 2016.....SUNRISE   644 AM CDT   SUNSET   650 PM CDT


-  INDICATES NEGATIVE NUMBERS.
R  INDICATES RECORD WAS SET OR TIED.
MM INDICATES DATA IS MISSING.
T  INDICATES TRACE AMOUNT.

&&
.........................................................

***** AGRICULTURAL DATA *****

SOIL TEMPERATURES AT A DEPTH OF FOUR INCHES

UNDER GRASS...  MAX: 76  MIN: 74

$$
