908
CDUS43 KPAH 270633
CLIPAH

CLIMATE REPORT
NATIONAL WEATHER SERVICE PADUCAH KY
128 AM CDT TUE SEP 27 2016

...................................

...THE PADUCAH KY CLIMATE SUMMARY FOR SEPTEMBER 26 2016...

CLIMATE NORMAL PERIOD 1981 TO 2010
CLIMATE RECORD PERIOD 1937 TO 2016

WEATHER ITEM   OBSERVED TIME   RECORD YEAR NORMAL DEPARTURE LAST
                VALUE   (LST)  VALUE       VALUE  FROM      YEAR
                                                  NORMAL
..................................................................
TEMPERATURE (F)
 YESTERDAY
  MAXIMUM         75    353 PM  94    1939  78     -3       77
  MINIMUM         49   1159 PM  37    2001  53     -4       63
  AVERAGE         62                        66     -4       70

PRECIPITATION (IN)
  YESTERDAY        0.07          2.32 2002   0.14  -0.07     0.00
  MONTH TO DATE    0.73                      3.20  -2.47     0.41
  SINCE SEP 1      0.73                      3.20  -2.47     0.41
  SINCE JAN 1     43.40                     35.68   7.72    40.84

SNOWFALL (IN)
  YESTERDAY        0.0           0.0  2002   0.0    0.0      0.0
                                      2001
  MONTH TO DATE    0.0                       0.0    0.0      0.0
  SINCE SEP 1      0.0                       0.0    0.0      0.0
  SINCE JUL 1      0.0                       0.0    0.0      0.0
  SNOW DEPTH       0

DEGREE DAYS
 HEATING
  YESTERDAY        3                         3      0        0
  MONTH TO DATE    3                        23    -20        8
  SINCE SEP 1      3                        23    -20        8
  SINCE JUL 1      3                        24    -21        8

 COOLING
  YESTERDAY        0                         4     -4        5
  MONTH TO DATE  284                       175    109      206
  SINCE SEP 1    284                       175    109      206
  SINCE JAN 1   1814                      1488    326     1630
..................................................................

WIND (MPH)
  HIGHEST WIND SPEED    25   HIGHEST WIND DIRECTION     N (350)
  HIGHEST GUST SPEED    35   HIGHEST GUST DIRECTION     N (360)
  AVERAGE WIND SPEED     6.6

SKY COVER
  POSSIBLE SUNSHINE  MM
  AVERAGE SKY COVER 0.4

WEATHER CONDITIONS
 THE FOLLOWING WEATHER WAS RECORDED YESTERDAY.
  LIGHT RAIN
  FOG

RELATIVE HUMIDITY (PERCENT)
 HIGHEST    96          1000 PM
 LOWEST     43           400 PM
 AVERAGE    70
..........................................................

THE PADUCAH KY CLIMATE NORMALS FOR TODAY
                         NORMAL    RECORD    YEAR
 MAXIMUM TEMPERATURE (F)   78        94      1939
 MINIMUM TEMPERATURE (F)   53        37      1991

SUNRISE AND SUNSET
SEPTEMBER 27 2016.....SUNRISE   647 AM CDT   SUNSET   644 PM CDT
SEPTEMBER 28 2016.....SUNRISE   648 AM CDT   SUNSET   642 PM CDT

-  INDICATES NEGATIVE NUMBERS.
R  INDICATES RECORD WAS SET OR TIED.
MM INDICATES DATA IS MISSING.
T  INDICATES TRACE AMOUNT.

&&
.........................................................

***** AGRICULTURAL DATA *****

SOIL TEMPERATURES AT A DEPTH OF FOUR INCHES

UNDER GRASS...  MAX: 76  MIN: 74

$$
