000
CDUS43 KPAH 270645
CLIPAH


CLIMATE REPORT
NATIONAL WEATHER SERVICE PADUCAH KY
145 AM CDT MON MAR 27 2017


...................................

...THE PADUCAH KY CLIMATE SUMMARY FOR MARCH 26 2017...

CLIMATE NORMAL PERIOD 1981 TO 2010
CLIMATE RECORD PERIOD 1937 TO 2017


WEATHER ITEM   OBSERVED TIME   RECORD YEAR NORMAL DEPARTURE LAST
                VALUE   (LST)  VALUE       VALUE  FROM      YEAR
                                                  NORMAL
..................................................................
TEMPERATURE (F)
 YESTERDAY
  MAXIMUM         67    427 PM  83    2007  63      4       68
                                      1991
  MINIMUM         50   1002 PM  12    1955  40     10       34
  AVERAGE         59                        52      7       51

PRECIPITATION (IN)
  YESTERDAY        T             2.00 1945   0.14  -0.14     0.00
  MONTH TO DATE    3.75                      3.22   0.53     6.06
  SINCE MAR 1      3.75                      3.22   0.53     6.06
  SINCE JAN 1      8.58                     10.81  -2.23    11.52

SNOWFALL (IN)
  YESTERDAY        0.0           T    2013   0.0    0.0      0.0
                                      1979
  MONTH TO DATE    1.0                       0.6    0.4       T
  SINCE MAR 1      1.0                       0.6    0.4       T
  SINCE JUL 1      1.2                       9.1   -7.9     12.1
  SNOW DEPTH       0

DEGREE DAYS
 HEATING
  YESTERDAY        6                        14     -8       14
  MONTH TO DATE  409                       458    -49      319
  SINCE MAR 1    409                       458    -49      319
  SINCE JUL 1   2888                      3754   -866     2981

 COOLING
  YESTERDAY        0                         0      0        0
  MONTH TO DATE    1                         0      1        1
  SINCE MAR 1      1                         0      1        1
  SINCE JAN 1      1                         0      1        1
..................................................................


WIND (MPH)
  HIGHEST WIND SPEED    21   HIGHEST WIND DIRECTION    SW (240)
  HIGHEST GUST SPEED    25   HIGHEST GUST DIRECTION     W (250)
  AVERAGE WIND SPEED     7.5


SKY COVER
  POSSIBLE SUNSHINE  MM
  AVERAGE SKY COVER 0.5


WEATHER CONDITIONS
 THE FOLLOWING WEATHER WAS RECORDED YESTERDAY.
  LIGHT RAIN


RELATIVE HUMIDITY (PERCENT)
 HIGHEST    93           300 AM
 LOWEST     60           200 PM
 AVERAGE    77

..........................................................


THE PADUCAH KY CLIMATE NORMALS FOR TODAY
                         NORMAL    RECORD    YEAR
 MAXIMUM TEMPERATURE (F)   63        82      2007
 MINIMUM TEMPERATURE (F)   41        17      1955


SUNRISE AND SUNSET
MARCH 27 2017.........SUNRISE   648 AM CDT   SUNSET   713 PM CDT
MARCH 28 2017.........SUNRISE   646 AM CDT   SUNSET   714 PM CDT


-  INDICATES NEGATIVE NUMBERS.
R  INDICATES RECORD WAS SET OR TIED.
MM INDICATES DATA IS MISSING.
T  INDICATES TRACE AMOUNT.




$$
