000
CDUS43 KPAH 282127
CLIPAH


CLIMATE REPORT
NATIONAL WEATHER SERVICE PADUCAH KY
425 PM CDT FRI AUG 28 2015


...................................

...THE PADUCAH KY CLIMATE SUMMARY FOR AUGUST 28 2015...
VALID TODAY AS OF 0400 PM LOCAL TIME.

CLIMATE NORMAL PERIOD 1981 TO 2010
CLIMATE RECORD PERIOD 1937 TO 2015


WEATHER ITEM   OBSERVED TIME   RECORD YEAR NORMAL DEPARTURE LAST
                VALUE   (LST)  VALUE       VALUE  FROM      YEAR
                                                  NORMAL
..................................................................
TEMPERATURE (F)
 TODAY
  MAXIMUM         87    249 PM  99    2007  88     -1       95
                                      1948
  MINIMUM         54    547 AM  48    1967  64    -10       72
  AVERAGE         71                        76     -5       84

PRECIPITATION (IN)
  TODAY            0.00          1.55 1951   0.09  -0.09     0.17
  MONTH TO DATE    1.94                      2.50  -0.56     3.30
  SINCE JUN 1     14.80                     11.00   3.80    12.03
  SINCE JAN 1     40.42                     32.22   8.20    32.22

SNOWFALL (IN)
  TODAY            0.0                                       0.0
  MONTH TO DATE    0.0                                       0.0
  SINCE JUL 1      0.0                                       0.0
  SNOW DEPTH       0

..................................................................


WIND (MPH)
  HIGHEST WIND SPEED     9   HIGHEST WIND DIRECTION    SE (150)
  HIGHEST GUST SPEED    15   HIGHEST GUST DIRECTION    NE (60)




RELATIVE HUMIDITY (PERCENT)
 HIGHEST    93
 LOWEST     43

..........................................................


THE PADUCAH KY CLIMATE NORMALS FOR TOMORROW
                         NORMAL    RECORD    YEAR
 MAXIMUM TEMPERATURE (F)   88        99      2000
 MINIMUM TEMPERATURE (F)   64        44      1986


SUNRISE AND SUNSET
AUGUST 28 2015........SUNRISE   622 AM CDT   SUNSET   730 PM CDT
AUGUST 29 2015........SUNRISE   623 AM CDT   SUNSET   728 PM CDT


-  INDICATES NEGATIVE NUMBERS.
R  INDICATES RECORD WAS SET OR TIED.
MM INDICATES DATA IS MISSING.
T  INDICATES TRACE AMOUNT.




$$
