000
CDUS43 KPAH 210627
CLIPAH


CLIMATE REPORT
NATIONAL WEATHER SERVICE PADUCAH KY
1226 AM CST SAT JAN 21 2017

...................................

...THE PADUCAH KY CLIMATE SUMMARY FOR JANUARY 20 2017...

CLIMATE NORMAL PERIOD 1981 TO 2010
CLIMATE RECORD PERIOD 1937 TO 2017

WEATHER ITEM   OBSERVED TIME   RECORD YEAR NORMAL DEPARTURE LAST
                VALUE   (LST)  VALUE       VALUE  FROM      YEAR
                                                  NORMAL
..................................................................
TEMPERATURE (F)
 YESTERDAY
  MAXIMUM         62    258 PM  69    1951  43     19       35
  MINIMUM         53    803 AM -15    1985  26     27       23
  AVERAGE         58                        34     24       29

PRECIPITATION (IN)
  YESTERDAY        T             2.49 1959   0.12  -0.12     0.13
  MONTH TO DATE    2.44                      2.36   0.08     2.32
  SINCE DEC 1      8.45                      6.95   1.50     9.74
  SINCE JAN 1      2.44                      2.36   0.08     2.32

SNOWFALL (IN)
  YESTERDAY        0.0           2.1  2011   0.1   -0.1      1.2
  MONTH TO DATE    0.2                       1.8   -1.6      2.5
  SINCE DEC 1      0.2                       4.0   -3.8      2.5
  SINCE JUL 1      0.2                       4.1   -3.9      2.5
  SNOW DEPTH       0

DEGREE DAYS
 HEATING
  YESTERDAY        7                        31    -24       36
  MONTH TO DATE  474                       617   -143      636
  SINCE DEC 1   1300                      1471   -171     1135
  SINCE JUL 1   1801                      2248   -447     1679

 COOLING
  YESTERDAY        0                         0      0        0
  MONTH TO DATE    0                         0      0        0
  SINCE DEC 1      0                         0      0        6
  SINCE JAN 1      0                         0      0        0
..................................................................

WIND (MPH)
  HIGHEST WIND SPEED    20   HIGHEST WIND DIRECTION    SW (240)
  HIGHEST GUST SPEED    29   HIGHEST GUST DIRECTION     W (250)
  AVERAGE WIND SPEED     8.0

SKY COVER
  POSSIBLE SUNSHINE  MM
  AVERAGE SKY COVER 0.7

WEATHER CONDITIONS
 THE FOLLOWING WEATHER WAS RECORDED YESTERDAY.
  LIGHT RAIN
  FOG
  HAZE

RELATIVE HUMIDITY (PERCENT)
 HIGHEST    93           100 AM
 LOWEST     67           300 PM
 AVERAGE    80
..........................................................

THE PADUCAH KY CLIMATE NORMALS FOR TODAY
                         NORMAL    RECORD    YEAR
 MAXIMUM TEMPERATURE (F)   43        70      1986
 MINIMUM TEMPERATURE (F)   26       -10      1985
                                             1984

SUNRISE AND SUNSET
JANUARY 21 2017.......SUNRISE   705 AM CST   SUNSET   508 PM CST
JANUARY 22 2017.......SUNRISE   704 AM CST   SUNSET   509 PM CST

-  INDICATES NEGATIVE NUMBERS.
R  INDICATES RECORD WAS SET OR TIED.
MM INDICATES DATA IS MISSING.
T  INDICATES TRACE AMOUNT.

$$
