000
CDUS43 KPAH 270640
CLIPAH


CLIMATE REPORT
NATIONAL WEATHER SERVICE PADUCAH KY
1238 AM CST TUE JAN 27 2015


...................................

...THE PADUCAH KY CLIMATE SUMMARY FOR JANUARY 26 2015...

CLIMATE NORMAL PERIOD 1981 TO 2010
CLIMATE RECORD PERIOD 1937 TO 2015


WEATHER ITEM   OBSERVED TIME   RECORD YEAR NORMAL DEPARTURE LAST
                VALUE   (LST)  VALUE       VALUE  FROM      YEAR
                                                  NORMAL
..................................................................
TEMPERATURE (F)
 YESTERDAY
  MAXIMUM         38   1152 AM  72    1952  44     -6       62
                                      1950
  MINIMUM         29    750 AM  -8    1940  26      3       20
  AVERAGE         34                        35     -1       41

PRECIPITATION (IN)
  YESTERDAY        0.00          1.41 1950   0.12  -0.12     0.00
  MONTH TO DATE    2.56                      3.06  -0.50     1.95
  SINCE DEC 1      5.45                      7.65  -2.20    10.09
  SINCE JAN 1      2.56                      3.06  -0.50     1.95

SNOWFALL (IN)
  YESTERDAY        0.0           2.0  1969   0.1   -0.1      0.0
  MONTH TO DATE    0.5                       2.4   -1.9      1.1
  SINCE DEC 1      0.7                       4.6   -3.9      6.3
  SINCE JUL 1      3.5                       4.7   -1.2      6.3
  SNOW DEPTH       0

DEGREE DAYS
 HEATING
  YESTERDAY       31                        30      1       24
  MONTH TO DATE  817                       797     20      878
  SINCE DEC 1   1563                      1651    -88     1736
  SINCE JUL 1   2500                      2428     72     2538

 COOLING
  YESTERDAY        0                         0      0        0
  MONTH TO DATE    0                         0      0        0
  SINCE DEC 1      0                         0      0        0
  SINCE JAN 1      0                         0      0        0
..................................................................


WIND (MPH)
  HIGHEST WIND SPEED    23   HIGHEST WIND DIRECTION     N (340)
  HIGHEST GUST SPEED    30   HIGHEST GUST DIRECTION    NW (330)
  AVERAGE WIND SPEED     7.7


SKY COVER
  POSSIBLE SUNSHINE  MM
  AVERAGE SKY COVER 0.8


WEATHER CONDITIONS
 THE FOLLOWING WEATHER WAS RECORDED YESTERDAY.
  NO SIGNIFICANT WEATHER WAS OBSERVED.


RELATIVE HUMIDITY (PERCENT)
 HIGHEST    89          1200 AM
 LOWEST     64          1200 PM
 AVERAGE    77

..........................................................


THE PADUCAH KY CLIMATE NORMALS FOR TODAY
                         NORMAL    RECORD    YEAR
 MAXIMUM TEMPERATURE (F)   44        70      1947
 MINIMUM TEMPERATURE (F)   26        -5      1940


SUNRISE AND SUNSET
JANUARY 27 2015.......SUNRISE   702 AM CST   SUNSET   514 PM CST
JANUARY 28 2015.......SUNRISE   701 AM CST   SUNSET   515 PM CST


-  INDICATES NEGATIVE NUMBERS.
R  INDICATES RECORD WAS SET OR TIED.
MM INDICATES DATA IS MISSING.
T  INDICATES TRACE AMOUNT.

&&
.........................................................
***** AGRICULTURAL DATA *****

SOIL TEMPERATURES AT A DEPTH OF FOUR INCHES

UNDER BARE GROUND...  MAX: MM  MIN: MM
UNDER GRASS.........  MAX: 39  MIN: 39



$$
