543
CDUS43 KPAH 260633
CLIPAH


CLIMATE REPORT
NATIONAL WEATHER SERVICE PADUCAH KY
132 AM CDT TUE APR 26 2016


...................................

...THE PADUCAH KY CLIMATE SUMMARY FOR APRIL 25 2016...

CLIMATE NORMAL PERIOD 1981 TO 2010
CLIMATE RECORD PERIOD 1937 TO 2016


WEATHER ITEM   OBSERVED TIME   RECORD YEAR NORMAL DEPARTURE LAST
                VALUE   (LST)  VALUE       VALUE  FROM      YEAR
                                                  NORMAL
..................................................................
TEMPERATURE (F)
 YESTERDAY
  MAXIMUM         83    206 PM  88    1986  72     11       78
  MINIMUM         63    544 AM  32    2013  50     13       57
  AVERAGE         73                        61     12       68

PRECIPITATION (IN)
  YESTERDAY        0.00          2.36 2011   0.17  -0.17     0.01
  MONTH TO DATE    1.11                      3.90  -2.79     5.89
  SINCE MAR 1     10.32                      7.83   2.49    14.62
  SINCE JAN 1     15.78                     15.42   0.36    21.91

SNOWFALL (IN)
  YESTERDAY        0.0           0.0  2002   0.0    0.0      0.0
                                      2001
  MONTH TO DATE    0.0                       0.0    0.0      0.0
  SINCE MAR 1      T                         0.6   -0.6     12.1
  SINCE JUL 1     12.1                       9.1    3.0     28.6
  SNOW DEPTH       0

DEGREE DAYS
 HEATING
  YESTERDAY        0                         5     -5        0
  MONTH TO DATE  174                       220    -46      121
  SINCE MAR 1    533                       743   -210      716
  SINCE JUL 1   3195                      4039   -844     4385

 COOLING
  YESTERDAY        8                         2      6        3
  MONTH TO DATE   18                        28    -10       41
  SINCE MAR 1     20                        35    -15       42
  SINCE JAN 1     20                        35    -15       42
..................................................................


WIND (MPH)
  HIGHEST WIND SPEED    21   HIGHEST WIND DIRECTION    SW (230)
  HIGHEST GUST SPEED    31   HIGHEST GUST DIRECTION    SW (230)
  AVERAGE WIND SPEED     7.7


SKY COVER
  POSSIBLE SUNSHINE  MM
  AVERAGE SKY COVER 0.2


WEATHER CONDITIONS
 THE FOLLOWING WEATHER WAS RECORDED YESTERDAY.
  NO SIGNIFICANT WEATHER WAS OBSERVED.


RELATIVE HUMIDITY (PERCENT)
 HIGHEST    67           100 AM
 LOWEST     39           300 PM
 AVERAGE    53

..........................................................


THE PADUCAH KY CLIMATE NORMALS FOR TODAY
                         NORMAL    RECORD    YEAR
 MAXIMUM TEMPERATURE (F)   73        88      1989
 MINIMUM TEMPERATURE (F)   50        35      1988


SUNRISE AND SUNSET
APRIL 26 2016.........SUNRISE   606 AM CDT   SUNSET   740 PM CDT
APRIL 27 2016.........SUNRISE   605 AM CDT   SUNSET   741 PM CDT


-  INDICATES NEGATIVE NUMBERS.
R  INDICATES RECORD WAS SET OR TIED.
MM INDICATES DATA IS MISSING.
T  INDICATES TRACE AMOUNT.

&&
.........................................................

***** AGRICULTURAL DATA *****

SOIL TEMPERATURES AT A DEPTH OF FOUR INCHES

UNDER GRASS...  MAX: 63  MIN: 61


$$
