000
CDUS43 KPAH 160630
CLIPAH

CLIMATE REPORT
NATIONAL WEATHER SERVICE PADUCAH KY
128 AM CDT SAT AUG 16 2014

...................................

...THE PADUCAH KY CLIMATE SUMMARY FOR AUGUST 15 2014...

CLIMATE NORMAL PERIOD 1981 TO 2010
CLIMATE RECORD PERIOD 1937 TO 2014

WEATHER ITEM   OBSERVED TIME   RECORD YEAR NORMAL DEPARTURE LAST
                VALUE   (LST)  VALUE       VALUE  FROM      YEAR
                                                  NORMAL
..................................................................
TEMPERATURE (F)
 YESTERDAY
  MAXIMUM         89    320 PM 103    1954  89      0       77
  MINIMUM         60    522 AM  49    2004  67     -7       53
  AVERAGE         75                        78     -3       65

PRECIPITATION (IN)
  YESTERDAY        0.00          1.17 1966   0.08  -0.08     0.00
  MONTH TO DATE    1.62                      1.42   0.20     3.13
  SINCE JUN 1     10.35                      9.92   0.43    14.72
  SINCE JAN 1     30.54                     31.14  -0.60    40.19

SNOWFALL (IN)
  YESTERDAY        0.0           0.0  2002   0.0    0.0      0.0
                                      2001
  MONTH TO DATE    0.0                       0.0    0.0      0.0
  SINCE JUN 1      0.0                       0.0    0.0      0.0
  SINCE JUL 1      0.0                       0.0    0.0      0.0
  SNOW DEPTH       0

DEGREE DAYS
 HEATING
  YESTERDAY        0                         0      0        0
  MONTH TO DATE    0                         0      0        0
  SINCE JUN 1      0                         4     -4        0
  SINCE JUL 1      0                         0      0        0

 COOLING
  YESTERDAY       10                        13     -3        0
  MONTH TO DATE  183                       196    -13      139
  SINCE JUN 1    904                       947    -43      779
  SINCE JAN 1   1182                      1119     63      957
..................................................................

WIND (MPH)
  HIGHEST WIND SPEED     8   HIGHEST WIND DIRECTION     W (250)
  HIGHEST GUST SPEED    14   HIGHEST GUST DIRECTION    SE (150)
  AVERAGE WIND SPEED     1.6

SKY COVER
  POSSIBLE SUNSHINE  MM
  AVERAGE SKY COVER 0.0

WEATHER CONDITIONS
 THE FOLLOWING WEATHER WAS RECORDED YESTERDAY.
  FOG
  HAZE

RELATIVE HUMIDITY (PERCENT)
 HIGHEST    90           200 AM
 LOWEST     40           300 PM
 AVERAGE    65
..........................................................

THE PADUCAH KY CLIMATE NORMALS FOR TODAY
                         NORMAL    RECORD    YEAR
 MAXIMUM TEMPERATURE (F)   89       105      2007
 MINIMUM TEMPERATURE (F)   66        48      2004

SUNRISE AND SUNSET
AUGUST 16 2014........SUNRISE   613 AM CDT   SUNSET   745 PM CDT
AUGUST 17 2014........SUNRISE   613 AM CDT   SUNSET   744 PM CDT

-  INDICATES NEGATIVE NUMBERS.
R  INDICATES RECORD WAS SET OR TIED.
MM INDICATES DATA IS MISSING.
T  INDICATES TRACE AMOUNT.

&&
..........................................................
***** AGRICULTURAL DATA *****

SOIL TEMPERATURES AT A DEPTH OF FOUR INCHES

UNDER BARE GROUND...  MAX: MM  MIN: MM
UNDER GRASS.........  MAX: 78  MIN: 76

$$
