000
CDUS43 KPAH 260629
CLIPAH


CLIMATE REPORT
NATIONAL WEATHER SERVICE PADUCAH KY
1228 AM CST SAT NOV 26 2016


...................................

...THE PADUCAH KY CLIMATE SUMMARY FOR NOVEMBER 25 2016...

CLIMATE NORMAL PERIOD 1981 TO 2010
CLIMATE RECORD PERIOD 1937 TO 2016


WEATHER ITEM   OBSERVED TIME   RECORD YEAR NORMAL DEPARTURE LAST
                VALUE   (LST)  VALUE       VALUE  FROM      YEAR
                                                  NORMAL
..................................................................
TEMPERATURE (F)
 YESTERDAY
  MAXIMUM         52    141 PM  73    1990  54     -2       62
  MINIMUM         45   1159 PM  -3    1950  35     10       42
  AVERAGE         49                        44      5       52

PRECIPITATION (IN)
  YESTERDAY        0.00          2.13 1996   0.16  -0.16     0.00
  MONTH TO DATE    0.88                      3.50  -2.62     5.13
  SINCE SEP 1      2.05                     11.21  -9.16     8.62
  SINCE JAN 1     44.72                     43.69   1.03    49.05

SNOWFALL (IN)
  YESTERDAY        0.0           T    2013   0.0    0.0      0.0
                                      2010
                                      1996
  MONTH TO DATE    0.0                       0.0    0.0      0.0
  SINCE SEP 1      0.0                       0.1   -0.1      0.0
  SINCE JUL 1      0.0                       0.1   -0.1      0.0
  SNOW DEPTH       0

DEGREE DAYS
 HEATING
  YESTERDAY       16                        21     -5       13
  MONTH TO DATE  308                       399    -91      314
  SINCE SEP 1    412                       665   -253      493
  SINCE JUL 1    412                       666   -254      493

 COOLING
  YESTERDAY        0                         0      0        0
  MONTH TO DATE   19                         0     19        6
  SINCE SEP 1    423                       225    198      266
  SINCE JAN 1   1953                      1538    415     1690
..................................................................


WIND (MPH)
  HIGHEST WIND SPEED    12   HIGHEST WIND DIRECTION    NE (40)
  HIGHEST GUST SPEED    15   HIGHEST GUST DIRECTION     N (350)
  AVERAGE WIND SPEED     5.0


SKY COVER
  POSSIBLE SUNSHINE  MM
  AVERAGE SKY COVER 1.0


WEATHER CONDITIONS
 THE FOLLOWING WEATHER WAS RECORDED YESTERDAY.
  FOG
  HAZE


RELATIVE HUMIDITY (PERCENT)
 HIGHEST    86          1200 AM
 LOWEST     59           200 PM
 AVERAGE    73

..........................................................


THE PADUCAH KY CLIMATE NORMALS FOR TODAY
                         NORMAL    RECORD    YEAR
 MAXIMUM TEMPERATURE (F)   53        74      1990
                                             1965
 MINIMUM TEMPERATURE (F)   34        13      1977


SUNRISE AND SUNSET
NOVEMBER 26 2016......SUNRISE   645 AM CST   SUNSET   439 PM CST
NOVEMBER 27 2016......SUNRISE   646 AM CST   SUNSET   439 PM CST


-  INDICATES NEGATIVE NUMBERS.
R  INDICATES RECORD WAS SET OR TIED.
MM INDICATES DATA IS MISSING.
T  INDICATES TRACE AMOUNT.

&&
.........................................................

***** AGRICULTURAL DATA *****

SOIL TEMPERATURES AT A DEPTH OF FOUR INCHES

UNDER GRASS...  MAX: 53  MIN: 52

$$
