343
CDUS43 KPAH 200645
CLIPAH


CLIMATE REPORT
NATIONAL WEATHER SERVICE PADUCAH KY
145 AM CDT MON MAR 20 2017


...................................

...THE PADUCAH KY CLIMATE SUMMARY FOR MARCH 19 2017...

CLIMATE NORMAL PERIOD 1981 TO 2010
CLIMATE RECORD PERIOD 1937 TO 2017


WEATHER ITEM   OBSERVED TIME   RECORD YEAR NORMAL DEPARTURE LAST
                VALUE   (LST)  VALUE       VALUE  FROM      YEAR
                                                  NORMAL
..................................................................
TEMPERATURE (F)
 YESTERDAY
  MAXIMUM         61    352 PM  81    2012  60      1       52
                                      1995
  MINIMUM         30    405 AM  17    1965  39     -9       39
  AVERAGE         46                        49     -3       46

PRECIPITATION (IN)
  YESTERDAY        0.00          1.35 1943   0.12  -0.12     0.03
  MONTH TO DATE    2.80                      2.29   0.51     5.38
  SINCE MAR 1      2.80                      2.29   0.51     5.38
  SINCE JAN 1      7.63                      9.88  -2.25    10.84

SNOWFALL (IN)
  YESTERDAY        0.0           1.5  1951   0.0    0.0      0.0
  MONTH TO DATE    1.0                       0.5    0.5      0.0
  SINCE MAR 1      1.0                       0.5    0.5      0.0
  SINCE JUL 1      1.2                       9.0   -7.8     12.1
  SNOW DEPTH       0

DEGREE DAYS
 HEATING
  YESTERDAY       19                        16      3       19
  MONTH TO DATE  361                       355      6      221
  SINCE MAR 1    361                       355      6      221
  SINCE JUL 1   2840                      3651   -811     2883

 COOLING
  YESTERDAY        0                         0      0        0
  MONTH TO DATE    0                         0      0        1
  SINCE MAR 1      0                         0      0        1
  SINCE JAN 1      0                         0      0        1
..................................................................


WIND (MPH)
  HIGHEST WIND SPEED    14   HIGHEST WIND DIRECTION     E (100)
  HIGHEST GUST SPEED    18   HIGHEST GUST DIRECTION     E (90)
  AVERAGE WIND SPEED     4.2


SKY COVER
  POSSIBLE SUNSHINE  MM
  AVERAGE SKY COVER 0.4


WEATHER CONDITIONS
 THE FOLLOWING WEATHER WAS RECORDED YESTERDAY.
  FOG


RELATIVE HUMIDITY (PERCENT)
 HIGHEST    85           400 AM
 LOWEST     35           300 PM
 AVERAGE    60

..........................................................


THE PADUCAH KY CLIMATE NORMALS FOR TODAY
                         NORMAL    RECORD    YEAR
 MAXIMUM TEMPERATURE (F)   60        83      2012
                                             1948
 MINIMUM TEMPERATURE (F)   39        20      1965


SUNRISE AND SUNSET
MARCH 20 2017.........SUNRISE   658 AM CDT   SUNSET   707 PM CDT
MARCH 21 2017.........SUNRISE   657 AM CDT   SUNSET   708 PM CDT


-  INDICATES NEGATIVE NUMBERS.
R  INDICATES RECORD WAS SET OR TIED.
MM INDICATES DATA IS MISSING.
T  INDICATES TRACE AMOUNT.




$$
