000
CDUS43 KPAH 102131
CLIPAH


CLIMATE REPORT
NATIONAL WEATHER SERVICE PADUCAH KY
431 PM CDT THU AUG 10 2017


...................................

...THE PADUCAH KY CLIMATE SUMMARY FOR AUGUST 10 2017...
VALID TODAY AS OF 0400 PM LOCAL TIME.

CLIMATE NORMAL PERIOD 1981 TO 2010
CLIMATE RECORD PERIOD 1937 TO 2017


WEATHER ITEM   OBSERVED TIME   RECORD YEAR NORMAL DEPARTURE LAST
                VALUE   (LST)  VALUE       VALUE  FROM      YEAR
                                                  NORMAL
..................................................................
TEMPERATURE (F)
 TODAY
  MAXIMUM         90    201 PM 102    1941  90      0       92
  MINIMUM         63    549 AM  55    1989  67     -4       73
  AVERAGE         77                        78     -1       83

PRECIPITATION (IN)
  TODAY            0.00          1.42 2001   0.09  -0.09     0.00
  MONTH TO DATE    0.84                      0.99  -0.15     6.06
  SINCE JUN 1      9.66                      9.49   0.17    15.93
  SINCE JAN 1     32.01                     30.71   1.30    39.13

SNOWFALL (IN)
  TODAY            0.0                                       0.0
  MONTH TO DATE    0.0                                       0.0
  SINCE JUL 1      0.0                                       0.0
  SNOW DEPTH       0

..................................................................


WIND (MPH)
  HIGHEST WIND SPEED     8   HIGHEST WIND DIRECTION     W (270)
  HIGHEST GUST SPEED    11   HIGHEST GUST DIRECTION    SE (150)




RELATIVE HUMIDITY (PERCENT)
 HIGHEST    93
 LOWEST     39

..........................................................


THE PADUCAH KY CLIMATE NORMALS FOR TOMORROW
                         NORMAL    RECORD    YEAR
 MAXIMUM TEMPERATURE (F)   90       102      1941
 MINIMUM TEMPERATURE (F)   67        54      1967


SUNRISE AND SUNSET
AUGUST 10 2017........SUNRISE   608 AM CDT   SUNSET   752 PM CDT
AUGUST 11 2017........SUNRISE   609 AM CDT   SUNSET   751 PM CDT


-  INDICATES NEGATIVE NUMBERS.
R  INDICATES RECORD WAS SET OR TIED.
MM INDICATES DATA IS MISSING.
T  INDICATES TRACE AMOUNT.




$$
