589
CDUS43 KPAH 200628
CLIPAH


CLIMATE REPORT
NATIONAL WEATHER SERVICE PADUCAH KY
126 AM CDT TUE JUN 20 2017


...................................

...THE PADUCAH KY CLIMATE SUMMARY FOR JUNE 19 2017...

CLIMATE NORMAL PERIOD 1981 TO 2010
CLIMATE RECORD PERIOD 1937 TO 2017


WEATHER ITEM   OBSERVED TIME   RECORD YEAR NORMAL DEPARTURE LAST
                VALUE   (LST)  VALUE       VALUE  FROM      YEAR
                                                  NORMAL
..................................................................
TEMPERATURE (F)
 YESTERDAY
  MAXIMUM         86    407 PM  98    1952  87     -1       90
                                      1944
  MINIMUM         64    454 AM  55    1999  66     -2       72
                                      1965
  AVERAGE         75                        77     -2       81

PRECIPITATION (IN)
  YESTERDAY        0.00          1.76 1973   0.14  -0.14     0.00
  MONTH TO DATE    4.67                      2.54   2.13     1.59
  SINCE JUN 1      4.67                      2.54   2.13     1.59
  SINCE JAN 1     27.02                     23.76   3.26    24.79

SNOWFALL (IN)
  YESTERDAY        0.0           0.0  2002   0.0    0.0      0.0
                                      2001
  MONTH TO DATE    0.0                       0.0    0.0      0.0
  SINCE JUN 1      0.0                       0.0    0.0      0.0
  SINCE JUL 1      1.2                       9.1   -7.9     12.1
  SNOW DEPTH       0

DEGREE DAYS
 HEATING
  YESTERDAY        0                         0      0        0
  MONTH TO DATE    0                         0      0        0
  SINCE JUN 1      0                         0      0        0
  SINCE JUL 1   3078                      4128  -1050     3292

 COOLING
  YESTERDAY       10                        12     -2       16
  MONTH TO DATE  212                       178     34      231
  SINCE JUN 1    212                       178     34      231
  SINCE JAN 1    443                       350     93      381
..................................................................


WIND (MPH)
  HIGHEST WIND SPEED    12   HIGHEST WIND DIRECTION    NW (320)
  HIGHEST GUST SPEED    22   HIGHEST GUST DIRECTION     E (70)
  AVERAGE WIND SPEED     5.5


SKY COVER
  POSSIBLE SUNSHINE  MM
  AVERAGE SKY COVER 0.1


WEATHER CONDITIONS
 THE FOLLOWING WEATHER WAS RECORDED YESTERDAY.
  NO SIGNIFICANT WEATHER WAS OBSERVED.


RELATIVE HUMIDITY (PERCENT)
 HIGHEST    93           300 AM
 LOWEST     34           400 PM
 AVERAGE    64

..........................................................


THE PADUCAH KY CLIMATE NORMALS FOR TODAY
                         NORMAL    RECORD    YEAR
 MAXIMUM TEMPERATURE (F)   88        99      1953
 MINIMUM TEMPERATURE (F)   66        52      1980


SUNRISE AND SUNSET
JUNE 20 2017..........SUNRISE   535 AM CDT   SUNSET   818 PM CDT
JUNE 21 2017..........SUNRISE   536 AM CDT   SUNSET   818 PM CDT


-  INDICATES NEGATIVE NUMBERS.
R  INDICATES RECORD WAS SET OR TIED.
MM INDICATES DATA IS MISSING.
T  INDICATES TRACE AMOUNT.

&&

***** AGRICULTURAL DATA *****

SOIL TEMPERATURES AT A DEPTH OF FOUR INCHES
UNDER GRASS...  MAX: 77    MIN: 76

$$
