952
CDUS43 KPAH 140339
CLIPAH


CLIMATE REPORT
NATIONAL WEATHER SERVICE PADUCAH KY
1038 PM CDT FRI OCT 13 2017


...................................

...THE PADUCAH KY CLIMATE SUMMARY FOR OCTOBER 13 2017...
VALID TODAY AS OF 0500 PM LOCAL TIME.

CLIMATE NORMAL PERIOD 1981 TO 2010
CLIMATE RECORD PERIOD 1937 TO 2017


WEATHER ITEM   OBSERVED TIME   RECORD YEAR NORMAL DEPARTURE LAST
                VALUE   (LST)  VALUE       VALUE  FROM      YEAR
                                                  NORMAL
..................................................................
TEMPERATURE (F)
 TODAY
  MAXIMUM         79    349 PM  89    1989  72      7       64
  MINIMUM         52    631 AM  27    1988  47      5       49
  AVERAGE         66                        60      6       57

PRECIPITATION (IN)
  TODAY            0.00          2.17 1959   0.13  -0.13     0.09
  MONTH TO DATE    2.24                      1.70   0.54     0.09
  SINCE SEP 1      4.79                      5.45  -0.66     0.92
  SINCE JAN 1     37.92                     37.93  -0.01    43.59

SNOWFALL (IN)
  TODAY            0.0                                       0.0
  MONTH TO DATE    0.0                                       0.0
  SINCE JUL 1      0.0                                       0.0
  SNOW DEPTH       0

..................................................................


WIND (MPH)
  HIGHEST WIND SPEED     9   HIGHEST WIND DIRECTION    SE (130)
  HIGHEST GUST SPEED    14   HIGHEST GUST DIRECTION     S (180)




RELATIVE HUMIDITY (PERCENT)
 HIGHEST    96
 LOWEST     45

..........................................................


THE PADUCAH KY CLIMATE NORMALS FOR TOMORROW
                         NORMAL    RECORD    YEAR
 MAXIMUM TEMPERATURE (F)   72        88      1940
 MINIMUM TEMPERATURE (F)   47        30      1979
                                             1944


SUNRISE AND SUNSET
OCTOBER 13 2017.......SUNRISE   701 AM CDT   SUNSET   621 PM CDT
OCTOBER 14 2017.......SUNRISE   702 AM CDT   SUNSET   619 PM CDT


-  INDICATES NEGATIVE NUMBERS.
R  INDICATES RECORD WAS SET OR TIED.
MM INDICATES DATA IS MISSING.
T  INDICATES TRACE AMOUNT.




$$
