000
CDUS43 KPAH 170632
CLIPAH


CLIMATE REPORT
NATIONAL WEATHER SERVICE PADUCAH KY
131 AM CDT FRI OCT 17 2014


...................................

...THE PADUCAH KY CLIMATE SUMMARY FOR OCTOBER 16 2014...

CLIMATE NORMAL PERIOD 1981 TO 2010
CLIMATE RECORD PERIOD 1937 TO 2014


WEATHER ITEM   OBSERVED TIME   RECORD YEAR NORMAL DEPARTURE LAST
                VALUE   (LST)  VALUE       VALUE  FROM      YEAR
                                                  NORMAL
..................................................................
TEMPERATURE (F)
 YESTERDAY
  MAXIMUM         70    400 PM  87    1950  71     -1       68
                                      1938
  MINIMUM         48    328 AM  29    1991  47      1       48
  AVERAGE         59                        59      0       58

PRECIPITATION (IN)
  YESTERDAY        0.00          3.02 1989   0.13  -0.13      T
  MONTH TO DATE    3.14                      2.08   1.06     4.70
  SINCE SEP 1      4.11                      5.83  -1.72     7.80
  SINCE JAN 1     40.88                     38.31   2.57    48.57

SNOWFALL (IN)
  YESTERDAY        0.0           0.0  2002   0.0    0.0      0.0
                                      2001
  MONTH TO DATE    0.0                       0.0    0.0      0.0
  SINCE SEP 1      0.0                       0.0    0.0      0.0
  SINCE JUL 1      0.0                       0.0    0.0      0.0
  SNOW DEPTH       0

DEGREE DAYS
 HEATING
  YESTERDAY        6                         7     -1        7
  MONTH TO DATE   74                        90    -16       32
  SINCE SEP 1     95                       128    -33       37
  SINCE JUL 1     95                       129    -34       37

 COOLING
  YESTERDAY        0                         1     -1        0
  MONTH TO DATE   37                        27     10       63
  SINCE SEP 1    239                       214     25      297
  SINCE JAN 1   1710                      1527    183     1471
..................................................................


WIND (MPH)
  HIGHEST WIND SPEED    12   HIGHEST WIND DIRECTION    SW (240)
  HIGHEST GUST SPEED    15   HIGHEST GUST DIRECTION     W (250)
  AVERAGE WIND SPEED     4.8


SKY COVER
  POSSIBLE SUNSHINE  MM
  AVERAGE SKY COVER 0.4


WEATHER CONDITIONS
 THE FOLLOWING WEATHER WAS RECORDED YESTERDAY.
  FOG
  HAZE


RELATIVE HUMIDITY (PERCENT)
 HIGHEST   100           500 AM
 LOWEST     53           300 PM
 AVERAGE    77

..........................................................


THE PADUCAH KY CLIMATE NORMALS FOR TODAY
                         NORMAL    RECORD    YEAR
 MAXIMUM TEMPERATURE (F)   71        87      1938
 MINIMUM TEMPERATURE (F)   46        30      1943


SUNRISE AND SUNSET
OCTOBER 17 2014.......SUNRISE   705 AM CDT   SUNSET   616 PM CDT
OCTOBER 18 2014.......SUNRISE   706 AM CDT   SUNSET   614 PM CDT


-  INDICATES NEGATIVE NUMBERS.
R  INDICATES RECORD WAS SET OR TIED.
MM INDICATES DATA IS MISSING.
T  INDICATES TRACE AMOUNT.

&&

..........................................................

***** AGRICULTURAL DATA *****

SOIL TEMPERATURES AT A DEPTH OF FOUR INCHES

UNDER GRASS.........  MAX: 66  MIN: 65


$$
