000
CDUS43 KPAH 250632
CLIPAH

CLIMATE REPORT
NATIONAL WEATHER SERVICE PADUCAH KY
126 AM CDT THU AUG 25 2016

...................................

...THE PADUCAH KY CLIMATE SUMMARY FOR AUGUST 24 2016...

CLIMATE NORMAL PERIOD 1981 TO 2010
CLIMATE RECORD PERIOD 1937 TO 2016

WEATHER ITEM   OBSERVED TIME   RECORD YEAR NORMAL DEPARTURE LAST
                VALUE   (LST)  VALUE       VALUE  FROM      YEAR
                                                  NORMAL
..................................................................
TEMPERATURE (F)
 YESTERDAY
  MAXIMUM         91    307 PM 101    2007  89      2       80
  MINIMUM         73    215 AM  54    2009  65      8       56
                                      1997
                                      1952
  AVERAGE         82                        77      5       68

PRECIPITATION (IN)
  YESTERDAY        0.00          2.27 1982   0.08  -0.08     0.00
  MONTH TO DATE    8.81                      2.16   6.65     1.94
  SINCE JUN 1     18.68                     10.66   8.02    14.80
  SINCE JAN 1     41.88                     31.88  10.00    40.42

SNOWFALL (IN)
  YESTERDAY        0.0           0.0  2002   0.0    0.0      0.0
                                      2001
  MONTH TO DATE    0.0                       0.0    0.0      0.0
  SINCE JUN 1      0.0                       0.0    0.0      0.0
  SINCE JUL 1      0.0                       0.0    0.0      0.0
  SNOW DEPTH       0

DEGREE DAYS
 HEATING
  YESTERDAY        0                         0      0        0
  MONTH TO DATE    0                         0      0        0
  SINCE JUN 1      0                         4     -4        2
  SINCE JUL 1      0                         0      0        0

 COOLING
  YESTERDAY       17                        12      5        3
  MONTH TO DATE  340                       308     32      273
  SINCE JUN 1   1261                      1059    202     1162
  SINCE JAN 1   1411                      1231    180     1373
..................................................................

WIND (MPH)
  HIGHEST WIND SPEED    18   HIGHEST WIND DIRECTION    SW (240)
  HIGHEST GUST SPEED    24   HIGHEST GUST DIRECTION    SW (210)
  AVERAGE WIND SPEED     7.4

SKY COVER
  POSSIBLE SUNSHINE  MM
  AVERAGE SKY COVER 0.1

WEATHER CONDITIONS
 THE FOLLOWING WEATHER WAS RECORDED YESTERDAY.
  NO SIGNIFICANT WEATHER WAS OBSERVED.

RELATIVE HUMIDITY (PERCENT)
 HIGHEST    93          1200 AM
 LOWEST     56           300 PM
 AVERAGE    75
..........................................................

THE PADUCAH KY CLIMATE NORMALS FOR TODAY
                         NORMAL    RECORD    YEAR
 MAXIMUM TEMPERATURE (F)   89       103      1943
 MINIMUM TEMPERATURE (F)   65        52      2015

SUNRISE AND SUNSET
AUGUST 25 2016........SUNRISE   620 AM CDT   SUNSET   733 PM CDT
AUGUST 26 2016........SUNRISE   621 AM CDT   SUNSET   731 PM CDT

-  INDICATES NEGATIVE NUMBERS.
R  INDICATES RECORD WAS SET OR TIED.
MM INDICATES DATA IS MISSING.
T  INDICATES TRACE AMOUNT.

&&
..........................................................
***** AGRICULTURA; DATA *****

SOIL TEMPERATURES AT A DEPTH OF FOUR INCHES

UNDER GRASS...  MAX: 77  MIN: 77

$$
