000
CDUS43 KPAH 090630
CLIPAH


CLIMATE REPORT
NATIONAL WEATHER SERVICE PADUCAH KY
1228 AM CST MON JAN 9 2017


...................................

...THE PADUCAH KY CLIMATE SUMMARY FOR JANUARY 8 2017...

CLIMATE NORMAL PERIOD 1981 TO 2010
CLIMATE RECORD PERIOD 1937 TO 2017


WEATHER ITEM   OBSERVED TIME   RECORD YEAR NORMAL DEPARTURE LAST
                VALUE   (LST)  VALUE       VALUE  FROM      YEAR
                                                  NORMAL
..................................................................
TEMPERATURE (F)
 YESTERDAY
  MAXIMUM         29    149 PM  67    2008  43    -14       55
                                      1965
  MINIMUM          7    708 AM  -3    1970  26    -19       48
  AVERAGE         18                        34    -16       52

PRECIPITATION (IN)
  YESTERDAY        0.00          1.53 2008   0.12  -0.12     0.14
  MONTH TO DATE    0.30                      0.97  -0.67     0.14
  SINCE DEC 1      6.31                      5.56   0.75     7.56
  SINCE JAN 1      0.30                      0.97  -0.67     0.14

SNOWFALL (IN)
  YESTERDAY        0.0           3.3  1997   0.1   -0.1      0.0
  MONTH TO DATE    0.2                       0.7   -0.5      0.0
  SINCE DEC 1      0.2                       2.9   -2.7      0.0
  SINCE JUL 1      0.2                       3.0   -2.8      0.0
  SNOW DEPTH       0

DEGREE DAYS
 HEATING
  YESTERDAY       47                        31     16       13
  MONTH TO DATE  270                       245     25      221
  SINCE DEC 1   1096                      1099     -3      720
  SINCE JUL 1   1597                      1876   -279     1264

 COOLING
  YESTERDAY        0                         0      0        0
  MONTH TO DATE    0                         0      0        0
  SINCE DEC 1      0                         0      0        6
  SINCE JAN 1      0                         0      0        0
..................................................................


WIND (MPH)
  HIGHEST WIND SPEED     9   HIGHEST WIND DIRECTION    SE (150)
  HIGHEST GUST SPEED    13   HIGHEST GUST DIRECTION    SE (140)
  AVERAGE WIND SPEED     3.2


SKY COVER
  POSSIBLE SUNSHINE  MM
  AVERAGE SKY COVER 0.2


WEATHER CONDITIONS
 THE FOLLOWING WEATHER WAS RECORDED YESTERDAY.
  NO SIGNIFICANT WEATHER WAS OBSERVED.


RELATIVE HUMIDITY (PERCENT)
 HIGHEST    83           200 AM
 LOWEST     46           200 PM
 AVERAGE    65

..........................................................


THE PADUCAH KY CLIMATE NORMALS FOR TODAY
                         NORMAL    RECORD    YEAR
 MAXIMUM TEMPERATURE (F)   43        69      1957
                                             1939
 MINIMUM TEMPERATURE (F)   26         1      1970
                                             1962


SUNRISE AND SUNSET
JANUARY  9 2017.......SUNRISE   709 AM CST   SUNSET   456 PM CST
JANUARY 10 2017.......SUNRISE   709 AM CST   SUNSET   457 PM CST


-  INDICATES NEGATIVE NUMBERS.
R  INDICATES RECORD WAS SET OR TIED.
MM INDICATES DATA IS MISSING.
T  INDICATES TRACE AMOUNT.

&&

.........................................................
***** AGRICULTURAL DATA *****

SOIL TEMPERATURES AT A DEPTH OF FOUR INCHES

UNDER GRASS...  MAX: 41    MIN: 39


$$
