000
CDUS43 KPAH 130628
CLIPAH


CLIMATE REPORT
NATIONAL WEATHER SERVICE PADUCAH KY
1227 AM CST WED DEC 13 2017


...................................

...THE PADUCAH KY CLIMATE SUMMARY FOR DECEMBER 12 2017...

CLIMATE NORMAL PERIOD 1981 TO 2010
CLIMATE RECORD PERIOD 1937 TO 2017


WEATHER ITEM   OBSERVED TIME   RECORD YEAR NORMAL DEPARTURE LAST
                VALUE   (LST)  VALUE       VALUE  FROM      YEAR
                                                  NORMAL
..................................................................
TEMPERATURE (F)
 YESTERDAY
  MAXIMUM         49   1241 AM  73    2015  47      2       45
  MINIMUM         20   1136 PM  -5    1962  29     -9       36
  AVERAGE         35                        38     -3       41

PRECIPITATION (IN)
  YESTERDAY        0.00          1.83 1979   0.15  -0.15     0.01
  MONTH TO DATE    0.69                      1.88  -1.19     1.12
  SINCE DEC 1      0.69                      1.88  -1.19     1.12
  SINCE JAN 1     43.83                     46.37  -2.54    47.61

SNOWFALL (IN)
  YESTERDAY        0.0           2.0  2010   0.0    0.0      0.0
  MONTH TO DATE    T                         0.6   -0.6      0.0
  SINCE DEC 1      T                         0.6   -0.6      0.0
  SINCE JUL 1      T                         0.7   -0.7      0.0
  SNOW DEPTH       0

DEGREE DAYS
 HEATING
  YESTERDAY       30                        27      3       24
  MONTH TO DATE  284                       303    -19      330
  SINCE DEC 1    284                       303    -19      330
  SINCE JUL 1    967                      1080   -113      831

 COOLING
  YESTERDAY        0                         0      0        0
  MONTH TO DATE    0                         0      0        0
  SINCE DEC 1      0                         0      0        0
  SINCE JAN 1   1692                      1542    150     1953
..................................................................


WIND (MPH)
  HIGHEST WIND SPEED    23   HIGHEST WIND DIRECTION     N (350)
  HIGHEST GUST SPEED    31   HIGHEST GUST DIRECTION     N (350)
  AVERAGE WIND SPEED     9.8


SKY COVER
  POSSIBLE SUNSHINE  MM
  AVERAGE SKY COVER 0.3


WEATHER CONDITIONS
 THE FOLLOWING WEATHER WAS RECORDED YESTERDAY.
  NO SIGNIFICANT WEATHER WAS OBSERVED.


RELATIVE HUMIDITY (PERCENT)
 HIGHEST    71          1000 PM
 LOWEST     27           100 PM
 AVERAGE    49

..........................................................


THE PADUCAH KY CLIMATE NORMALS FOR TODAY
                         NORMAL    RECORD    YEAR
 MAXIMUM TEMPERATURE (F)   47        74      2015
 MINIMUM TEMPERATURE (F)   29        -3      1962


SUNRISE AND SUNSET
DECEMBER 13 2017......SUNRISE   700 AM CST   SUNSET   439 PM CST
DECEMBER 14 2017......SUNRISE   701 AM CST   SUNSET   439 PM CST


-  INDICATES NEGATIVE NUMBERS.
R  INDICATES RECORD WAS SET OR TIED.
MM INDICATES DATA IS MISSING.
T  INDICATES TRACE AMOUNT.

.............................................

***** AGRICULTURAL DATA *****

SOIL TEMPERATURES AT A DEPTH OF FOUR INCHES

UNDER GRASS... MAX: 43    MIN: 42

$$
