000
CDUS43 KPAH 222135
CLIPAH


CLIMATE REPORT
NATIONAL WEATHER SERVICE PADUCAH KY
434 PM CDT SUN MAR 22 2015


...................................

...THE PADUCAH KY CLIMATE SUMMARY FOR MARCH 22 2015...
VALID TODAY AS OF 0400 PM LOCAL TIME.

CLIMATE NORMAL PERIOD 1981 TO 2010
CLIMATE RECORD PERIOD 1937 TO 2015


WEATHER ITEM   OBSERVED TIME   RECORD YEAR NORMAL DEPARTURE LAST
                VALUE   (LST)  VALUE       VALUE  FROM      YEAR
                                                  NORMAL
..................................................................
TEMPERATURE (F)
 TODAY
  MAXIMUM         64    259 PM  84    1938  61      3       59
  MINIMUM         47    426 AM  20    2002  39      8       43
                                      1968
  AVERAGE                                   50              51

PRECIPITATION (IN)
  TODAY            0.00          1.68 1991   0.13  -0.13     0.00
  MONTH TO DATE    8.08                      2.68   5.40     2.49
  SINCE MAR 1      8.08                      2.68   5.40     2.49
  SINCE JAN 1     15.37                     10.27   5.10     7.67

SNOWFALL (IN)
  TODAY            0.0                                       0.0
  MONTH TO DATE   12.1                                       5.4
  SINCE JUL 1     28.6                                      18.3
  SNOW DEPTH       0

..................................................................


WIND (MPH)
  HIGHEST WIND SPEED    13   HIGHEST WIND DIRECTION     E (70)
  HIGHEST GUST SPEED    16   HIGHEST GUST DIRECTION     E (100)




RELATIVE HUMIDITY (PERCENT)
 HIGHEST    93
 LOWEST     52

..........................................................


THE PADUCAH KY CLIMATE NORMALS FOR TOMORROW
                         NORMAL    RECORD    YEAR
 MAXIMUM TEMPERATURE (F)   62        81      1987
 MINIMUM TEMPERATURE (F)   40        19      1960


SUNRISE AND SUNSET
MARCH 22 2015.........SUNRISE   656 AM CDT   SUNSET   708 PM CDT
MARCH 23 2015.........SUNRISE   655 AM CDT   SUNSET   709 PM CDT


-  INDICATES NEGATIVE NUMBERS.
R  INDICATES RECORD WAS SET OR TIED.
MM INDICATES DATA IS MISSING.
T  INDICATES TRACE AMOUNT.




$$
