000
CDUS43 KPAH 210650
CLIPAH


CLIMATE REPORT
NATIONAL WEATHER SERVICE PADUCAH KY
147 AM CDT SUN MAY 21 2017


...................................

...THE PADUCAH KY CLIMATE SUMMARY FOR MAY 20 2017...

CLIMATE NORMAL PERIOD 1981 TO 2010
CLIMATE RECORD PERIOD 1937 TO 2017


WEATHER ITEM   OBSERVED TIME   RECORD YEAR NORMAL DEPARTURE LAST
                VALUE   (LST)  VALUE       VALUE  FROM      YEAR
                                                  NORMAL
..................................................................
TEMPERATURE (F)
 YESTERDAY
  MAXIMUM         83    515 PM  94    1987  79      4       69
  MINIMUM         71   1159 PM  44    2002  58     13       56
  AVERAGE         77                        68      9       63

PRECIPITATION (IN)
  YESTERDAY        T             1.72 1960   0.15  -0.15     0.13
  MONTH TO DATE    3.56                      3.35   0.21     3.37
  SINCE MAR 1     16.13                     12.04   4.09    15.84
  SINCE JAN 1     20.96                     19.63   1.33    21.30

SNOWFALL (IN)
  YESTERDAY        0.0           0.0  2002   0.0    0.0      0.0
                                      2001
  MONTH TO DATE    0.0                       0.0    0.0      0.0
  SINCE MAR 1      1.0                       0.6    0.4       T
  SINCE JUL 1      1.2                       9.1   -7.9     12.1
  SNOW DEPTH       0

DEGREE DAYS
 HEATING
  YESTERDAY        0                         2     -2        2
  MONTH TO DATE   57                        54      3       90
  SINCE MAR 1    597                       822   -225      629
  SINCE JUL 1   3076                      4118  -1042     3291

 COOLING
  YESTERDAY       12                         5      7        0
  MONTH TO DATE  100                        65     35       34
  SINCE MAR 1    176                       107     69       70
  SINCE JAN 1    176                       107     69       70
..................................................................


WIND (MPH)
  HIGHEST WIND SPEED    17   HIGHEST WIND DIRECTION     W (250)
  HIGHEST GUST SPEED    25   HIGHEST GUST DIRECTION     W (250)
  AVERAGE WIND SPEED     6.9


SKY COVER
  POSSIBLE SUNSHINE  MM
  AVERAGE SKY COVER 0.2


WEATHER CONDITIONS
 THE FOLLOWING WEATHER WAS RECORDED YESTERDAY.
  THUNDERSTORM
  LIGHT RAIN


RELATIVE HUMIDITY (PERCENT)
 HIGHEST    90           300 AM
 LOWEST     51           400 PM
 AVERAGE    71

..........................................................


THE PADUCAH KY CLIMATE NORMALS FOR TODAY
                         NORMAL    RECORD    YEAR
 MAXIMUM TEMPERATURE (F)   79        94      1987
 MINIMUM TEMPERATURE (F)   58        41      1954


SUNRISE AND SUNSET
MAY 21 2017...........SUNRISE   542 AM CDT   SUNSET   802 PM CDT
MAY 22 2017...........SUNRISE   542 AM CDT   SUNSET   802 PM CDT


-  INDICATES NEGATIVE NUMBERS.
R  INDICATES RECORD WAS SET OR TIED.
MM INDICATES DATA IS MISSING.
T  INDICATES TRACE AMOUNT.

***** AGRICULTURAL DATA *****

SOIL TEMPERATURES AT A DEPTH OF FOUR INCHES

UNDER GRASS...  MAX: 71    MIN: 69


$$
