000
CDUS43 KPAH 182139
CLIPAH


CLIMATE REPORT
NATIONAL WEATHER SERVICE PADUCAH KY
437 PM CDT FRI JUL 18 2014


...................................

...THE PADUCAH KY CLIMATE SUMMARY FOR JULY 18 2014...
VALID TODAY AS OF 0400 PM LOCAL TIME.

CLIMATE NORMAL PERIOD 1981 TO 2010
CLIMATE RECORD PERIOD 1937 TO 2014


WEATHER ITEM   OBSERVED TIME   RECORD YEAR NORMAL DEPARTURE LAST
                VALUE   (LST)  VALUE       VALUE  FROM      YEAR
                                                  NORMAL
..................................................................
TEMPERATURE (F)
 TODAY
  MAXIMUM         80    142 PM 101    2012  89     -9       92
  MINIMUM         65    456 AM  58    2009  69     -4       72
                                      1967
  AVERAGE         73                        79     -6       82

PRECIPITATION (IN)
  TODAY            0.00          2.15 1938   0.15  -0.15     0.02
  MONTH TO DATE    1.82                      2.69  -0.87     0.73
  SINCE JUN 1      8.51                      6.75   1.76     9.84
  SINCE JAN 1     28.70                     27.97   0.73    35.31

SNOWFALL (IN)
  TODAY            0.0                                       0.0
  MONTH TO DATE    0.0                                       0.0
  SINCE JUL 1      0.0                                       0.0
  SNOW DEPTH       0

..................................................................


WIND (MPH)
  HIGHEST WIND SPEED     9   HIGHEST WIND DIRECTION    SE (140)
  HIGHEST GUST SPEED    12   HIGHEST GUST DIRECTION    SE (150)




RELATIVE HUMIDITY (PERCENT)
 HIGHEST    87
 LOWEST     50

..........................................................


THE PADUCAH KY CLIMATE NORMALS FOR TOMORROW
                         NORMAL    RECORD    YEAR
 MAXIMUM TEMPERATURE (F)   89       102      1980
 MINIMUM TEMPERATURE (F)   69        59      2009
                                             2004
                                             1976


SUNRISE AND SUNSET
JULY 18 2014..........SUNRISE   549 AM CDT   SUNSET   813 PM CDT
JULY 19 2014..........SUNRISE   550 AM CDT   SUNSET   812 PM CDT


-  INDICATES NEGATIVE NUMBERS.
R  INDICATES RECORD WAS SET OR TIED.
MM INDICATES DATA IS MISSING.
T  INDICATES TRACE AMOUNT.




$$
