122
CDUS43 KPAH 190646
CLIPAH


CLIMATE REPORT
NATIONAL WEATHER SERVICE PADUCAH KY
1241 AM CST THU JAN 19 2017


...................................

...THE PADUCAH KY CLIMATE SUMMARY FOR JANUARY 18 2017...

CLIMATE NORMAL PERIOD 1981 TO 2010
CLIMATE RECORD PERIOD 1937 TO 2017


WEATHER ITEM   OBSERVED TIME   RECORD YEAR NORMAL DEPARTURE LAST
                VALUE   (LST)  VALUE       VALUE  FROM      YEAR
                                                  NORMAL
..................................................................
TEMPERATURE (F)
 YESTERDAY
  MAXIMUM         46   1159 PM  69    1974  43      3       22
  MINIMUM         42    939 AM -14    1994  26     16        9
  AVERAGE         44                        34     10       16

PRECIPITATION (IN)
  YESTERDAY        T             1.38 1986   0.11  -0.11     0.00
  MONTH TO DATE    1.96                      2.12  -0.16     2.18
  SINCE DEC 1      7.97                      6.71   1.26     9.60
  SINCE JAN 1      1.96                      2.12  -0.16     2.18

SNOWFALL (IN)
  YESTERDAY        0.0           4.0  1956   0.1   -0.1      0.0
  MONTH TO DATE    0.2                       1.6   -1.4      1.3
  SINCE DEC 1      0.2                       3.8   -3.6      1.3
  SINCE JUL 1      0.2                       3.9   -3.7      1.3
  SNOW DEPTH       0

DEGREE DAYS
 HEATING
  YESTERDAY       21                        31    -10       49
  MONTH TO DATE  455                       555   -100      554
  SINCE DEC 1   1281                      1409   -128     1053
  SINCE JUL 1   1782                      2186   -404     1597

 COOLING
  YESTERDAY        0                         0      0        0
  MONTH TO DATE    0                         0      0        0
  SINCE DEC 1      0                         0      0        6
  SINCE JAN 1      0                         0      0        0
..................................................................


WIND (MPH)
  HIGHEST WIND SPEED    12   HIGHEST WIND DIRECTION    SE (120)
  HIGHEST GUST SPEED    14   HIGHEST GUST DIRECTION    NW (310)
  AVERAGE WIND SPEED     3.4


SKY COVER
  POSSIBLE SUNSHINE  MM
  AVERAGE SKY COVER 0.8


WEATHER CONDITIONS
 THE FOLLOWING WEATHER WAS RECORDED YESTERDAY.
  NO SIGNIFICANT WEATHER WAS OBSERVED.


RELATIVE HUMIDITY (PERCENT)
 HIGHEST    83          1200 AM
 LOWEST     71           300 PM
 AVERAGE    77

..........................................................


THE PADUCAH KY CLIMATE NORMALS FOR TODAY
                         NORMAL    RECORD    YEAR
 MAXIMUM TEMPERATURE (F)   43        69      1952
 MINIMUM TEMPERATURE (F)   26       -13      1994


SUNRISE AND SUNSET
JANUARY 19 2017.......SUNRISE   706 AM CST   SUNSET   506 PM CST
JANUARY 20 2017.......SUNRISE   705 AM CST   SUNSET   507 PM CST


-  INDICATES NEGATIVE NUMBERS.
R  INDICATES RECORD WAS SET OR TIED.
MM INDICATES DATA IS MISSING.
T  INDICATES TRACE AMOUNT.

&&
.........................................................

***** AGRICULTURAL DATA *****

SOIL TEMPERATURES AT A DEPTH OF FOUR INCHES

UNDER GRASS...  MAX: 46    MIN: 45



$$
