041
CDUS43 KPAH 180635
CLIPAH

CLIMATE REPORT
NATIONAL WEATHER SERVICE PADUCAH KY
128 AM CDT MON SEP 18 2017


...................................

...THE PADUCAH KY CLIMATE SUMMARY FOR SEPTEMBER 17 2017...

CLIMATE NORMAL PERIOD 1981 TO 2010
CLIMATE RECORD PERIOD 1937 TO 2017


WEATHER ITEM   OBSERVED TIME   RECORD YEAR NORMAL DEPARTURE LAST
                VALUE   (LST)  VALUE       VALUE  FROM      YEAR
                                                  NORMAL
..................................................................
TEMPERATURE (F)
 YESTERDAY
  MAXIMUM         89    139 PM  98    1939  82      7       82
  MINIMUM         65    601 AM  42    2000  57      8       65
  AVERAGE         77                        70      7       74

PRECIPITATION (IN)
  YESTERDAY        0.00          3.02 2006   0.13  -0.13     0.50
  MONTH TO DATE    1.97                      2.04  -0.07     0.66
  SINCE SEP 1      1.97                      2.04  -0.07     0.66
  SINCE JAN 1     35.10                     34.52   0.58    43.33

SNOWFALL (IN)
  YESTERDAY        0.0           0.0  2002   0.0    0.0      0.0
                                      2001
  MONTH TO DATE    0.0                       0.0    0.0      0.0
  SINCE SEP 1      0.0                       0.0    0.0      0.0
  SINCE JUL 1      0.0                       0.0    0.0      0.0
  SNOW DEPTH       0

DEGREE DAYS
 HEATING
  YESTERDAY        0                         1     -1        0
  MONTH TO DATE   11                         5      6        0
  SINCE SEP 1     11                         5      6        0
  SINCE JUL 1     11                         6      5        0

 COOLING
  YESTERDAY       12                         6      6        9
  MONTH TO DATE   74                       135    -61      196
  SINCE SEP 1     74                       135    -61      196
  SINCE JAN 1   1448                      1448      0     1726
..................................................................


WIND (MPH)
  HIGHEST WIND SPEED    13   HIGHEST WIND DIRECTION     W (270)
  HIGHEST GUST SPEED    15   HIGHEST GUST DIRECTION     W (270)
  AVERAGE WIND SPEED     1.8


SKY COVER
  POSSIBLE SUNSHINE  MM
  AVERAGE SKY COVER 0.1


WEATHER CONDITIONS
 THE FOLLOWING WEATHER WAS RECORDED YESTERDAY.
  FOG
  HAZE


RELATIVE HUMIDITY (PERCENT)
 HIGHEST    97          1000 PM
 LOWEST     50           100 PM
 AVERAGE    74

..........................................................


THE PADUCAH KY CLIMATE NORMALS FOR TODAY
                         NORMAL    RECORD    YEAR
 MAXIMUM TEMPERATURE (F)   81        97      1953
 MINIMUM TEMPERATURE (F)   57        44      1999


SUNRISE AND SUNSET
SEPTEMBER 18 2017.....SUNRISE   640 AM CDT   SUNSET   658 PM CDT
SEPTEMBER 19 2017.....SUNRISE   641 AM CDT   SUNSET   656 PM CDT


-  INDICATES NEGATIVE NUMBERS.
R  INDICATES RECORD WAS SET OR TIED.
MM INDICATES DATA IS MISSING.
T  INDICATES TRACE AMOUNT.

&&

..............................................

     ***** AGRICULTURAL DATA *****

SOIL TEMPERATURES AT A DEPTH OF FOUR INCHES

UNDER GRASS... MAX: 73     MIN: 72

$$
