000
CDUS43 KPAH 122234
CLIPAH


CLIMATE REPORT
NATIONAL WEATHER SERVICE PADUCAH KY
433 PM CST FRI JAN 12 2018


...................................

...THE PADUCAH KY CLIMATE SUMMARY FOR JANUARY 12 2018...
VALID TODAY AS OF 0400 PM LOCAL TIME.

CLIMATE NORMAL PERIOD 1981 TO 2010
CLIMATE RECORD PERIOD 1937 TO 2018


WEATHER ITEM   OBSERVED TIME   RECORD YEAR NORMAL DEPARTURE LAST
                VALUE   (LST)  VALUE       VALUE  FROM      YEAR
                                                  NORMAL
..................................................................
TEMPERATURE (F)
 TODAY
  MAXIMUM         32   1203 AM  71    2017  43    -11       71
  MINIMUM         17   1015 AM  -2    1977  26     -9       36
  AVERAGE         25                        34     -9       54

PRECIPITATION (IN)
  TODAY            0.85          3.16 2013   0.11   0.74     0.14
  MONTH TO DATE    2.46                      1.43   1.03     0.53
  SINCE DEC 1      5.73                      6.02  -0.29     6.54
  SINCE JAN 1      2.46                      1.43   1.03     0.53

SNOWFALL (IN)
  TODAY            2.2                                       0.0
  MONTH TO DATE    2.2                                       0.2
  SINCE JUL 1      2.2                                       0.2
  SNOW DEPTH       2

..................................................................


WIND (MPH)
  HIGHEST WIND SPEED    29   HIGHEST WIND DIRECTION     N (350)
  HIGHEST GUST SPEED    40   HIGHEST GUST DIRECTION     N (340)




RELATIVE HUMIDITY (PERCENT)
 HIGHEST    88
 LOWEST     73

..........................................................


THE PADUCAH KY CLIMATE NORMALS FOR TOMORROW
                         NORMAL    RECORD    YEAR
 MAXIMUM TEMPERATURE (F)   43        68      1995
 MINIMUM TEMPERATURE (F)   26         0      1977


SUNRISE AND SUNSET
JANUARY 12 2018.......SUNRISE   708 AM CST   SUNSET   459 PM CST
JANUARY 13 2018.......SUNRISE   708 AM CST   SUNSET   500 PM CST


-  INDICATES NEGATIVE NUMBERS.
R  INDICATES RECORD WAS SET OR TIED.
MM INDICATES DATA IS MISSING.
T  INDICATES TRACE AMOUNT.




$$
