000
CDUS43 KPAH 142127
CLIPAH


CLIMATE REPORT
NATIONAL WEATHER SERVICE PADUCAH KY
425 PM CDT FRI JUL 14 2017

...................................

...THE PADUCAH KY CLIMATE SUMMARY FOR JULY 14 2017...
VALID TODAY AS OF 0400 PM LOCAL TIME.

CLIMATE NORMAL PERIOD 1981 TO 2010
CLIMATE RECORD PERIOD 1937 TO 2017

WEATHER ITEM   OBSERVED TIME   RECORD YEAR NORMAL DEPARTURE LAST
                VALUE   (LST)  VALUE       VALUE  FROM      YEAR
                                                  NORMAL
..................................................................
TEMPERATURE (F)
 TODAY
  MAXIMUM         92    258 PM 105    1966  89      3       91
  MINIMUM         72    531 AM  55    2001  69      3       74
                                      1975
  AVERAGE         82                        79      3       83

PRECIPITATION (IN)
  TODAY            T             2.25 1986   0.15  -0.15     0.22
  MONTH TO DATE    1.95                      2.09  -0.14     6.85
  SINCE JUN 1      8.21                      6.15   2.06     8.57
  SINCE JAN 1     30.56                     27.37   3.19    31.77

SNOWFALL (IN)
  TODAY            0.0                                       0.0
  MONTH TO DATE    0.0                                       0.0
  SINCE JUL 1      0.0                                       0.0
  SNOW DEPTH       0
..................................................................

WIND (MPH)
  HIGHEST WIND SPEED    15   HIGHEST WIND DIRECTION     W (290)
  HIGHEST GUST SPEED    20   HIGHEST GUST DIRECTION     W (280)

RELATIVE HUMIDITY (PERCENT)
 HIGHEST    93
 LOWEST     49
..........................................................

THE PADUCAH KY CLIMATE NORMALS FOR TOMORROW
                         NORMAL    RECORD    YEAR
 MAXIMUM TEMPERATURE (F)   89       103      1980
 MINIMUM TEMPERATURE (F)   69        55      2001
                                             1990

SUNRISE AND SUNSET
JULY 14 2017..........SUNRISE   547 AM CDT   SUNSET   815 PM CDT
JULY 15 2017..........SUNRISE   547 AM CDT   SUNSET   815 PM CDT

-  INDICATES NEGATIVE NUMBERS.
R  INDICATES RECORD WAS SET OR TIED.
MM INDICATES DATA IS MISSING.
T  INDICATES TRACE AMOUNT.

$$
