000
CDUS43 KPAH 030645
CLIPAH


CLIMATE REPORT
NATIONAL WEATHER SERVICE PADUCAH KY
1241 AM CST WED FEB 3 2016


...................................

...THE PADUCAH KY CLIMATE SUMMARY FOR FEBRUARY 2 2016...

CLIMATE NORMAL PERIOD 1981 TO 2010
CLIMATE RECORD PERIOD 1937 TO 2016


WEATHER ITEM   OBSERVED TIME   RECORD YEAR NORMAL DEPARTURE LAST
                VALUE   (LST)  VALUE       VALUE  FROM      YEAR
                                                  NORMAL
..................................................................
TEMPERATURE (F)
 YESTERDAY
  MAXIMUM         70R   339 PM  66    1997  45     25       35
  MINIMUM         46    317 AM -14    1951  27     19       20
  AVERAGE         58                        36     22       28

PRECIPITATION (IN)
  YESTERDAY        0.23          1.79 1989   0.14   0.09      T
  MONTH TO DATE    0.36                      0.29   0.07     0.89
  SINCE DEC 1     10.33                      8.56   1.77     6.34
  SINCE JAN 1      2.91                      3.97  -1.06     3.45

SNOWFALL (IN)
  YESTERDAY        0.0           6.2  2014   0.2   -0.2       T
  MONTH TO DATE    0.0                       0.3   -0.3       T
  SINCE DEC 1      8.4                       5.5    2.9      0.7
  SINCE JUL 1      8.4                       5.6    2.8      3.5
  SNOW DEPTH       0

DEGREE DAYS
 HEATING
  YESTERDAY        7                        29    -22       37
  MONTH TO DATE   20                        58    -38       59
  SINCE DEC 1   1449                      1854   -405     1755
  SINCE JUL 1   1993                      2631   -638     2692

 COOLING
  YESTERDAY        0                         0      0        0
  MONTH TO DATE    0                         0      0        0
  SINCE DEC 1      6                         0      6        0
  SINCE JAN 1      0                         0      0        0
..................................................................


WIND (MPH)
  HIGHEST WIND SPEED    28   HIGHEST WIND DIRECTION     S (170)
  HIGHEST GUST SPEED    39   HIGHEST GUST DIRECTION    SE (150)
  AVERAGE WIND SPEED    12.1


SKY COVER
  POSSIBLE SUNSHINE  MM
  AVERAGE SKY COVER 0.6


WEATHER CONDITIONS
 THE FOLLOWING WEATHER WAS RECORDED YESTERDAY.
  THUNDERSTORM
  HEAVY RAIN
  RAIN
  LIGHT RAIN
  FOG


RELATIVE HUMIDITY (PERCENT)
 HIGHEST    93           900 AM
 LOWEST     55          1100 PM
 AVERAGE    74

..........................................................


THE PADUCAH KY CLIMATE NORMALS FOR TODAY
                         NORMAL    RECORD    YEAR
 MAXIMUM TEMPERATURE (F)   46        70      1992
 MINIMUM TEMPERATURE (F)   27        -8      1985


SUNRISE AND SUNSET
FEBRUARY  3 2016......SUNRISE   656 AM CST   SUNSET   522 PM CST
FEBRUARY  4 2016......SUNRISE   656 AM CST   SUNSET   523 PM CST


-  INDICATES NEGATIVE NUMBERS.
R  INDICATES RECORD WAS SET OR TIED.
MM INDICATES DATA IS MISSING.
T  INDICATES TRACE AMOUNT.

&&
.............................................................
***** AGRICULTURAL DATA *****

SOIL TEMPERATURES AT A DEPTH OF FOUR INCHES

UNDER GRASS...   MAX: 45  MIN: 43

$$
