000
CDUS43 KPAH 200632
CLIPAH


CLIMATE REPORT
NATIONAL WEATHER SERVICE PADUCAH KY
131 AM CDT WED APR 20 2016


...................................

...THE PADUCAH KY CLIMATE SUMMARY FOR APRIL 19 2016...

CLIMATE NORMAL PERIOD 1981 TO 2010
CLIMATE RECORD PERIOD 1937 TO 2016


WEATHER ITEM   OBSERVED TIME   RECORD YEAR NORMAL DEPARTURE LAST
                VALUE   (LST)  VALUE       VALUE  FROM      YEAR
                                                  NORMAL
..................................................................
TEMPERATURE (F)
 YESTERDAY
  MAXIMUM         79    121 PM  88    1971  71      8       72
  MINIMUM         54    455 AM  29    1983  48      6       57
                                      1953
  AVERAGE         67                        59      8       65

PRECIPITATION (IN)
  YESTERDAY        0.00          2.38 1973   0.18  -0.18     0.68
  MONTH TO DATE    0.72                      2.87  -2.15     5.65
  SINCE MAR 1      9.93                      6.80   3.13    14.38
  SINCE JAN 1     15.39                     14.39   1.00    21.67

SNOWFALL (IN)
  YESTERDAY        0.0           T    2011   0.0    0.0      0.0
  MONTH TO DATE    0.0                       0.0    0.0      0.0
  SINCE MAR 1      T                         0.6   -0.6     12.1
  SINCE JUL 1     12.1                       9.1    3.0     28.6
  SNOW DEPTH       0

DEGREE DAYS
 HEATING
  YESTERDAY        0                         7     -7        0
  MONTH TO DATE  163                       183    -20       67
  SINCE MAR 1    522                       706   -184      662
  SINCE JUL 1   3184                      4002   -818     4331

 COOLING
  YESTERDAY        2                         1      1        0
  MONTH TO DATE    5                        19    -14       38
  SINCE MAR 1      7                        26    -19       39
  SINCE JAN 1      7                        26    -19       39
..................................................................


WIND (MPH)
  HIGHEST WIND SPEED    13   HIGHEST WIND DIRECTION     S (170)
  HIGHEST GUST SPEED    15   HIGHEST GUST DIRECTION    SW (210)
  AVERAGE WIND SPEED     3.0


SKY COVER
  POSSIBLE SUNSHINE  MM
  AVERAGE SKY COVER 0.3


WEATHER CONDITIONS
 THE FOLLOWING WEATHER WAS RECORDED YESTERDAY.
  NO SIGNIFICANT WEATHER WAS OBSERVED.


RELATIVE HUMIDITY (PERCENT)
 HIGHEST    86           700 AM
 LOWEST     31           100 PM
 AVERAGE    59

..........................................................


THE PADUCAH KY CLIMATE NORMALS FOR TODAY
                         NORMAL    RECORD    YEAR
 MAXIMUM TEMPERATURE (F)   71        88      1987
                                             1971
 MINIMUM TEMPERATURE (F)   48        27      1983


SUNRISE AND SUNSET
APRIL 20 2016.........SUNRISE   613 AM CDT   SUNSET   735 PM CDT
APRIL 21 2016.........SUNRISE   612 AM CDT   SUNSET   736 PM CDT


-  INDICATES NEGATIVE NUMBERS.
R  INDICATES RECORD WAS SET OR TIED.
MM INDICATES DATA IS MISSING.
T  INDICATES TRACE AMOUNT.

&&
.........................................................

***** AGRICULTURAL DATA *****

SOIL TEMPERATURES AT A DEPTH OF FOUR INCHES

UNDER GRASS...  MAX: 60  MIN: 59


$$
