000
CDUS43 KPAH 230631
CLIPAH


CLIMATE REPORT
NATIONAL WEATHER SERVICE PADUCAH KY
128 AM CDT SAT MAY 23 2015


...................................

...THE PADUCAH KY CLIMATE SUMMARY FOR MAY 22 2015...

CLIMATE NORMAL PERIOD 1981 TO 2010
CLIMATE RECORD PERIOD 1937 TO 2015


WEATHER ITEM   OBSERVED TIME   RECORD YEAR NORMAL DEPARTURE LAST
                VALUE   (LST)  VALUE       VALUE  FROM      YEAR
                                                  NORMAL
..................................................................
TEMPERATURE (F)
 YESTERDAY
  MAXIMUM         75    422 PM  96    1941  80     -5       90
  MINIMUM         43    244 AM  42    2002  58    -15       71
  AVERAGE         59                        69    -10       81

PRECIPITATION (IN)
  YESTERDAY        0.00          2.69 1957   0.14  -0.14     0.00
  MONTH TO DATE    2.63                      3.63  -1.00     2.05
  SINCE MAR 1     17.25                     12.32   4.93    14.17
  SINCE JAN 1     24.54                     19.91   4.63    19.35

SNOWFALL (IN)
  YESTERDAY        0.0           0.0  2002   0.0    0.0      0.0
                                      2001
  MONTH TO DATE    0.0                       0.0    0.0      0.0
  SINCE MAR 1     12.1                       0.6   11.5      5.6
  SINCE JUL 1     28.6                       9.1   19.5     18.5
  SNOW DEPTH       0

DEGREE DAYS
 HEATING
  YESTERDAY        6                         1      5        0
  MONTH TO DATE   50                        56     -6       57
  SINCE MAR 1    806                       824    -18      886
  SINCE JUL 1   4475                      4120    355     4541

 COOLING
  YESTERDAY        0                         5     -5       16
  MONTH TO DATE  106                        75     31      139
  SINCE MAR 1    148                       117     31      169
  SINCE JAN 1    148                       117     31      169
..................................................................


WIND (MPH)
  HIGHEST WIND SPEED     9   HIGHEST WIND DIRECTION    SW (240)
  HIGHEST GUST SPEED    12   HIGHEST GUST DIRECTION    SW (240)
  AVERAGE WIND SPEED     2.1


SKY COVER
  POSSIBLE SUNSHINE  MM
  AVERAGE SKY COVER 0.0


WEATHER CONDITIONS
 THE FOLLOWING WEATHER WAS RECORDED YESTERDAY.
  FOG


RELATIVE HUMIDITY (PERCENT)
 HIGHEST    92          1200 AM
 LOWEST     35           300 PM
 AVERAGE    64

..........................................................


THE PADUCAH KY CLIMATE NORMALS FOR TODAY
                         NORMAL    RECORD    YEAR
 MAXIMUM TEMPERATURE (F)   80        95      1941
 MINIMUM TEMPERATURE (F)   58        38      1963


SUNRISE AND SUNSET
MAY 23 2015...........SUNRISE   541 AM CDT   SUNSET   803 PM CDT
MAY 24 2015...........SUNRISE   541 AM CDT   SUNSET   803 PM CDT


-  INDICATES NEGATIVE NUMBERS.
R  INDICATES RECORD WAS SET OR TIED.
MM INDICATES DATA IS MISSING.
T  INDICATES TRACE AMOUNT.

..........................................................

***** AGRICULTURAL DATA *****

SOIL TEMPERATURES AT A DEPTH OF FOUR INCHES

UNDER GRASS...  MAX: 67  MIN: 66


$$
