000
CDUS43 KPAH 200628
CLIPAH


CLIMATE REPORT
NATIONAL WEATHER SERVICE PADUCAH KY
126 AM CDT THU APR 20 2017


...................................

...THE PADUCAH KY CLIMATE SUMMARY FOR APRIL 19 2017...

CLIMATE NORMAL PERIOD 1981 TO 2010
CLIMATE RECORD PERIOD 1937 TO 2017


WEATHER ITEM   OBSERVED TIME   RECORD YEAR NORMAL DEPARTURE LAST
                VALUE   (LST)  VALUE       VALUE  FROM      YEAR
                                                  NORMAL
..................................................................
TEMPERATURE (F)
 YESTERDAY
  MAXIMUM         84    255 PM  88    1971  71     13       79
  MINIMUM         64    550 AM  29    1983  48     16       54
                                      1953
  AVERAGE         74                        59     15       67

PRECIPITATION (IN)
  YESTERDAY        0.00          2.38 1973   0.18  -0.18     0.00
  MONTH TO DATE    1.62                      2.87  -1.25     0.72
  SINCE MAR 1      6.01                      6.80  -0.79     9.93
  SINCE JAN 1     10.84                     14.39  -3.55    15.39

SNOWFALL (IN)
  YESTERDAY        0.0           T    2011   0.0    0.0      0.0
  MONTH TO DATE    0.0                       0.0    0.0      0.0
  SINCE MAR 1      1.0                       0.6    0.4       T
  SINCE JUL 1      1.2                       9.1   -7.9     12.1
  SNOW DEPTH       0

DEGREE DAYS
 HEATING
  YESTERDAY        0                         7     -7        0
  MONTH TO DATE   70                       183   -113      163
  SINCE MAR 1    506                       706   -200      522
  SINCE JUL 1   2985                      4002  -1017     3184

 COOLING
  YESTERDAY        9                         1      8        2
  MONTH TO DATE   46                        19     27        5
  SINCE MAR 1     47                        26     21        7
  SINCE JAN 1     47                        26     21        7
..................................................................


WIND (MPH)
  HIGHEST WIND SPEED    18   HIGHEST WIND DIRECTION     S (160)
  HIGHEST GUST SPEED    24   HIGHEST GUST DIRECTION    SE (150)
  AVERAGE WIND SPEED     6.4


SKY COVER
  POSSIBLE SUNSHINE  MM
  AVERAGE SKY COVER 0.2


WEATHER CONDITIONS
 THE FOLLOWING WEATHER WAS RECORDED YESTERDAY.
  FOG


RELATIVE HUMIDITY (PERCENT)
 HIGHEST    93           300 AM
 LOWEST     48           300 PM
 AVERAGE    71

..........................................................


THE PADUCAH KY CLIMATE NORMALS FOR TODAY
                         NORMAL    RECORD    YEAR
 MAXIMUM TEMPERATURE (F)   71        88      1987
                                             1971
 MINIMUM TEMPERATURE (F)   48        27      1983


SUNRISE AND SUNSET
APRIL 20 2017.........SUNRISE   614 AM CDT   SUNSET   735 PM CDT
APRIL 21 2017.........SUNRISE   612 AM CDT   SUNSET   736 PM CDT


-  INDICATES NEGATIVE NUMBERS.
R  INDICATES RECORD WAS SET OR TIED.
MM INDICATES DATA IS MISSING.
T  INDICATES TRACE AMOUNT.

&&

..........................................................

***** AGRICULTURAL DATA *****

SOIL TEMPERATURES AT A DEPTH OF FOUR INCHES

UNDER GRASS...  MAX: 64    MIN: 62


$$
