000
CDUS43 KPAH 140636
CLIPAH


CLIMATE REPORT
NATIONAL WEATHER SERVICE PADUCAH KY
135 AM CDT SAT MAY 14 2016


...................................

...THE PADUCAH KY CLIMATE SUMMARY FOR MAY 13 2016...

CLIMATE NORMAL PERIOD 1981 TO 2010
CLIMATE RECORD PERIOD 1937 TO 2016


WEATHER ITEM   OBSERVED TIME   RECORD YEAR NORMAL DEPARTURE LAST
                VALUE   (LST)  VALUE       VALUE  FROM      YEAR
                                                  NORMAL
..................................................................
TEMPERATURE (F)
 YESTERDAY
  MAXIMUM         75    419 PM  89    1998  77     -2       77
  MINIMUM         48    524 AM  37    2013  56     -8       46
  AVERAGE         62                        66     -4       62

PRECIPITATION (IN)
  YESTERDAY        0.00          1.86 2002   0.18  -0.18     0.00
  MONTH TO DATE    2.51                      2.28   0.23     0.56
  SINCE MAR 1     14.98                     10.97   4.01    15.18
  SINCE JAN 1     20.44                     18.56   1.88    22.47

SNOWFALL (IN)
  YESTERDAY        0.0           T    2011   0.0    0.0      0.0
  MONTH TO DATE    0.0                       0.0    0.0      0.0
  SINCE MAR 1      T                         0.6   -0.6     12.1
  SINCE JUL 1     12.1                       9.1    3.0     28.6
  SNOW DEPTH       0

DEGREE DAYS
 HEATING
  YESTERDAY        3                         2      1        3
  MONTH TO DATE   36                        40     -4       23
  SINCE MAR 1    575                       808   -233      779
  SINCE JUL 1   3237                      4104   -867     4448

 COOLING
  YESTERDAY        0                         4     -4        0
  MONTH TO DATE   34                        34      0       68
  SINCE MAR 1     70                        76     -6      110
  SINCE JAN 1     70                        76     -6      110
..................................................................


WIND (MPH)
  HIGHEST WIND SPEED    14   HIGHEST WIND DIRECTION     W (260)
  HIGHEST GUST SPEED    18   HIGHEST GUST DIRECTION     W (270)
  AVERAGE WIND SPEED     6.4


SKY COVER
  POSSIBLE SUNSHINE  MM
  AVERAGE SKY COVER 0.0


WEATHER CONDITIONS
 THE FOLLOWING WEATHER WAS RECORDED YESTERDAY.
  HAZE


RELATIVE HUMIDITY (PERCENT)
 HIGHEST    93           400 AM
 LOWEST     35           300 PM
 AVERAGE    64

..........................................................


THE PADUCAH KY CLIMATE NORMALS FOR TODAY
                         NORMAL    RECORD    YEAR
 MAXIMUM TEMPERATURE (F)   77        91      1995
 MINIMUM TEMPERATURE (F)   56        43      1996
                                             1973
                                             1971


SUNRISE AND SUNSET
MAY 14 2016...........SUNRISE   547 AM CDT   SUNSET   756 PM CDT
MAY 15 2016...........SUNRISE   546 AM CDT   SUNSET   757 PM CDT


-  INDICATES NEGATIVE NUMBERS.
R  INDICATES RECORD WAS SET OR TIED.
MM INDICATES DATA IS MISSING.
T  INDICATES TRACE AMOUNT.

&&
...........................................................

***** AGRICULTURAL DATA *****

SOIL TEMPERATURES AT A DEPTH OF FOUR INCHES

UNDER GRASS...  MAX: 67  MIN: 66


$$
