000
CDUS43 KPAH 110632
CLIPAH

CLIMATE REPORT
NATIONAL WEATHER SERVICE PADUCAH KY
128 AM CDT FRI APR 11 2014

...................................

...THE PADUCAH KY CLIMATE SUMMARY FOR APRIL 10 2014...

CLIMATE NORMAL PERIOD 1981 TO 2010
CLIMATE RECORD PERIOD 1937 TO 2014

WEATHER ITEM   OBSERVED TIME   RECORD YEAR NORMAL DEPARTURE LAST
                VALUE   (LST)  VALUE       VALUE  FROM      YEAR
                                                  NORMAL
..................................................................
TEMPERATURE (F)
 YESTERDAY
  MAXIMUM         82    342 PM  89    1995  68     14       83
  MINIMUM         53    128 AM  25    1982  45      8       64
                                      1960
  AVERAGE         68                        56     12       74

PRECIPITATION (IN)
  YESTERDAY        0.00          1.70 2008   0.15  -0.15     0.68
  MONTH TO DATE    3.15                      1.45   1.70     0.68
  SINCE MAR 1      6.80                      5.38   1.42     4.70
  SINCE JAN 1     11.98                     12.97  -0.99    16.45

SNOWFALL (IN)
  YESTERDAY        0.0           T    1990   0.0    0.0      0.0
  MONTH TO DATE    0.0                       0.0    0.0      0.0
  SINCE MAR 1      5.6                       0.6    5.0      0.7
  SINCE JUL 1     18.5                       9.1    9.4      6.8
  SNOW DEPTH       0

DEGREE DAYS
 HEATING
  YESTERDAY        0                        10    -10        0
  MONTH TO DATE   82                       109    -27      107
  SINCE MAR 1    728                       632     96      822
  SINCE JUL 1   4383                      3928    455     3933

 COOLING
  YESTERDAY        3                         1      2        9
  MONTH TO DATE   12                        10      2       14
  SINCE MAR 1     12                        17     -5       14
  SINCE JAN 1     12                        17     -5       14
..................................................................

WIND (MPH)
  HIGHEST WIND SPEED    25   HIGHEST WIND DIRECTION    SW (220)
  HIGHEST GUST SPEED    36   HIGHEST GUST DIRECTION    SW (210)
  AVERAGE WIND SPEED    11.5

SKY COVER
  POSSIBLE SUNSHINE  MM
  AVERAGE SKY COVER 0.0

WEATHER CONDITIONS
 THE FOLLOWING WEATHER WAS RECORDED YESTERDAY.
  NO SIGNIFICANT WEATHER WAS OBSERVED.

RELATIVE HUMIDITY (PERCENT)
 HIGHEST    55           600 AM
 LOWEST     28           400 PM
 AVERAGE    42
..........................................................

THE PADUCAH KY CLIMATE NORMALS FOR TODAY
                         NORMAL    RECORD    YEAR
 MAXIMUM TEMPERATURE (F)   68        87      2001
 MINIMUM TEMPERATURE (F)   45        25      1989

SUNRISE AND SUNSET
APRIL 11 2014.........SUNRISE   626 AM CDT   SUNSET   726 PM CDT
APRIL 12 2014.........SUNRISE   625 AM CDT   SUNSET   727 PM CDT

-  INDICATES NEGATIVE NUMBERS.
R  INDICATES RECORD WAS SET OR TIED.
MM INDICATES DATA IS MISSING.
T  INDICATES TRACE AMOUNT.

&&
.........................................................
***** AGRICULTURAL DATA *****

SOIL TEMPERATURES AT A DEPTH OF FOUR INCHES

UNDER BARE GROUND...  MAX: MM  MIN: MM
UNDER GRASS.........  MAX: 53  MIN: 53

$$
