000
CDUS43 KPAH 210630
CLIPAH


CLIMATE REPORT
NATIONAL WEATHER SERVICE PADUCAH KY
1227 AM CST FRI NOV 21 2014


...................................

...THE PADUCAH KY CLIMATE SUMMARY FOR NOVEMBER 20 2014...

CLIMATE NORMAL PERIOD 1981 TO 2010
CLIMATE RECORD PERIOD 1937 TO 2014


WEATHER ITEM   OBSERVED TIME   RECORD YEAR NORMAL DEPARTURE LAST
                VALUE   (LST)  VALUE       VALUE  FROM      YEAR
                                                  NORMAL
..................................................................
TEMPERATURE (F)
 YESTERDAY
  MAXIMUM         42    326 PM  80    1942  56    -14       59
  MINIMUM         20R   657 AM  20    1968  36    -16       29
                                      1951
  AVERAGE         31                        46    -15       44

PRECIPITATION (IN)
  YESTERDAY        0.00          2.21 1956   0.16  -0.16     0.00
  MONTH TO DATE    1.29                      2.73  -1.44     1.92
  SINCE SEP 1      5.88                     10.44  -4.56    11.08
  SINCE JAN 1     42.65                     42.92  -0.27    51.85

SNOWFALL (IN)
  YESTERDAY        0.0                       0.0    0.0      0.0
  MONTH TO DATE    2.8                       0.0    2.8       T
  SINCE SEP 1      2.8                       0.1    2.7       T
  SINCE JUL 1      2.8                       0.1    2.7       T
  SNOW DEPTH       0

DEGREE DAYS
 HEATING
  YESTERDAY       34                        19     15       21
  MONTH TO DATE  509                       299    210      320
  SINCE SEP 1    734                       565    169      529
  SINCE JUL 1    734                       566    168      529

 COOLING
  YESTERDAY        0                         0      0        0
  MONTH TO DATE    0                         0      0        0
  SINCE SEP 1    251                       225     26      304
  SINCE JAN 1   1722                      1538    184     1478
..................................................................


WIND (MPH)
  HIGHEST WIND SPEED    10   HIGHEST WIND DIRECTION     W (270)
  HIGHEST GUST SPEED    13   HIGHEST GUST DIRECTION     W (290)
  AVERAGE WIND SPEED     3.6


SKY COVER
  POSSIBLE SUNSHINE  MM
  AVERAGE SKY COVER 0.0


WEATHER CONDITIONS
 THE FOLLOWING WEATHER WAS RECORDED YESTERDAY.
  NO SIGNIFICANT WEATHER WAS OBSERVED.


RELATIVE HUMIDITY (PERCENT)
 HIGHEST    88          1100 PM
 LOWEST     43           300 PM
 AVERAGE    66

..........................................................


THE PADUCAH KY CLIMATE NORMALS FOR TODAY
                         NORMAL    RECORD    YEAR
 MAXIMUM TEMPERATURE (F)   56        76      1990
 MINIMUM TEMPERATURE (F)   36        14      1964


SUNRISE AND SUNSET
NOVEMBER 21 2014......SUNRISE   640 AM CST   SUNSET   442 PM CST
NOVEMBER 22 2014......SUNRISE   641 AM CST   SUNSET   441 PM CST


-  INDICATES NEGATIVE NUMBERS.
R  INDICATES RECORD WAS SET OR TIED.
MM INDICATES DATA IS MISSING.
T  INDICATES TRACE AMOUNT.

&&
..........................................................
***** AGRICULTURAL DATA *****

SOIL TEMPERATURES AT A DEPTH OF FOUR INCHES

UNDER BARE GROUND...  MAX: MM  MIN: MM
UNDER GRASS.........  MAX: 47  MIN: 45

$$
