000
CDUS43 KPAH 212126
CLIPAH


CLIMATE REPORT
NATIONAL WEATHER SERVICE PADUCAH KY
425 PM CDT THU APR 21 2016

...................................

...THE PADUCAH KY CLIMATE SUMMARY FOR APRIL 21 2016...
VALID TODAY AS OF 0400 PM LOCAL TIME.

CLIMATE NORMAL PERIOD 1981 TO 2010
CLIMATE RECORD PERIOD 1937 TO 2016

WEATHER ITEM   OBSERVED TIME   RECORD YEAR NORMAL DEPARTURE LAST
                VALUE   (LST)  VALUE       VALUE  FROM      YEAR
                                                  NORMAL
..................................................................
TEMPERATURE (F)
 TODAY
  MAXIMUM         76   1251 PM  90    1987  71      5       70
                                      1946
  MINIMUM         63    611 AM  30    1943  48     15       43
  AVERAGE         70                        60     10       57

PRECIPITATION (IN)
  TODAY            0.11          2.13 1951   0.18  -0.07     0.20
  MONTH TO DATE    0.95                      3.21  -2.26     5.88
  SINCE MAR 1     10.16                      7.14   3.02    14.61
  SINCE JAN 1     15.62                     14.73   0.89    21.90

SNOWFALL (IN)
  TODAY            0.0                                       0.0
  MONTH TO DATE    0.0                                       0.0
  SINCE JUL 1     12.1                                      28.6
  SNOW DEPTH       0
..................................................................

WIND (MPH)
  HIGHEST WIND SPEED    15   HIGHEST WIND DIRECTION     S (170)
  HIGHEST GUST SPEED    20   HIGHEST GUST DIRECTION     S (170)

RELATIVE HUMIDITY (PERCENT)
 HIGHEST    93
 LOWEST     54
..........................................................

THE PADUCAH KY CLIMATE NORMALS FOR TOMORROW
                         NORMAL    RECORD    YEAR
 MAXIMUM TEMPERATURE (F)   72        88      1980
 MINIMUM TEMPERATURE (F)   49        31      1993

SUNRISE AND SUNSET
APRIL 21 2016.........SUNRISE   612 AM CDT   SUNSET   736 PM CDT
APRIL 22 2016.........SUNRISE   611 AM CDT   SUNSET   737 PM CDT

-  INDICATES NEGATIVE NUMBERS.
R  INDICATES RECORD WAS SET OR TIED.
MM INDICATES DATA IS MISSING.
T  INDICATES TRACE AMOUNT.

$$
