000
CDUS43 KPAH 290634
CLIPAH


CLIMATE REPORT
NATIONAL WEATHER SERVICE PADUCAH KY
131 AM CDT WED JUL 29 2015


...................................

...THE PADUCAH KY CLIMATE SUMMARY FOR JULY 28 2015...

CLIMATE NORMAL PERIOD 1981 TO 2010
CLIMATE RECORD PERIOD 1937 TO 2015


WEATHER ITEM   OBSERVED TIME   RECORD YEAR NORMAL DEPARTURE LAST
                VALUE   (LST)  VALUE       VALUE  FROM      YEAR
                                                  NORMAL
..................................................................
TEMPERATURE (F)
 YESTERDAY
  MAXIMUM         95    243 PM 106    1952  89      6       86
  MINIMUM         75    220 AM  51    2013  68      7       63
  AVERAGE         85                        79      6       75

PRECIPITATION (IN)
  YESTERDAY        0.00          2.93 1972   0.13  -0.13     0.00
  MONTH TO DATE   10.29                      4.06   6.23     2.04
  SINCE JUN 1     12.73                      8.12   4.61     8.73
  SINCE JAN 1     38.35                     29.34   9.01    28.92

SNOWFALL (IN)
  YESTERDAY        0.0                       0.0    0.0      0.0
  MONTH TO DATE    0.0                       0.0    0.0      0.0
  SINCE JUN 1      0.0                       0.0    0.0      0.0
  SINCE JUL 1      0.0                       0.0    0.0      0.0
  SNOW DEPTH       0

DEGREE DAYS
 HEATING
  YESTERDAY        0                         0      0        0
  MONTH TO DATE    0                         0      0        0
  SINCE JUN 1      2                         4     -2        0
  SINCE JUL 1      0                         0      0        0

 COOLING
  YESTERDAY       20                        14      6       10
  MONTH TO DATE  442                       392     50      301
  SINCE JUN 1    843                       712    131      706
  SINCE JAN 1   1054                       884    170      984
..................................................................


WIND (MPH)
  HIGHEST WIND SPEED    23   HIGHEST WIND DIRECTION     E (80)
  HIGHEST GUST SPEED    34   HIGHEST GUST DIRECTION    NE (40)
  AVERAGE WIND SPEED     4.9


SKY COVER
  POSSIBLE SUNSHINE  MM
  AVERAGE SKY COVER 0.1


WEATHER CONDITIONS
 THE FOLLOWING WEATHER WAS RECORDED YESTERDAY.
  THUNDERSTORM
  FOG
  HAZE


RELATIVE HUMIDITY (PERCENT)
 HIGHEST    94           100 AM
 LOWEST     60           200 PM
 AVERAGE    77

..........................................................


THE PADUCAH KY CLIMATE NORMALS FOR TODAY
                         NORMAL    RECORD    YEAR
 MAXIMUM TEMPERATURE (F)   89       100      1999
                                             1940
 MINIMUM TEMPERATURE (F)   68        56      2014
                                             1994


SUNRISE AND SUNSET
JULY 29 2015..........SUNRISE   557 AM CDT   SUNSET   805 PM CDT
JULY 30 2015..........SUNRISE   558 AM CDT   SUNSET   804 PM CDT


-  INDICATES NEGATIVE NUMBERS.
R  INDICATES RECORD WAS SET OR TIED.
MM INDICATES DATA IS MISSING.
T  INDICATES TRACE AMOUNT.

&&
.........................................................
***** AGRICULTURAL DATA *****

SOIL TEMPERATURES AT A DEPTH OF FOUR INCHES

UNDER GRASS....   MAX: 82  MIN: 81

$$
