000
CDUS43 KPAH 152234
CLIPAH


CLIMATE REPORT
NATIONAL WEATHER SERVICE PADUCAH KY
431 PM CST MON DEC 15 2014


...................................

...THE PADUCAH KY CLIMATE SUMMARY FOR DECEMBER 15 2014...
VALID TODAY AS OF 0400 PM LOCAL TIME.

CLIMATE NORMAL PERIOD 1981 TO 2010
CLIMATE RECORD PERIOD 1937 TO 2014


WEATHER ITEM   OBSERVED TIME   RECORD YEAR NORMAL DEPARTURE LAST
                VALUE   (LST)  VALUE       VALUE  FROM      YEAR
                                                  NORMAL
..................................................................
TEMPERATURE (F)
 TODAY
  MAXIMUM         54    359 PM  71    1984  46      8       34
  MINIMUM         42    608 AM   2    1989  28     14       30
  AVERAGE         48                        37     11       32

PRECIPITATION (IN)
  TODAY            0.51          2.05 2007   0.14   0.37     0.00
  MONTH TO DATE    1.51                      2.32  -0.81     2.49
  SINCE DEC 1      1.51                      2.32  -0.81     2.49
  SINCE JAN 1     45.46                     46.81  -1.35    54.69

SNOWFALL (IN)
  TODAY            0.0                                       0.0
  MONTH TO DATE    0.0                                       5.2
  SINCE JUL 1      2.8                                       5.2
  SNOW DEPTH       0

..................................................................


WIND (MPH)
  HIGHEST WIND SPEED    17   HIGHEST WIND DIRECTION    SE (120)
  HIGHEST GUST SPEED    22   HIGHEST GUST DIRECTION    SE (120)




RELATIVE HUMIDITY (PERCENT)
 HIGHEST    96
 LOWEST     86

..........................................................


THE PADUCAH KY CLIMATE NORMALS FOR TOMORROW
                         NORMAL    RECORD    YEAR
 MAXIMUM TEMPERATURE (F)   46        70      1984
 MINIMUM TEMPERATURE (F)   28        -4      1989


SUNRISE AND SUNSET
DECEMBER 15 2014......SUNRISE   701 AM CST   SUNSET   439 PM CST
DECEMBER 16 2014......SUNRISE   702 AM CST   SUNSET   440 PM CST


-  INDICATES NEGATIVE NUMBERS.
R  INDICATES RECORD WAS SET OR TIED.
MM INDICATES DATA IS MISSING.
T  INDICATES TRACE AMOUNT.




$$
