000
CDUS43 KPAH 130634
CLIPAH


CLIMATE REPORT
NATIONAL WEATHER SERVICE PADUCAH KY
132 AM CDT SAT SEP 13 2014


...................................

...THE PADUCAH KY CLIMATE SUMMARY FOR SEPTEMBER 12 2014...

CLIMATE NORMAL PERIOD 1981 TO 2010
CLIMATE RECORD PERIOD 1937 TO 2014


WEATHER ITEM   OBSERVED TIME   RECORD YEAR NORMAL DEPARTURE LAST
                VALUE   (LST)  VALUE       VALUE  FROM      YEAR
                                                  NORMAL
..................................................................
TEMPERATURE (F)
 YESTERDAY
  MAXIMUM         64    341 PM  96    1938  84    -20       91
  MINIMUM         60   1159 PM  46    1968  60      0       66
  AVERAGE         62                        72    -10       79

PRECIPITATION (IN)
  YESTERDAY        0.01          1.66 1951   0.14  -0.13     0.00
  MONTH TO DATE    0.91                      1.39  -0.48     0.26
  SINCE SEP 1      0.91                      1.39  -0.48     0.26
  SINCE JAN 1     37.68                     33.87   3.81    41.03

SNOWFALL (IN)
  YESTERDAY        0.0           0.0  2002   0.0    0.0      0.0
                                      2001
  MONTH TO DATE    0.0                       0.0    0.0      0.0
  SINCE SEP 1      0.0                       0.0    0.0      0.0
  SINCE JUL 1      0.0                       0.0    0.0      0.0
  SNOW DEPTH       0

DEGREE DAYS
 HEATING
  YESTERDAY        3                         0      3        0
  MONTH TO DATE    3                         0      3        0
  SINCE SEP 1      3                         0      3        0
  SINCE JUL 1      3                         1      2        0

 COOLING
  YESTERDAY        0                         7     -7       14
  MONTH TO DATE  137                       104     33      154
  SINCE SEP 1    137                       104     33      154
  SINCE JAN 1   1608                      1417    191     1328
..................................................................


WIND (MPH)
  HIGHEST WIND SPEED    15   HIGHEST WIND DIRECTION     N (20)
  HIGHEST GUST SPEED    17   HIGHEST GUST DIRECTION    NE (30)
  AVERAGE WIND SPEED     8.7


SKY COVER
  POSSIBLE SUNSHINE  MM
  AVERAGE SKY COVER 1.0


WEATHER CONDITIONS
 THE FOLLOWING WEATHER WAS RECORDED YESTERDAY.
  LIGHT RAIN
  FOG
  HAZE


RELATIVE HUMIDITY (PERCENT)
 HIGHEST    90           900 AM
 LOWEST     78          1200 AM
 AVERAGE    84

..........................................................


THE PADUCAH KY CLIMATE NORMALS FOR TODAY
                         NORMAL    RECORD    YEAR
 MAXIMUM TEMPERATURE (F)   83       100      1939
 MINIMUM TEMPERATURE (F)   59        44      1940


SUNRISE AND SUNSET
SEPTEMBER 13 2014.....SUNRISE   636 AM CDT   SUNSET   706 PM CDT
SEPTEMBER 14 2014.....SUNRISE   636 AM CDT   SUNSET   704 PM CDT


-  INDICATES NEGATIVE NUMBERS.
R  INDICATES RECORD WAS SET OR TIED.
MM INDICATES DATA IS MISSING.
T  INDICATES TRACE AMOUNT.

&&
..........................................................
***** AGRICULTURAL DATA *****

SOIL TEMPERATURES AT A DEPTH OF FOUR INCHES

UNDER BARE GROUND...  MAX: MM  MIN: MM
UNDER GRASS.........  MAX: 76  MIN: 74


$$
