001
CDUS43 KPAH 160640
CLIPAH


CLIMATE REPORT
NATIONAL WEATHER SERVICE PADUCAH KY
1237 AM CST FRI FEB 16 2018


...................................

...THE PADUCAH KY CLIMATE SUMMARY FOR FEBRUARY 15 2018...

CLIMATE NORMAL PERIOD 1981 TO 2010
CLIMATE RECORD PERIOD 1937 TO 2018


WEATHER ITEM   OBSERVED TIME   RECORD YEAR NORMAL DEPARTURE LAST
                VALUE   (LST)  VALUE       VALUE  FROM      YEAR
                                                  NORMAL
..................................................................
TEMPERATURE (F)
 YESTERDAY
  MAXIMUM         72    316 PM  73    1954  49     23       50
  MINIMUM         63    254 AM   2    1986  29     34       25
  AVERAGE         68                        39     29       38

PRECIPITATION (IN)
  YESTERDAY        0.02          4.00 1990   0.14  -0.12     0.00
  MONTH TO DATE    1.40                      2.11  -0.71     0.83
  SINCE DEC 1      8.67                     10.38  -1.71     9.34
  SINCE JAN 1      5.40                      5.79  -0.39     3.33

SNOWFALL (IN)
  YESTERDAY        0.0           7.9  1993   0.1   -0.1      0.0
  MONTH TO DATE    0.1                       1.9   -1.8       T
  SINCE DEC 1     12.5                       7.1    5.4      0.2
  SINCE JUL 1     12.5                       7.2    5.3      0.2
  SNOW DEPTH       0

DEGREE DAYS
 HEATING
  YESTERDAY        0                        26    -26       27
  MONTH TO DATE  423                       414      9      321
  SINCE DEC 1   2314                      2210    104     1841
  SINCE JUL 1   2997                      2987     10     2342

 COOLING
  YESTERDAY        3                         0      3        0
  MONTH TO DATE    3                         0      3        0
  SINCE DEC 1      3                         0      3        0
  SINCE JAN 1      3                         0      3        0
..................................................................


WIND (MPH)
  HIGHEST WIND SPEED    30   HIGHEST WIND DIRECTION    SW (220)
  HIGHEST GUST SPEED    53   HIGHEST GUST DIRECTION    SW (220)
  AVERAGE WIND SPEED    18.1


SKY COVER
  POSSIBLE SUNSHINE  MM
  AVERAGE SKY COVER 0.8


WEATHER CONDITIONS
 THE FOLLOWING WEATHER WAS RECORDED YESTERDAY.
  THUNDERSTORM
  LIGHT RAIN
  FOG


RELATIVE HUMIDITY (PERCENT)
 HIGHEST    93           100 AM
 LOWEST     66           200 PM
 AVERAGE    80

..........................................................


THE PADUCAH KY CLIMATE NORMALS FOR TODAY
                         NORMAL    RECORD    YEAR
 MAXIMUM TEMPERATURE (F)   49        71      1961
 MINIMUM TEMPERATURE (F)   30         1      1958


SUNRISE AND SUNSET
FEBRUARY 16 2018......SUNRISE   643 AM CST   SUNSET   536 PM CST
FEBRUARY 17 2018......SUNRISE   641 AM CST   SUNSET   537 PM CST


-  INDICATES NEGATIVE NUMBERS.
R  INDICATES RECORD WAS SET OR TIED.
MM INDICATES DATA IS MISSING.
T  INDICATES TRACE AMOUNT.

&&
...........................................................

***** AGRICULTURAL DATA *****

SOIL TEMPERATURES AT A DEPTH OF FOUR INCHES

UNDER GRASS... MAX: 46    MIN: 41


$$
