000
CDUS43 KPAH 240630
CLIPAH


CLIMATE REPORT
NATIONAL WEATHER SERVICE PADUCAH KY
129 AM CDT TUE MAR 24 2015


...................................

...THE PADUCAH KY CLIMATE SUMMARY FOR MARCH 23 2015...

CLIMATE NORMAL PERIOD 1981 TO 2010
CLIMATE RECORD PERIOD 1937 TO 2015


WEATHER ITEM   OBSERVED TIME   RECORD YEAR NORMAL DEPARTURE LAST
                VALUE   (LST)  VALUE       VALUE  FROM      YEAR
                                                  NORMAL
..................................................................
TEMPERATURE (F)
 YESTERDAY
  MAXIMUM         72    205 PM  81    1987  62     10       49
  MINIMUM         36    601 AM  19    1960  40     -4       31
  AVERAGE         54                        50      4       40

PRECIPITATION (IN)
  YESTERDAY        0.00          2.78 1958   0.13  -0.13     0.00
  MONTH TO DATE    8.08                      2.81   5.27     2.49
  SINCE MAR 1      8.08                      2.81   5.27     2.49
  SINCE JAN 1     15.37                     10.40   4.97     7.67

SNOWFALL (IN)
  YESTERDAY        0.0           T    2008   0.0    0.0      0.0
                                      1990
  MONTH TO DATE   12.1                       0.6   11.5      5.4
  SINCE MAR 1     12.1                       0.6   11.5      5.4
  SINCE JUL 1     28.6                       9.1   19.5     18.3
  SNOW DEPTH       0

DEGREE DAYS
 HEATING
  YESTERDAY       11                        15     -4       25
  MONTH TO DATE  474                       416     58      498
  SINCE MAR 1    474                       416     58      498
  SINCE JUL 1   4143                      3712    431     4153

 COOLING
  YESTERDAY        0                         0      0        0
  MONTH TO DATE    0                         0      0        0
  SINCE MAR 1      0                         0      0        0
  SINCE JAN 1      0                         0      0        0
..................................................................


WIND (MPH)
  HIGHEST WIND SPEED    14   HIGHEST WIND DIRECTION    SW (240)
  HIGHEST GUST SPEED    19   HIGHEST GUST DIRECTION     W (270)
  AVERAGE WIND SPEED     4.0


SKY COVER
  POSSIBLE SUNSHINE  MM
  AVERAGE SKY COVER 0.0


WEATHER CONDITIONS
 THE FOLLOWING WEATHER WAS RECORDED YESTERDAY.
  NO SIGNIFICANT WEATHER WAS OBSERVED.


RELATIVE HUMIDITY (PERCENT)
 HIGHEST    85           400 AM
 LOWEST     33           400 PM
 AVERAGE    59

..........................................................


THE PADUCAH KY CLIMATE NORMALS FOR TODAY
                         NORMAL    RECORD    YEAR
 MAXIMUM TEMPERATURE (F)   62        84      1939
 MINIMUM TEMPERATURE (F)   40        15      1974


SUNRISE AND SUNSET
MARCH 24 2015.........SUNRISE   653 AM CDT   SUNSET   710 PM CDT
MARCH 25 2015.........SUNRISE   652 AM CDT   SUNSET   711 PM CDT


-  INDICATES NEGATIVE NUMBERS.
R  INDICATES RECORD WAS SET OR TIED.
MM INDICATES DATA IS MISSING.
T  INDICATES TRACE AMOUNT.

..........................................................

***** AGRICULTURAL DATA *****

SOIL TEMPERATURES AT A DEPTH OF FOUR INCHES

UNDER GRASS...  MAX: 49  MIN: 48


$$
