000
CDUS43 KPAH 112133
CLIPAH


CLIMATE REPORT
NATIONAL WEATHER SERVICE PADUCAH KY
431 PM CDT THU SEP 11 2014


...................................

...THE PADUCAH KY CLIMATE SUMMARY FOR SEPTEMBER 11 2014...
VALID TODAY AS OF 0400 PM LOCAL TIME.

CLIMATE NORMAL PERIOD 1981 TO 2010
CLIMATE RECORD PERIOD 1937 TO 2014


WEATHER ITEM   OBSERVED TIME   RECORD YEAR NORMAL DEPARTURE LAST
                VALUE   (LST)  VALUE       VALUE  FROM      YEAR
                                                  NORMAL
..................................................................
TEMPERATURE (F)
 TODAY
  MAXIMUM         75        MM  98    1938  84     -9       94
  MINIMUM         68        MM  42    1940  60      8       69
  AVERAGE         72                        72      0       82

PRECIPITATION (IN)
  TODAY            0.80          4.74 1965   0.13   0.67     0.04
  MONTH TO DATE    0.90                      1.25  -0.35     0.26
  SINCE SEP 1      0.90                      1.25  -0.35     0.26
  SINCE JAN 1     37.67                     33.73   3.94    41.03

SNOWFALL (IN)
  TODAY           MM                                         0.0
  MONTH TO DATE    0.0                                       0.0
  SINCE JUL 1      0.0                                       0.0
  SNOW DEPTH       0

..................................................................


WIND (MPH)
  HIGHEST WIND SPEED    13   HIGHEST WIND DIRECTION     N (20)
  HIGHEST GUST SPEED    MM   HIGHEST GUST DIRECTION    MM




RELATIVE HUMIDITY (PERCENT)
 HIGHEST    93
 LOWEST     81

..........................................................


THE PADUCAH KY CLIMATE NORMALS FOR TOMORROW
                         NORMAL    RECORD    YEAR
 MAXIMUM TEMPERATURE (F)   84        96      1938
 MINIMUM TEMPERATURE (F)   60        46      1968


SUNRISE AND SUNSET
SEPTEMBER 11 2014.....SUNRISE   634 AM CDT   SUNSET   709 PM CDT
SEPTEMBER 12 2014.....SUNRISE   635 AM CDT   SUNSET   707 PM CDT


-  INDICATES NEGATIVE NUMBERS.
R  INDICATES RECORD WAS SET OR TIED.
MM INDICATES DATA IS MISSING.
T  INDICATES TRACE AMOUNT.




$$
