000
CDUS43 KPAH 130630
CLIPAH


CLIMATE REPORT
NATIONAL WEATHER SERVICE PADUCAH KY
1228 AM CST SAT DEC 13 2014


...................................

...THE PADUCAH KY CLIMATE SUMMARY FOR DECEMBER 12 2014...

CLIMATE NORMAL PERIOD 1981 TO 2010
CLIMATE RECORD PERIOD 1937 TO 2014


WEATHER ITEM   OBSERVED TIME   RECORD YEAR NORMAL DEPARTURE LAST
                VALUE   (LST)  VALUE       VALUE  FROM      YEAR
                                                  NORMAL
..................................................................
TEMPERATURE (F)
 YESTERDAY
  MAXIMUM         50    316 PM  66    1991  47      3       32
  MINIMUM         23    710 AM  -5    1962  29     -6        9
  AVERAGE         37                        38     -1       21

PRECIPITATION (IN)
  YESTERDAY        0.00          1.83 1979   0.15  -0.15     0.00
  MONTH TO DATE    1.00                      1.88  -0.88     1.57
  SINCE DEC 1      1.00                      1.88  -0.88     1.57
  SINCE JAN 1     44.95                     46.37  -1.42    53.77

SNOWFALL (IN)
  YESTERDAY        0.0           2.0  2010   0.0    0.0      0.0
  MONTH TO DATE    0.0                       0.6   -0.6      5.2
  SINCE DEC 1      0.0                       0.6   -0.6      5.2
  SINCE JUL 1      2.8                       0.7    2.1      5.2
  SNOW DEPTH       0

DEGREE DAYS
 HEATING
  YESTERDAY       28                        27      1       44
  MONTH TO DATE  291                       303    -12      339
  SINCE DEC 1    291                       303    -12      339
  SINCE JUL 1   1228                      1080    148     1141

 COOLING
  YESTERDAY        0                         0      0        0
  MONTH TO DATE    0                         0      0        0
  SINCE DEC 1      0                         0      0        0
  SINCE JAN 1   1722                      1542    180     1478
..................................................................


WIND (MPH)
  HIGHEST WIND SPEED     8   HIGHEST WIND DIRECTION     S (170)
  HIGHEST GUST SPEED    11   HIGHEST GUST DIRECTION     S (170)
  AVERAGE WIND SPEED     1.5


SKY COVER
  POSSIBLE SUNSHINE  MM
  AVERAGE SKY COVER 0.4


WEATHER CONDITIONS
 THE FOLLOWING WEATHER WAS RECORDED YESTERDAY.
  FOG
  HAZE


RELATIVE HUMIDITY (PERCENT)
 HIGHEST    96           600 AM
 LOWEST     60           100 PM
 AVERAGE    78

..........................................................


THE PADUCAH KY CLIMATE NORMALS FOR TODAY
                         NORMAL    RECORD    YEAR
 MAXIMUM TEMPERATURE (F)   47        72      1948
 MINIMUM TEMPERATURE (F)   29        -3      1962


SUNRISE AND SUNSET
DECEMBER 13 2014......SUNRISE   700 AM CST   SUNSET   439 PM CST
DECEMBER 14 2014......SUNRISE   701 AM CST   SUNSET   439 PM CST


-  INDICATES NEGATIVE NUMBERS.
R  INDICATES RECORD WAS SET OR TIED.
MM INDICATES DATA IS MISSING.
T  INDICATES TRACE AMOUNT.

&&
***** AGRICULTURAL DATA *****

SOIL TEMPERATURES AT A DEPTH OF FOUR INCHES

UNDER BARE GROUND...  MAX: MM  MIN: MM
UNDER GRASS.........  MAX: 47  MIN: 46

$$
