000
CDUS43 KPAH 102127
CLIPAH


CLIMATE REPORT
NATIONAL WEATHER SERVICE PADUCAH KY
425 PM CDT MON APR 10 2017

...................................

...THE PADUCAH KY CLIMATE SUMMARY FOR APRIL 10 2017...
VALID TODAY AS OF 0400 PM LOCAL TIME.

CLIMATE NORMAL PERIOD 1981 TO 2010
CLIMATE RECORD PERIOD 1937 TO 2017

WEATHER ITEM   OBSERVED TIME   RECORD YEAR NORMAL DEPARTURE LAST
                VALUE   (LST)  VALUE       VALUE  FROM      YEAR
                                                  NORMAL
..................................................................
TEMPERATURE (F)
 TODAY
  MAXIMUM         78    129 PM  89    1995  68     10       77
  MINIMUM         64    634 AM  25    1982  45     19       42
                                      1960
  AVERAGE         71                        56     15       60

PRECIPITATION (IN)
  TODAY            0.00          1.70 2008   0.15  -0.15     0.10
  MONTH TO DATE    0.25                      1.45  -1.20     0.27
  SINCE MAR 1      4.64                      5.38  -0.74     9.48
  SINCE JAN 1      9.47                     12.97  -3.50    14.94

SNOWFALL (IN)
  TODAY            0.0                                       0.0
  MONTH TO DATE    0.0                                       0.0
  SINCE JUL 1      1.2                                      12.1
  SNOW DEPTH       0
..................................................................

WIND (MPH)
  HIGHEST WIND SPEED    20   HIGHEST WIND DIRECTION    SW (210)
  HIGHEST GUST SPEED    29   HIGHEST GUST DIRECTION    SW (230)

RELATIVE HUMIDITY (PERCENT)
 HIGHEST    63
 LOWEST     44
..........................................................

THE PADUCAH KY CLIMATE NORMALS FOR TOMORROW
                         NORMAL    RECORD    YEAR
 MAXIMUM TEMPERATURE (F)   68        87      2001
 MINIMUM TEMPERATURE (F)   45        25      1989

SUNRISE AND SUNSET
APRIL 10 2017.........SUNRISE   627 AM CDT   SUNSET   726 PM CDT
APRIL 11 2017.........SUNRISE   626 AM CDT   SUNSET   727 PM CDT

-  INDICATES NEGATIVE NUMBERS.
R  INDICATES RECORD WAS SET OR TIED.
MM INDICATES DATA IS MISSING.
T  INDICATES TRACE AMOUNT.

$$
