000
CDUS43 KPAH 140858
CLIPAH


CLIMATE REPORT
NATIONAL WEATHER SERVICE PADUCAH KY
350 AM CDT THU SEP 14 2017


...................................

...THE PADUCAH KY CLIMATE SUMMARY FOR SEPTEMBER 13 2017...

CLIMATE NORMAL PERIOD 1981 TO 2010
CLIMATE RECORD PERIOD 1937 TO 2017


WEATHER ITEM   OBSERVED TIME   RECORD YEAR NORMAL DEPARTURE LAST
                VALUE   (LST)  VALUE       VALUE  FROM      YEAR
                                                  NORMAL
..................................................................
TEMPERATURE (F)
 YESTERDAY
  MAXIMUM         71   1036 AM 100    1939  83    -12       92
  MINIMUM         63    728 AM  44    2015  59      4       59
                                      1940
  AVERAGE         67                        71     -4       76

PRECIPITATION (IN)
  YESTERDAY        0.11          1.42 1974   0.13  -0.02     0.00
  MONTH TO DATE    1.97                      1.52   0.45     0.14
  SINCE SEP 1      1.97                      1.52   0.45     0.14
  SINCE JAN 1     35.10                     34.00   1.10    42.81

SNOWFALL (IN)
  YESTERDAY        0.0           0.0  2002   0.0    0.0      0.0
                                      2001
  MONTH TO DATE    0.0                       0.0    0.0      0.0
  SINCE SEP 1      0.0                       0.0    0.0      0.0
  SINCE JUL 1      0.0                       0.0    0.0      0.0
  SNOW DEPTH       0

DEGREE DAYS
 HEATING
  YESTERDAY        0                         1     -1        0
  MONTH TO DATE   11                         1     10        0
  SINCE SEP 1     11                         1     10        0
  SINCE JUL 1     11                         2      9        0

 COOLING
  YESTERDAY        2                         7     -5       11
  MONTH TO DATE   34                       111    -77      139
  SINCE SEP 1     34                       111    -77      139
  SINCE JAN 1   1408                      1424    -16     1669
..................................................................


WIND (MPH)
  HIGHEST WIND SPEED     8   HIGHEST WIND DIRECTION     W (260)
  HIGHEST GUST SPEED    10   HIGHEST GUST DIRECTION    SW (220)
  AVERAGE WIND SPEED     2.2


SKY COVER
  POSSIBLE SUNSHINE  MM
  AVERAGE SKY COVER 1.0


WEATHER CONDITIONS
 THE FOLLOWING WEATHER WAS RECORDED YESTERDAY.
  RAIN
  LIGHT RAIN
  FOG
  HAZE


RELATIVE HUMIDITY (PERCENT)
 HIGHEST    93          1200 AM
 LOWEST     73          1100 AM
 AVERAGE    83

..........................................................


THE PADUCAH KY CLIMATE NORMALS FOR TODAY
                         NORMAL    RECORD    YEAR
 MAXIMUM TEMPERATURE (F)   83       102      1939
 MINIMUM TEMPERATURE (F)   59        41      1964


SUNRISE AND SUNSET
SEPTEMBER 14 2017.....SUNRISE   637 AM CDT   SUNSET   704 PM CDT
SEPTEMBER 15 2017.....SUNRISE   637 AM CDT   SUNSET   702 PM CDT


-  INDICATES NEGATIVE NUMBERS.
R  INDICATES RECORD WAS SET OR TIED.
MM INDICATES DATA IS MISSING.
T  INDICATES TRACE AMOUNT.


&&

..............................................

     ***** AGRICULTURAL DATA *****

SOIL TEMPERATURES AT A DEPTH OF FOUR INCHES

UNDER GRASS... MAX: 72     MIN: 71

$$
