000
CDUS43 KPAH 250632
CLIPAH


CLIMATE REPORT
NATIONAL WEATHER SERVICE PADUCAH KY
128 AM CDT THU SEP 25 2014


...................................

...THE PADUCAH KY CLIMATE SUMMARY FOR SEPTEMBER 24 2014...

CLIMATE NORMAL PERIOD 1981 TO 2010
CLIMATE RECORD PERIOD 1937 TO 2014


WEATHER ITEM   OBSERVED TIME   RECORD YEAR NORMAL DEPARTURE LAST
                VALUE   (LST)  VALUE       VALUE  FROM      YEAR
                                                  NORMAL
..................................................................
TEMPERATURE (F)
 YESTERDAY
  MAXIMUM         83    154 PM  94    1945  79      4       79
                                      1941
                                      1939
  MINIMUM         44    453 AM  35    1995  54    -10       53
  AVERAGE         64                        66     -2       66

PRECIPITATION (IN)
  YESTERDAY        0.00          3.01 1977   0.13  -0.13     0.77
  MONTH TO DATE    0.91                      2.92  -2.01     1.82
  SINCE SEP 1      0.91                      2.92  -2.01     1.82
  SINCE JAN 1     37.68                     35.40   2.28    42.59

SNOWFALL (IN)
  YESTERDAY        0.0                       0.0    0.0      0.0
  MONTH TO DATE    0.0                       0.0    0.0      0.0
  SINCE SEP 1      0.0                       0.0    0.0      0.0
  SINCE JUL 1      0.0                       0.0    0.0      0.0
  SNOW DEPTH       0

DEGREE DAYS
 HEATING
  YESTERDAY        1                         2     -1        0
  MONTH TO DATE   21                        17      4        5
  SINCE SEP 1     21                        17      4        5
  SINCE JUL 1     21                        18      3        5

 COOLING
  YESTERDAY        0                         4     -4        1
  MONTH TO DATE  171                       167      4      206
  SINCE SEP 1    171                       167      4      206
  SINCE JAN 1   1642                      1480    162     1380
..................................................................


WIND (MPH)
  HIGHEST WIND SPEED     7   HIGHEST WIND DIRECTION     E (90)
  HIGHEST GUST SPEED    11   HIGHEST GUST DIRECTION     S (190)
  AVERAGE WIND SPEED     1.5


SKY COVER
  POSSIBLE SUNSHINE  MM
  AVERAGE SKY COVER 0.1


WEATHER CONDITIONS
 THE FOLLOWING WEATHER WAS RECORDED YESTERDAY.
  FOG


RELATIVE HUMIDITY (PERCENT)
 HIGHEST   100           100 AM
 LOWEST     40           200 PM
 AVERAGE    70

..........................................................


THE PADUCAH KY CLIMATE NORMALS FOR TODAY
                         NORMAL    RECORD    YEAR
 MAXIMUM TEMPERATURE (F)   79        94      1939
 MINIMUM TEMPERATURE (F)   54        38      1950


SUNRISE AND SUNSET
SEPTEMBER 25 2014.....SUNRISE   645 AM CDT   SUNSET   647 PM CDT
SEPTEMBER 26 2014.....SUNRISE   646 AM CDT   SUNSET   646 PM CDT


-  INDICATES NEGATIVE NUMBERS.
R  INDICATES RECORD WAS SET OR TIED.
MM INDICATES DATA IS MISSING.
T  INDICATES TRACE AMOUNT.

&&
...........................................................
***** AGRICULTURAL DATA *****

SOIL TEMPERATURES AT A DEPTH OF FOUR INCHES

UNDER BARE GROUND...  MAX: MM  MIN: MM
UNDER GRASS.........  MAX: 71  MIN: 70

$$
