519
CDUS43 KPAH 190649
CLIPAH

CLIMATE REPORT
NATIONAL WEATHER SERVICE PADUCAH KY
145 AM CDT SUN MAR 19 2017


...................................

...THE PADUCAH KY CLIMATE SUMMARY FOR MARCH 18 2017...

CLIMATE NORMAL PERIOD 1981 TO 2010
CLIMATE RECORD PERIOD 1937 TO 2017


WEATHER ITEM   OBSERVED TIME   RECORD YEAR NORMAL DEPARTURE LAST
                VALUE   (LST)  VALUE       VALUE  FROM      YEAR
                                                  NORMAL
..................................................................
TEMPERATURE (F)
 YESTERDAY
  MAXIMUM         62    410 PM  83    1982  60      2       67
  MINIMUM         39   1159 PM  19    1967  38      1       36
                                      1960
  AVERAGE         51                        49      2       52

PRECIPITATION (IN)
  YESTERDAY        0.00          3.21 2008   0.12  -0.12      T
  MONTH TO DATE    2.80                      2.17   0.63     5.35
  SINCE MAR 1      2.80                      2.17   0.63     5.35
  SINCE JAN 1      7.63                      9.76  -2.13    10.81

SNOWFALL (IN)
  YESTERDAY        0.0           1.8  1988   0.0    0.0      0.0
  MONTH TO DATE    1.0                       0.5    0.5      0.0
  SINCE MAR 1      1.0                       0.5    0.5      0.0
  SINCE JUL 1      1.2                       9.0   -7.8     12.1
  SNOW DEPTH       0

DEGREE DAYS
 HEATING
  YESTERDAY       14                        16     -2       13
  MONTH TO DATE  342                       339      3      202
  SINCE MAR 1    342                       339      3      202
  SINCE JUL 1   2821                      3635   -814     2864

 COOLING
  YESTERDAY        0                         0      0        0
  MONTH TO DATE    0                         0      0        1
  SINCE MAR 1      0                         0      0        1
  SINCE JAN 1      0                         0      0        1
..................................................................


WIND (MPH)
  HIGHEST WIND SPEED    18   HIGHEST WIND DIRECTION    NW (330)
  HIGHEST GUST SPEED    26   HIGHEST GUST DIRECTION    NW (310)
  AVERAGE WIND SPEED     9.8


SKY COVER
  POSSIBLE SUNSHINE  MM
  AVERAGE SKY COVER 0.2


WEATHER CONDITIONS
 THE FOLLOWING WEATHER WAS RECORDED YESTERDAY.
  FOG
  FOG W/VISIBILITY <= 1/4 MILE


RELATIVE HUMIDITY (PERCENT)
 HIGHEST    96          1200 AM
 LOWEST     27           200 PM
 AVERAGE    62

..........................................................


THE PADUCAH KY CLIMATE NORMALS FOR TODAY
                         NORMAL    RECORD    YEAR
 MAXIMUM TEMPERATURE (F)   60        81      2012
                                             1995
 MINIMUM TEMPERATURE (F)   39        17      1965


SUNRISE AND SUNSET
MARCH 19 2017.........SUNRISE   700 AM CDT   SUNSET   706 PM CDT
MARCH 20 2017.........SUNRISE   658 AM CDT   SUNSET   707 PM CDT


-  INDICATES NEGATIVE NUMBERS.
R  INDICATES RECORD WAS SET OR TIED.
MM INDICATES DATA IS MISSING.
T  INDICATES TRACE AMOUNT.

&&
..........................................................

***** AGRICULTURAL DATA *****

SOIL TEMPERATURES AT A DEPTH OF FOUR INCHES

UNDER GRASS...  MAX: 46    MIN: 45


$$
